--------- beginning of crash
10-20 19:28:52.880 30781 30881 F libc : Invalid address 0xc1c83c00 passed to free: value not allocated --------- beginning of main
10-20 19:28:58.144 31683 31683 E amp_mobile.gam: Not starting debugger since process cannot load the jdwp agent.
10-20 19:28:58.164 31683 31683 D TimaKeyStoreProvider: TimaKeyStore is not enabled: cannot add TimaSignature Service and generateKeyPair Service
10-20 19:28:58.243 31683 31683 I amp_mobile.gam: The ClassLoaderContext is a special shared library.
10-20 19:28:58.275 31683 31683 W amp_mobile.gam: resources.arsc in APK '/data/app/ro.samp_mobile.game-FEaHp68o_2az68v61egMrw==/base.apk' is compressed.
10-20 19:28:58.345 31683 31683 W ActivityThread: handleWindowVisibility: no activity for token android.os.BinderProxy@a795f95
10-20 19:28:58.350 31683 31699 D vndksupport: Loading /vendor/lib/egl/libGLES_mali.so from current namespace instead of sphal namespace.
10-20 19:28:58.391 31683 31699 D libEGL : loaded /vendor/lib/egl/libGLES_mali.so
10-20 19:28:58.439 31683 31683 I DecorView: createDecorCaptionView >> DecorView@8df305a[], isFloating: false, isApplication: true, hasWindowDecorCaption: false, hasWindowControllerCallback: true
10-20 19:28:58.693 31683 31683 D OpenGLRenderer: Skia GL Pipeline
10-20 19:28:58.705 31683 31683 D EmergencyMode: [EmergencyManager] android createPackageContext successful
10-20 19:28:58.722 31683 31683 D InputTransport: Input channel constructed: fd=57
10-20 19:28:58.722 31683 31683 D ViewRootImpl@25d274[MainActivity]: setView = DecorView@8df305a[MainActivity] TM=true MM=false
10-20 19:28:58.749 31683 31683 D InputTransport: Input channel constructed: fd=58
10-20 19:28:58.749 31683 31683 D ViewRootImpl@d25c99[Toast]: setView = android.widget.LinearLayout{91e3b5e V.E...... ......I. 0,0-0,0} TM=true MM=false
10-20 19:28:58.749 31683 31683 V Toast : Text: TA-M in android.widget.Toast$TN@aa1b3f
10-20 19:28:58.752 31683 31683 D ViewRootImpl@25d274[MainActivity]: dispatchAttachedToWindow
10-20 19:28:58.759 31683 31683 W StaticLayout: maxLineHeight should not be -1. maxLines:1 lineCount:1
10-20 19:28:58.760 31683 31683 W StaticLayout: maxLineHeight should not be -1. maxLines:1 lineCount:1
10-20 19:28:58.840 31683 31683 D NetworkSecurityConfig: Using Network Security Config from resource network_config debugBuild: false
10-20 19:28:58.841 31683 31683 I System.out: (HTTPLog)-Static: isSBSettingEnabled false
10-20 19:28:58.842 31683 31683 I System.out: (HTTPLog)-Static: isSBSettingEnabled false
10-20 19:28:58.847 31683 31683 D TcpOptimizer: TcpOptimizer-ON
10-20 19:28:58.890 31683 31683 W System.err: java.io.FileNotFoundException: https://raw.githubusercontent.com/ALYNADV/samp_mobile_client/main/client_info.json
10-20 19:28:58.890 31683 31683 W System.err: at com.android.okhttp.internal.huc.HttpURLConnectionImpl.getInputStream(HttpURLConnectionImpl.java:251)
10-20 19:28:58.890 31683 31683 W System.err: at com.android.okhttp.internal.huc.DelegatingHttpsURLConnection.getInputStream(DelegatingHttpsURLConnection.java:210)
10-20 19:28:58.890 31683 31683 W System.err: at com.android.okhttp.internal.huc.HttpsURLConnectionImpl.getInputStream(HttpsURLConnectionImpl.java:26)
10-20 19:28:58.890 31683 31683 W System.err: at java.net.URL.openStream(URL.java:1072)
10-20 19:28:58.890 31683 31683 W System.err: at z3.d$c.a(Unknown Source:9)
10-20 19:28:58.890 31683 31683 W System.err: at z3.d.b(Unknown Source:6)
10-20 19:28:58.890 31683 31683 W System.err: at y3.a.E(Unknown Source:39)
10-20 19:28:58.890 31683 31683 W System.err: at androidx.fragment.app.m.Q(Unknown Source:19)
10-20 19:28:58.891 31683 31683 W System.err: at androidx.fragment.app.f0.f(:2)
10-20 19:28:58.891 31683 31683 W System.err: at androidx.fragment.app.f0.k(:8)
10-20 19:28:58.891 31683 31683 W System.err: at androidx.fragment.app.y.E(:8)
10-20 19:28:58.891 31683 31683 W System.err: at androidx.fragment.app.y.Z(Unknown Source:84)
10-20 19:28:58.891 31683 31683 W System.err: at androidx.fragment.app.y.D(Unknown Source:30)
10-20 19:28:58.891 31683 31683 W System.err: at androidx.fragment.app.a.d(:2)
10-20 19:28:58.891 31683 31683 W System.err: at androidx.fragment.app.d0.b(Unknown Source:12)
10-20 19:28:58.891 31683 31683 W System.err: at androidx.viewpager.widget.ViewPager.q(:8)
10-20 19:28:58.891 31683 31683 W System.err: at androidx.viewpager.widget.ViewPager.onMeasure(:1)
10-20 19:28:58.891 31683 31683 W System.err: at android.view.View.measure(View.java:24967)
10-20 19:28:58.891 31683 31683 W System.err: at androidx.constraintlayout.widget.ConstraintLayout$b.b(:23)
10-20 19:28:58.891 31683 31683 W System.err: at r.e.e0(:7)
10-20 19:28:58.891 31683 31683 W System.err: at s.h.g(:2)
10-20 19:28:58.891 31683 31683 W System.err: at s.h.f(:6)
10-20 19:28:58.891 31683 31683 W System.err: at s.h.g(:15)
10-20 19:28:58.891 31683 31683 W System.err: at r.e.V(:36)
10-20 19:28:58.891 31683 31683 W System.err: at s.b.b(:8)
10-20 19:28:58.891 31683 31683 W System.err: at androidx.constraintlayout.widget.ConstraintLayout.onMeasure(:62)
10-20 19:28:58.891 31683 31683 W System.err: at android.view.View.measure(View.java:24967)
10-20 19:28:58.891 31683 31683 W System.err: at android.view.ViewGroup.measureChildWithMargins(ViewGroup.java:7134)
10-20 19:28:58.891 31683 31683 W System.err: at android.widget.FrameLayout.onMeasure(FrameLayout.java:185)
10-20 19:28:58.891 31683 31683 W System.err: at androidx.appcompat.widget.ContentFrameLayout.onMeasure(Unknown Source:154)
10-20 19:28:58.891 31683 31683 W System.err: at android.view.View.measure(View.java:24967)
10-20 19:28:58.891 31683 31683 W System.err: at android.view.ViewGroup.measureChildWithMargins(ViewGroup.java:7134)
10-20 19:28:58.891 31683 31683 W System.err: at android.widget.LinearLayout.measureChildBeforeLayout(LinearLayout.java:1535)
10-20 19:28:58.891 31683 31683 W System.err: at android.widget.LinearLayout.measureVertical(LinearLayout.java:825)
10-20 19:28:58.891 31683 31683 W System.err: at android.widget.LinearLayout.onMeasure(LinearLayout.java:704)
10-20 19:28:58.891 31683 31683 W System.err: at android.view.View.measure(View.java:24967)
10-20 19:28:58.891 31683 31683 W System.err: at android.view.ViewGroup.measureChildWithMargins(ViewGroup.java:7134)
10-20 19:28:58.891 31683 31683 W System.err: at android.widget.FrameLayout.onMeasure(FrameLayout.java:185)
10-20 19:28:58.891 31683 31683 W System.err: at android.view.View.measure(View.java:24967)
10-20 19:28:58.891 31683 31683 W System.err: at android.view.ViewGroup.measureChildWithMargins(ViewGroup.java:7134)
10-20 19:28:58.891 31683 31683 W System.err: at android.widget.LinearLayout.measureChildBeforeLayout(LinearLayout.java:1535)
10-20 19:28:58.891 31683 31683 W System.err: at android.widget.LinearLayout.measureVertical(LinearLayout.java:825)
10-20 19:28:58.891 31683 31683 W System.err: at android.widget.LinearLayout.onMeasure(LinearLayout.java:704)
10-20 19:28:58.891 31683 31683 W System.err: at android.view.View.measure(View.java:24967)
10-20 19:28:58.891 31683 31683 W System.err: at android.view.ViewGroup.measureChildWithMargins(ViewGroup.java:7134)
10-20 19:28:58.891 31683 31683 W System.err: at android.widget.FrameLayout.onMeasure(FrameLayout.java:185)
10-20 19:28:58.891 31683 31683 W System.err: at com.android.internal.policy.DecorView.onMeasure(DecorView.java:992)
10-20 19:28:58.892 31683 31683 W System.err: at android.view.View.measure(View.java:24967)
10-20 19:28:58.892 31683 31683 W System.err: at android.view.ViewRootImpl.performMeasure(ViewRootImpl.java:3278)
10-20 19:28:58.892 31683 31683 W System.err: at android.view.ViewRootImpl.measureHierarchy(ViewRootImpl.java:2005)
10-20 19:28:58.892 31683 31683 W System.err: at android.view.ViewRootImpl.performTraversals(ViewRootImpl.java:2307)
10-20 19:28:58.892 31683 31683 W System.err: at android.view.ViewRootImpl.doTraversal(ViewRootImpl.java:1865)
10-20 19:28:58.892 31683 31683 W System.err: at android.view.ViewRootImpl$TraversalRunnable.run(ViewRootImpl.java:8488)
10-20 19:28:58.892 31683 31683 W System.err: at android.view.Choreographer$CallbackRecord.run(Choreographer.java:949)
10-20 19:28:58.892 31683 31683 W System.err: at android.view.Choreographer.doCallbacks(Choreographer.java:761)
10-20 19:28:58.892 31683 31683 W System.err: at android.view.Choreographer.doFrame(Choreographer.java:696)
10-20 19:28:58.892 31683 31683 W System.err: at android.view.Choreographer$FrameDisplayEventReceiver.run(Choreographer.java:935)
10-20 19:28:58.892 31683 31683 W System.err: at android.os.Handler.handleCallback(Handler.java:873)
10-20 19:28:58.892 31683 31683 W System.err: at android.os.Handler.dispatchMessage(Handler.java:99)
10-20 19:28:58.892 31683 31683 W System.err: at android.os.Looper.loop(Looper.java:214)
10-20 19:28:58.892 31683 31683 W System.err: at android.app.ActivityThread.main(ActivityThread.java:7045)
10-20 19:28:58.892 31683 31683 W System.err: at java.lang.reflect.Method.invoke(Native Method)
10-20 19:28:58.892 31683 31683 W System.err: at com.android.internal.os.RuntimeInit$MethodAndArgsCaller.run(RuntimeInit.java:493)
10-20 19:28:58.892 31683 31683 W System.err: at com.android.internal.os.ZygoteInit.main(ZygoteInit.java:964)
10-20 19:28:58.892 31683 31683 I System.out: needGameUpdate -
10-20 19:28:58.892 31683 31683 I System.out: (HTTPLog)-Static: isSBSettingEnabled false
10-20 19:28:58.893 31683 31683 I System.out: (HTTPLog)-Static: isSBSettingEnabled false
10-20 19:28:58.917 31683 31683 W System.err: java.io.FileNotFoundException: https://raw.githubusercontent.com/ALYNADV/samp_mobile_client/main/full_data_list.json
10-20 19:28:58.918 31683 31683 W System.err: at com.android.okhttp.internal.huc.HttpURLConnectionImpl.getInputStream(HttpURLConnectionImpl.java:251)
10-20 19:28:58.918 31683 31683 W System.err: at com.android.okhttp.internal.huc.DelegatingHttpsURLConnection.getInputStream(DelegatingHttpsURLConnection.java:210)
10-20 19:28:58.918 31683 31683 W System.err: at com.android.okhttp.internal.huc.HttpsURLConnectionImpl.getInputStream(HttpsURLConnectionImpl.java:26)
10-20 19:28:58.918 31683 31683 W System.err: at java.net.URL.openStream(URL.java:1072)
10-20 19:28:58.918 31683 31683 W System.err: at z3.d$b.a(Unknown Source:7)
10-20 19:28:58.918 31683 31683 W System.err: at z3.d.a(Unknown Source:6)
10-20 19:28:58.918 31683 31683 W System.err: at y3.a.E(Unknown Source:57)
10-20 19:28:58.918 31683 31683 W System.err: at androidx.fragment.app.m.Q(Unknown Source:19)
10-20 19:28:58.918 31683 31683 W System.err: at androidx.fragment.app.f0.f(:2)
10-20 19:28:58.918 31683 31683 W System.err: at androidx.fragment.app.f0.k(:8)
10-20 19:28:58.918 31683 31683 W System.err: at androidx.fragment.app.y.E(:8)
10-20 19:28:58.918 31683 31683 W System.err: at androidx.fragment.app.y.Z(Unknown Source:84)
10-20 19:28:58.918 31683 31683 W System.err: at androidx.fragment.app.y.D(Unknown Source:30)
10-20 19:28:58.918 31683 31683 W System.err: at androidx.fragment.app.a.d(:2)
10-20 19:28:58.918 31683 31683 W System.err: at androidx.fragment.app.d0.b(Unknown Source:12)
10-20 19:28:58.918 31683 31683 W System.err: at androidx.viewpager.widget.ViewPager.q(:8)
10-20 19:28:58.918 31683 31683 W System.err: at androidx.viewpager.widget.ViewPager.onMeasure(:1)
10-20 19:28:58.918 31683 31683 W System.err: at android.view.View.measure(View.java:24967)
10-20 19:28:58.918 31683 31683 W System.err: at androidx.constraintlayout.widget.ConstraintLayout$b.b(:23)
10-20 19:28:58.918 31683 31683 W System.err: at r.e.e0(:7)
10-20 19:28:58.918 31683 31683 W System.err: at s.h.g(:2)
10-20 19:28:58.918 31683 31683 W System.err: at s.h.f(:6)
10-20 19:28:58.918 31683 31683 W System.err: at s.h.g(:15)
10-20 19:28:58.918 31683 31683 W System.err: at r.e.V(:36)
10-20 19:28:58.918 31683 31683 W System.err: at s.b.b(:8)
10-20 19:28:58.918 31683 31683 W System.err: at androidx.constraintlayout.widget.ConstraintLayout.onMeasure(:62)
10-20 19:28:58.918 31683 31683 W System.err: at android.view.View.measure(View.java:24967)
10-20 19:28:58.918 31683 31683 W System.err: at android.view.ViewGroup.measureChildWithMargins(ViewGroup.java:7134)
10-20 19:28:58.918 31683 31683 W System.err: at android.widget.FrameLayout.onMeasure(FrameLayout.java:185)
10-20 19:28:58.918 31683 31683 W System.err: at androidx.appcompat.widget.ContentFrameLayout.onMeasure(Unknown Source:154)
10-20 19:28:58.919 31683 31683 W System.err: at android.view.View.measure(View.java:24967)
10-20 19:28:58.919 31683 31683 W System.err: at android.view.ViewGroup.measureChildWithMargins(ViewGroup.java:7134)
10-20 19:28:58.919 31683 31683 W System.err: at android.widget.LinearLayout.measureChildBeforeLayout(LinearLayout.java:1535)
10-20 19:28:58.919 31683 31683 W System.err: at android.widget.LinearLayout.measureVertical(LinearLayout.java:825)
10-20 19:28:58.919 31683 31683 W System.err: at android.widget.LinearLayout.onMeasure(LinearLayout.java:704)
10-20 19:28:58.919 31683 31683 W System.err: at android.view.View.measure(View.java:24967)
10-20 19:28:58.919 31683 31683 W System.err: at android.view.ViewGroup.measureChildWithMargins(ViewGroup.java:7134)
10-20 19:28:58.919 31683 31683 W System.err: at android.widget.FrameLayout.onMeasure(FrameLayout.java:185)
10-20 19:28:58.919 31683 31683 W System.err: at android.view.View.measure(View.java:24967)
10-20 19:28:58.919 31683 31683 W System.err: at android.view.ViewGroup.measureChildWithMargins(ViewGroup.java:7134)
10-20 19:28:58.919 31683 31683 W System.err: at android.widget.LinearLayout.measureChildBeforeLayout(LinearLayout.java:1535)
10-20 19:28:58.919 31683 31683 W System.err: at android.widget.LinearLayout.measureVertical(LinearLayout.java:825)
10-20 19:28:58.919 31683 31683 W System.err: at android.widget.LinearLayout.onMeasure(LinearLayout.java:704)
10-20 19:28:58.919 31683 31683 W System.err: at android.view.View.measure(View.java:24967)
10-20 19:28:58.919 31683 31683 W System.err: at android.view.ViewGroup.measureChildWithMargins(ViewGroup.java:7134)
10-20 19:28:58.919 31683 31683 W System.err: at android.widget.FrameLayout.onMeasure(FrameLayout.java:185)
10-20 19:28:58.919 31683 31683 W System.err: at com.android.internal.policy.DecorView.onMeasure(DecorView.java:992)
10-20 19:28:58.919 31683 31683 W System.err: at android.view.View.measure(View.java:24967)
10-20 19:28:58.919 31683 31683 W System.err: at android.view.ViewRootImpl.performMeasure(ViewRootImpl.java:3278)
10-20 19:28:58.919 31683 31683 W System.err: at android.view.ViewRootImpl.measureHierarchy(ViewRootImpl.java:2005)
10-20 19:28:58.919 31683 31683 W System.err: at android.view.ViewRootImpl.performTraversals(ViewRootImpl.java:2307)
10-20 19:28:58.919 31683 31683 W System.err: at android.view.ViewRootImpl.doTraversal(ViewRootImpl.java:1865)
10-20 19:28:58.919 31683 31683 W System.err: at android.view.ViewRootImpl$TraversalRunnable.run(ViewRootImpl.java:8488)
10-20 19:28:58.919 31683 31683 W System.err: at android.view.Choreographer$CallbackRecord.run(Choreographer.java:949)
10-20 19:28:58.919 31683 31683 W System.err: at android.view.Choreographer.doCallbacks(Choreographer.java:761)
10-20 19:28:58.919 31683 31683 W System.err: at android.view.Choreographer.doFrame(Choreographer.java:696)
10-20 19:28:58.919 31683 31683 W System.err: at android.view.Choreographer$FrameDisplayEventReceiver.run(Choreographer.java:935)
10-20 19:28:58.919 31683 31683 W System.err: at android.os.Handler.handleCallback(Handler.java:873)
10-20 19:28:58.919 31683 31683 W System.err: at android.os.Handler.dispatchMessage(Handler.java:99)
10-20 19:28:58.919 31683 31683 W System.err: at android.os.Looper.loop(Looper.java:214)
10-20 19:28:58.919 31683 31683 W System.err: at android.app.ActivityThread.main(ActivityThread.java:7045)
10-20 19:28:58.919 31683 31683 W System.err: at java.lang.reflect.Method.invoke(Native Method)
10-20 19:28:58.919 31683 31683 W System.err: at com.android.internal.os.RuntimeInit$MethodAndArgsCaller.run(RuntimeInit.java:493)
10-20 19:28:58.919 31683 31683 W System.err: at com.android.internal.os.ZygoteInit.main(ZygoteInit.java:964)
10-20 19:28:58.919 31683 31683 I System.out: needData -
10-20 19:28:58.941 31683 31712 I server : ip.sttserver.net:7777
10-20 19:28:58.941 31683 31712 I server : fivem.brasilplaylife.com.br:7777
10-20 19:28:58.982 31683 31683 I System.out: saveSettings
10-20 19:28:59.049 31683 31683 W StaticLayout: maxLineHeight should not be -1. maxLines:1 lineCount:1
10-20 19:28:59.131 31683 31683 I chatty : uid=10554(ro.samp_mobile.game) identical 4 lines
10-20 19:28:59.131 31683 31683 W StaticLayout: maxLineHeight should not be -1. maxLines:1 lineCount:1
10-20 19:28:59.172 31683 31683 D ViewRootImpl@25d274[MainActivity]: Relayout returned: old=[0,0][720,1480] new=[0,0][720,1480] result=0x7 surface={valid=true 3347345408} changed=true
10-20 19:28:59.177 31683 31683 W StaticLayout: maxLineHeight should not be -1. maxLines:1 lineCount:1
10-20 19:28:59.177 31683 31683 W StaticLayout: maxLineHeight should not be -1. maxLines:1 lineCount:1
10-20 19:28:59.179 31683 31706 I ConfigStore: android::hardware::configstore::V1_0::ISurfaceFlingerConfigs::hasWideColorDisplay retrieved: 0
10-20 19:28:59.179 31683 31706 I ConfigStore: android::hardware::configstore::V1_0::ISurfaceFlingerConfigs::hasHDRDisplay retrieved: 0
10-20 19:28:59.179 31683 31706 I OpenGLRenderer: Initialized EGL, version 1.4
10-20 19:28:59.179 31683 31706 D OpenGLRenderer: Swap behavior 2
10-20 19:28:59.192 31683 31706 D mali_winsys: EGLint new_window_surface(egl_winsys_display *, void *, EGLSurface, EGLConfig, egl_winsys_surface **, EGLBoolean) returns 0x3000
10-20 19:28:59.192 31683 31706 D OpenGLRenderer: eglCreateWindowSurface = 0xe4105540, 0xc7847008
10-20 19:28:59.204 31683 31683 W StaticLayout: maxLineHeight should not be -1. maxLines:1 lineCount:1
10-20 19:28:59.204 31683 31683 W StaticLayout: maxLineHeight should not be -1. maxLines:1 lineCount:1
10-20 19:28:59.248 31683 31683 I System.out: (HTTPLog)-Static: isSBSettingEnabled false
10-20 19:28:59.248 31683 31683 I System.out: (HTTPLog)-Static: isSBSettingEnabled false
10-20 19:28:59.851 31683 31683 W StaticLayout: maxLineHeight should not be -1. maxLines:1 lineCount:1
10-20 19:28:59.858 31683 31683 I chatty : uid=10554(ro.samp_mobile.game) identical 8 lines
10-20 19:28:59.858 31683 31683 W StaticLayout: maxLineHeight should not be -1. maxLines:1 lineCount:1
10-20 19:28:59.886 31683 31683 I System.out: (HTTPLog)-Static: isSBSettingEnabled false
10-20 19:28:59.886 31683 31683 I System.out: (HTTPLog)-Static: isSBSettingEnabled false
10-20 19:29:00.120 31683 31683 W System.err: java.io.FileNotFoundException: https://api.open.mp/servers/189.127.164.23:7777
10-20 19:29:00.120 31683 31683 W System.err: at com.android.okhttp.internal.huc.HttpURLConnectionImpl.getInputStream(HttpURLConnectionImpl.java:251)
10-20 19:29:00.120 31683 31683 W System.err: at com.android.okhttp.internal.huc.DelegatingHttpsURLConnection.getInputStream(DelegatingHttpsURLConnection.java:210)
10-20 19:29:00.120 31683 31683 W System.err: at com.android.okhttp.internal.huc.HttpsURLConnectionImpl.getInputStream(HttpsURLConnectionImpl.java:26)
10-20 19:29:00.120 31683 31683 W System.err: at java.net.URL.openStream(URL.java:1072)
10-20 19:29:00.120 31683 31683 W System.err: at z3.b$a.a(Unknown Source:131)
10-20 19:29:00.120 31683 31683 W System.err: at z3.b.c(:1)
10-20 19:29:00.120 31683 31683 W System.err: at androidx.recyclerview.widget.RecyclerView$s.k(:86)
10-20 19:29:00.120 31683 31683 W System.err: at androidx.recyclerview.widget.LinearLayoutManager$c.c(:3)
10-20 19:29:00.120 31683 31683 W System.err: at androidx.recyclerview.widget.LinearLayoutManager.d1(Unknown Source:0)
10-20 19:29:00.120 31683 31683 W System.err: at androidx.recyclerview.widget.LinearLayoutManager.Q0(:2)
10-20 19:29:00.120 31683 31683 W System.err: at androidx.recyclerview.widget.LinearLayoutManager.j0(:17)
10-20 19:29:00.120 31683 31683 W System.err: at androidx.recyclerview.widget.RecyclerView.s(:2)
10-20 19:29:00.120 31683 31683 W System.err: at androidx.recyclerview.widget.RecyclerView.q(:7)
10-20 19:29:00.120 31683 31683 W System.err: at androidx.recyclerview.widget.RecyclerView.onLayout(:2)
10-20 19:29:00.120 31683 31683 W System.err: at android.view.View.layout(View.java:22420)
10-20 19:29:00.120 31683 31683 W System.err: at android.view.ViewGroup.layout(ViewGroup.java:6579)
10-20 19:29:00.120 31683 31683 W System.err: at android.widget.RelativeLayout.onLayout(RelativeLayout.java:1083)
10-20 19:29:00.120 31683 31683 W System.err: at android.view.View.layout(View.java:22420)
10-20 19:29:00.120 31683 31683 W System.err: at android.view.ViewGroup.layout(ViewGroup.java:6579)
10-20 19:29:00.120 31683 31683 W System.err: at androidx.viewpager.widget.ViewPager.onLayout(Unknown Source:258)
10-20 19:29:00.120 31683 31683 W System.err: at android.view.View.layout(View.java:22420)
10-20 19:29:00.120 31683 31683 W System.err: at android.view.ViewGroup.layout(ViewGroup.java:6579)
10-20 19:29:00.121 31683 31683 W System.err: at androidx.constraintlayout.widget.ConstraintLayout.onLayout(Unknown Source:66)
10-20 19:29:00.121 31683 31683 W System.err: at android.view.View.layout(View.java:22420)
10-20 19:29:00.121 31683 31683 W System.err: at android.view.ViewGroup.layout(ViewGroup.java:6579)
10-20 19:29:00.121 31683 31683 W System.err: at android.widget.FrameLayout.layoutChildren(FrameLayout.java:323)
10-20 19:29:00.121 31683 31683 W System.err: at android.widget.FrameLayout.onLayout(FrameLayout.java:261)
10-20 19:29:00.121 31683 31683 W System.err: at android.view.View.layout(View.java:22420)
10-20 19:29:00.121 31683 31683 W System.err: at android.view.ViewGroup.layout(ViewGroup.java:6579)
10-20 19:29:00.121 31683 31683 W System.err: at android.widget.LinearLayout.setChildFrame(LinearLayout.java:1812)
10-20 19:29:00.121 31683 31683 W System.err: at android.widget.LinearLayout.layoutVertical(LinearLayout.java:1656)
10-20 19:29:00.121 31683 31683 W System.err: at android.widget.LinearLayout.onLayout(LinearLayout.java:1565)
10-20 19:29:00.121 31683 31683 W System.err: at android.view.View.layout(View.java:22420)
10-20 19:29:00.121 31683 31683 W System.err: at android.view.ViewGroup.layout(ViewGroup.java:6579)
10-20 19:29:00.121 31683 31683 W System.err: at android.widget.FrameLayout.layoutChildren(FrameLayout.java:323)
10-20 19:29:00.121 31683 31683 W System.err: at android.widget.FrameLayout.onLayout(FrameLayout.java:261)
10-20 19:29:00.121 31683 31683 W System.err: at android.view.View.layout(View.java:22420)
10-20 19:29:00.121 31683 31683 W System.err: at android.view.ViewGroup.layout(ViewGroup.java:6579)
10-20 19:29:00.121 31683 31683 W System.err: at android.widget.LinearLayout.setChildFrame(LinearLayout.java:1812)
10-20 19:29:00.121 31683 31683 W System.err: at android.widget.LinearLayout.layoutVertical(LinearLayout.java:1656)
10-20 19:29:00.121 31683 31683 W System.err: at android.widget.LinearLayout.onLayout(LinearLayout.java:1565)
10-20 19:29:00.121 31683 31683 W System.err: at android.view.View.layout(View.java:22420)
10-20 19:29:00.121 31683 31683 W System.err: at android.view.ViewGroup.layout(ViewGroup.java:6579)
10-20 19:29:00.121 31683 31683 W System.err: at android.widget.FrameLayout.layoutChildren(FrameLayout.java:323)
10-20 19:29:00.121 31683 31683 W System.err: at android.widget.FrameLayout.onLayout(FrameLayout.java:261)
10-20 19:29:00.121 31683 31683 W System.err: at com.android.internal.policy.DecorView.onLayout(DecorView.java:1041)
10-20 19:29:00.121 31683 31683 W System.err: at android.view.View.layout(View.java:22420)
10-20 19:29:00.121 31683 31683 W System.err: at android.view.ViewGroup.layout(ViewGroup.java:6579)
10-20 19:29:00.121 31683 31683 W System.err: at android.view.ViewRootImpl.performLayout(ViewRootImpl.java:3355)
10-20 19:29:00.121 31683 31683 W System.err: at android.view.ViewRootImpl.performTraversals(ViewRootImpl.java:2819)
10-20 19:29:00.121 31683 31683 W System.err: at android.view.ViewRootImpl.doTraversal(ViewRootImpl.java:1865)
10-20 19:29:00.121 31683 31683 W System.err: at android.view.ViewRootImpl$TraversalRunnable.run(ViewRootImpl.java:8488)
10-20 19:29:00.121 31683 31683 W System.err: at android.view.Choreographer$CallbackRecord.run(Choreographer.java:949)
10-20 19:29:00.121 31683 31683 W System.err: at android.view.Choreographer.doCallbacks(Choreographer.java:761)
10-20 19:29:00.121 31683 31683 W System.err: at android.view.Choreographer.doFrame(Choreographer.java:696)
10-20 19:29:00.121 31683 31683 W System.err: at android.view.Choreographer$FrameDisplayEventReceiver.run(Choreographer.java:935)
10-20 19:29:00.121 31683 31683 W System.err: at android.os.Handler.handleCallback(Handler.java:873)
10-20 19:29:00.121 31683 31683 W System.err: at android.os.Handler.dispatchMessage(Handler.java:99)
10-20 19:29:00.121 31683 31683 W System.err: at android.os.Looper.loop(Looper.java:214)
10-20 19:29:00.122 31683 31683 W System.err: at android.app.ActivityThread.main(ActivityThread.java:7045)
10-20 19:29:00.122 31683 31683 W System.err: at java.lang.reflect.Method.invoke(Native Method)
10-20 19:29:00.122 31683 31683 W System.err: at com.android.internal.os.RuntimeInit$MethodAndArgsCaller.run(RuntimeInit.java:493)
10-20 19:29:00.122 31683 31683 W System.err: at com.android.internal.os.ZygoteInit.main(ZygoteInit.java:964)
10-20 19:29:00.125 31683 31683 W StaticLayout: maxLineHeight should not be -1. maxLines:1 lineCount:1
10-20 19:29:00.126 31683 31683 I chatty : uid=10554(ro.samp_mobile.game) identical 4 lines
10-20 19:29:00.127 31683 31683 W StaticLayout: maxLineHeight should not be -1. maxLines:1 lineCount:1
10-20 19:29:00.150 31683 31683 D ViewRootImpl@d25c99[Toast]: dispatchAttachedToWindow
10-20 19:29:00.158 31683 31683 D ViewRootImpl@d25c99[Toast]: Relayout returned: old=[0,42][720,1396] new=[217,1207][503,1284] result=0x7 surface={valid=true 3823343616} changed=true
10-20 19:29:00.160 31683 31706 D mali_winsys: EGLint new_window_surface(egl_winsys_display *, void *, EGLSurface, EGLConfig, egl_winsys_surface **, EGLBoolean) returns 0x3000
10-20 19:29:00.160 31683 31706 D OpenGLRenderer: eglCreateWindowSurface = 0xe4105960, 0xe3e39808
10-20 19:29:00.162 31683 31683 D ViewRootImpl@25d274[MainActivity]: setWindowStopped(false) old=false
10-20 19:29:00.164 31683 31683 I Choreographer: Skipped 74 frames! The application may be doing too much work on its main thread.
10-20 19:29:00.188 31683 31706 D vndksupport: Loading /vendor/lib/hw/android.hardware.graphics.mapper@2.0-impl.so from current namespace instead of sphal namespace.
10-20 19:29:00.219 31683 31691 W System : A resource failed to call end.
10-20 19:29:00.237 31683 31706 I OpenGLRenderer: Davey! duration=1307ms; Flags=0, IntendedVsync=16330024363250, Vsync=16331257696534, OldestInputEvent=9223372036854775807, NewestInputEvent=0, HandleInputStart=16331258241088, AnimationStart=16331258355780, PerformTraversalsStart=16331258523626, DrawStart=16331258878434, SyncQueued=16331278435395, SyncStart=16331278696972, IssueDrawCommandsStart=16331279084472, SwapBuffers=16331330532088, FrameCompleted=16331331654549, DequeueBufferDuration=2301000, QueueBufferDuration=319000,
10-20 19:29:00.246 31683 31706 I OpenGLRenderer: Davey! duration=1315ms; Flags=0, IntendedVsync=16330024363250, Vsync=16331257696534, OldestInputEvent=9223372036854775807, NewestInputEvent=0, HandleInputStart=16331258241088, AnimationStart=16331258355780, PerformTraversalsStart=16331258523626, DrawStart=16331332161780, SyncQueued=16331332742126, SyncStart=16331332814934, IssueDrawCommandsStart=16331332845703, SwapBuffers=16331339108241, FrameCompleted=16331340175626, DequeueBufferDuration=633000, QueueBufferDuration=292000,
10-20 19:29:00.253 31683 31683 D ViewRootImpl@25d274[MainActivity]: MSG_WINDOW_FOCUS_CHANGED 1 1
10-20 19:29:00.264 31683 31683 D InputMethodManager: prepareNavigationBarInfo() DecorView@8df305a[MainActivity]
10-20 19:29:00.264 31683 31683 D InputMethodManager: getNavigationBarColor() -855310
10-20 19:29:00.267 31683 31683 D InputMethodManager: prepareNavigationBarInfo() DecorView@8df305a[MainActivity]
10-20 19:29:00.267 31683 31683 D InputMethodManager: getNavigationBarColor() -855310
10-20 19:29:00.268 31683 31683 V InputMethodManager: Starting input: tba=ro.samp_mobile.game ic=null mNaviBarColor -855310 mIsGetNaviBarColorSuccess true , NavVisible : true , NavTrans : false
10-20 19:29:00.268 31683 31683 D InputMethodManager: startInputInner - Id : 0
10-20 19:29:00.268 31683 31683 I InputMethodManager: startInputInner - mService.startInputOrWindowGainedFocus
10-20 19:29:00.270 31683 31683 D ViewRootImpl@25d274[MainActivity]: MSG_RESIZED_REPORT: frame=Rect(0, 0 - 720, 1480) ci=Rect(0, 0 - 0, 84) vi=Rect(0, 0 - 0, 84) or=1
10-20 19:29:00.272 31683 31696 D InputTransport: Input channel constructed: fd=83
10-20 19:29:00.274 31683 31683 I System.out: (HTTPLog)-Static: isSBSettingEnabled false
10-20 19:29:00.275 31683 31683 I System.out: (HTTPLog)-Static: isSBSettingEnabled false
10-20 19:29:00.892 31683 31683 I System.out: (HTTPLog)-Static: isSBSettingEnabled false
10-20 19:29:00.892 31683 31683 I System.out: (HTTPLog)-Static: isSBSettingEnabled false
10-20 19:29:01.132 31683 31683 W System.err: java.io.FileNotFoundException: https://api.open.mp/servers/189.127.164.23:7777
10-20 19:29:01.133 31683 31683 W System.err: at com.android.okhttp.internal.huc.HttpURLConnectionImpl.getInputStream(HttpURLConnectionImpl.java:251)
10-20 19:29:01.133 31683 31683 W System.err: at com.android.okhttp.internal.huc.DelegatingHttpsURLConnection.getInputStream(DelegatingHttpsURLConnection.java:210)
10-20 19:29:01.133 31683 31683 W System.err: at com.android.okhttp.internal.huc.HttpsURLConnectionImpl.getInputStream(HttpsURLConnectionImpl.java:26)
10-20 19:29:01.133 31683 31683 W System.err: at java.net.URL.openStream(URL.java:1072)
10-20 19:29:01.133 31683 31683 W System.err: at z3.b$a.a(Unknown Source:131)
10-20 19:29:01.133 31683 31683 W System.err: at z3.b.c(:1)
10-20 19:29:01.133 31683 31683 W System.err: at androidx.recyclerview.widget.RecyclerView$s.k(:86)
10-20 19:29:01.133 31683 31683 W System.err: at androidx.recyclerview.widget.LinearLayoutManager$c.c(:3)
10-20 19:29:01.133 31683 31683 W System.err: at androidx.recyclerview.widget.LinearLayoutManager.d1(Unknown Source:0)
10-20 19:29:01.134 31683 31683 W System.err: at androidx.recyclerview.widget.LinearLayoutManager.Q0(:2)
10-20 19:29:01.134 31683 31683 W System.err: at androidx.recyclerview.widget.LinearLayoutManager.j0(:17)
10-20 19:29:01.134 31683 31683 W System.err: at androidx.recyclerview.widget.RecyclerView.s(:2)
10-20 19:29:01.134 31683 31683 W System.err: at androidx.recyclerview.widget.RecyclerView.q(:7)
10-20 19:29:01.134 31683 31683 W System.err: at androidx.recyclerview.widget.RecyclerView.onLayout(:2)
10-20 19:29:01.134 31683 31683 W System.err: at android.view.View.layout(View.java:22420)
10-20 19:29:01.134 31683 31683 W System.err: at android.view.ViewGroup.layout(ViewGroup.java:6579)
10-20 19:29:01.134 31683 31683 W System.err: at android.widget.RelativeLayout.onLayout(RelativeLayout.java:1083)
10-20 19:29:01.134 31683 31683 W System.err: at android.view.View.layout(View.java:22420)
10-20 19:29:01.134 31683 31683 W System.err: at android.view.ViewGroup.layout(ViewGroup.java:6579)
10-20 19:29:01.134 31683 31683 W System.err: at androidx.viewpager.widget.ViewPager.onLayout(Unknown Source:258)
10-20 19:29:01.134 31683 31683 W System.err: at android.view.View.layout(View.java:22420)
10-20 19:29:01.134 31683 31683 W System.err: at android.view.ViewGroup.layout(ViewGroup.java:6579)
10-20 19:29:01.134 31683 31683 W System.err: at androidx.constraintlayout.widget.ConstraintLayout.onLayout(Unknown Source:66)
10-20 19:29:01.134 31683 31683 W System.err: at android.view.View.layout(View.java:22420)
10-20 19:29:01.134 31683 31683 W System.err: at android.view.ViewGroup.layout(ViewGroup.java:6579)
10-20 19:29:01.134 31683 31683 W System.err: at android.widget.FrameLayout.layoutChildren(FrameLayout.java:323)
10-20 19:29:01.134 31683 31683 W System.err: at android.widget.FrameLayout.onLayout(FrameLayout.java:261)
10-20 19:29:01.135 31683 31683 W System.err: at android.view.View.layout(View.java:22420)
10-20 19:29:01.135 31683 31683 W System.err: at android.view.ViewGroup.layout(ViewGroup.java:6579)
10-20 19:29:01.135 31683 31683 W System.err: at android.widget.LinearLayout.setChildFrame(LinearLayout.java:1812)
10-20 19:29:01.135 31683 31683 W System.err: at android.widget.LinearLayout.layoutVertical(LinearLayout.java:1656)
10-20 19:29:01.135 31683 31683 W System.err: at android.widget.LinearLayout.onLayout(LinearLayout.java:1565)
10-20 19:29:01.135 31683 31683 W System.err: at android.view.View.layout(View.java:22420)
10-20 19:29:01.135 31683 31683 W System.err: at android.view.ViewGroup.layout(ViewGroup.java:6579)
10-20 19:29:01.135 31683 31683 W System.err: at android.widget.FrameLayout.layoutChildren(FrameLayout.java:323)
10-20 19:29:01.135 31683 31683 W System.err: at android.widget.FrameLayout.onLayout(FrameLayout.java:261)
10-20 19:29:01.135 31683 31683 W System.err: at android.view.View.layout(View.java:22420)
10-20 19:29:01.135 31683 31683 W System.err: at android.view.ViewGroup.layout(ViewGroup.java:6579)
10-20 19:29:01.135 31683 31683 W System.err: at android.widget.LinearLayout.setChildFrame(LinearLayout.java:1812)
10-20 19:29:01.135 31683 31683 W System.err: at android.widget.LinearLayout.layoutVertical(LinearLayout.java:1656)
10-20 19:29:01.135 31683 31683 W System.err: at android.widget.LinearLayout.onLayout(LinearLayout.java:1565)
10-20 19:29:01.135 31683 31683 W System.err: at android.view.View.layout(View.java:22420)
10-20 19:29:01.135 31683 31683 W System.err: at android.view.ViewGroup.layout(ViewGroup.java:6579)
10-20 19:29:01.135 31683 31683 W System.err: at android.widget.FrameLayout.layoutChildren(FrameLayout.java:323)
10-20 19:29:01.135 31683 31683 W System.err: at android.widget.FrameLayout.onLayout(FrameLayout.java:261)
10-20 19:29:01.135 31683 31683 W System.err: at com.android.internal.policy.DecorView.onLayout(DecorView.java:1041)
10-20 19:29:01.136 31683 31683 W System.err: at android.view.View.layout(View.java:22420)
10-20 19:29:01.136 31683 31683 W System.err: at android.view.ViewGroup.layout(ViewGroup.java:6579)
10-20 19:29:01.136 31683 31683 W System.err: at android.view.ViewRootImpl.performLayout(ViewRootImpl.java:3355)
10-20 19:29:01.136 31683 31683 W System.err: at android.view.ViewRootImpl.performTraversals(ViewRootImpl.java:2819)
10-20 19:29:01.136 31683 31683 W System.err: at android.view.ViewRootImpl.doTraversal(ViewRootImpl.java:1865)
10-20 19:29:01.136 31683 31683 W System.err: at android.view.ViewRootImpl$TraversalRunnable.run(ViewRootImpl.java:8488)
10-20 19:29:01.136 31683 31683 W System.err: at android.view.Choreographer$CallbackRecord.run(Choreographer.java:949)
10-20 19:29:01.136 31683 31683 W System.err: at android.view.Choreographer.doCallbacks(Choreographer.java:761)
10-20 19:29:01.136 31683 31683 W System.err: at android.view.Choreographer.doFrame(Choreographer.java:696)
10-20 19:29:01.136 31683 31683 W System.err: at android.view.Choreographer$FrameDisplayEventReceiver.run(Choreographer.java:935)
10-20 19:29:01.136 31683 31683 W System.err: at android.os.Handler.handleCallback(Handler.java:873)
10-20 19:29:01.136 31683 31683 W System.err: at android.os.Handler.dispatchMessage(Handler.java:99)
10-20 19:29:01.136 31683 31683 W System.err: at android.os.Looper.loop(Looper.java:214)
10-20 19:29:01.136 31683 31683 W System.err: at android.app.ActivityThread.main(ActivityThread.java:7045)
10-20 19:29:01.136 31683 31683 W System.err: at java.lang.reflect.Method.invoke(Native Method)
10-20 19:29:01.136 31683 31683 W System.err: at com.android.internal.os.RuntimeInit$MethodAndArgsCaller.run(RuntimeInit.java:493)
10-20 19:29:01.136 31683 31683 W System.err: at com.android.internal.os.ZygoteInit.main(ZygoteInit.java:964)
10-20 19:29:01.162 31683 31706 I OpenGLRenderer: Davey! duration=980ms; Flags=0, IntendedVsync=16331274540777, Vsync=16331357874107, OldestInputEvent=9223372036854775807, NewestInputEvent=0, HandleInputStart=16331364853549, AnimationStart=16331364889011, PerformTraversalsStart=16331365116434, DrawStart=16332241913125, SyncQueued=16332245111356, SyncStart=16332245709856, IssueDrawCommandsStart=16332246113164, SwapBuffers=16332253720202, FrameCompleted=16332255720972, DequeueBufferDuration=3903000, QueueBufferDuration=457000,
10-20 19:29:01.164 31683 31683 D ViewRootImpl@25d274[MainActivity]: ViewPostIme pointer 0
10-20 19:29:01.169 31683 31683 D ViewRootImpl@25d274[MainActivity]: ViewPostIme pointer 1
10-20 19:29:01.205 31683 31683 D ViewRootImpl@d25c99[Toast]: MSG_RESIZED_REPORT: frame=Rect(217, 1207 - 503, 1284) ci=Rect(0, 0 - 0, 0) vi=Rect(0, 0 - 0, 0) or=1
10-20 19:29:01.205 31683 31683 D InputMethodManager: prepareNavigationBarInfo() DecorView@8df305a[MainActivity]
10-20 19:29:01.205 31683 31683 D InputMethodManager: getNavigationBarColor() -855310
10-20 19:29:01.205 31683 31683 V InputMethodManager: Starting input: tba=ro.samp_mobile.game ic=null mNaviBarColor -855310 mIsGetNaviBarColorSuccess true , NavVisible : true , NavTrans : false
10-20 19:29:01.205 31683 31683 D InputMethodManager: startInputInner - Id : 0
10-20 19:29:01.210 31683 31706 W libEGL : EGLNativeWindowType 0xe3e39808 disconnect failed
10-20 19:29:01.210 31683 31706 D OpenGLRenderer: eglDestroySurface = 0xe4105960, 0xe3e39800
10-20 19:29:01.210 31683 31683 D ViewRootImpl@d25c99[Toast]: dispatchDetachedFromWindow
10-20 19:29:01.212 31683 31683 D ViewRootImpl@d25c99[Toast]: Surface release. android.view.ViewRootImpl.doDie:7956 android.view.ViewRootImpl.die:7924 android.view.WindowManagerGlobal.removeViewLocked:497 android.view.WindowManagerGlobal.removeView:435 android.view.WindowManagerImpl.removeViewImmediate:124 android.widget.Toast$TN.handleHide:1158 android.widget.Toast$TN$1.handleMessage:946 android.os.Handler.dispatchMessage:106
10-20 19:29:01.219 31683 31683 D InputTransport: Input channel destroyed: fd=58
10-20 19:29:01.221 31683 31683 W StaticLayout: maxLineHeight should not be -1. maxLines:1 lineCount:1
10-20 19:29:01.224 31683 31683 I chatty : uid=10554(ro.samp_mobile.game) identical 2 lines
10-20 19:29:01.224 31683 31683 W StaticLayout: maxLineHeight should not be -1. maxLines:1 lineCount:1
10-20 19:29:01.247 31683 31683 D InputMethodManager: prepareNavigationBarInfo() DecorView@8df305a[MainActivity]
10-20 19:29:01.247 31683 31683 D InputMethodManager: getNavigationBarColor() -855310
10-20 19:29:01.247 31683 31683 V InputMethodManager: Starting input: tba=ro.samp_mobile.game ic=null mNaviBarColor -855310 mIsGetNaviBarColorSuccess true , NavVisible : true , NavTrans : false
10-20 19:29:01.248 31683 31683 D InputMethodManager: startInputInner - Id : 0
10-20 19:29:01.248 31683 31683 I InputMethodManager: startInputInner - mService.startInputOrWindowGainedFocus
10-20 19:29:01.249 31683 31683 D InputTransport: Input channel constructed: fd=58
10-20 19:29:01.249 31683 31683 D InputTransport: Input channel destroyed: fd=83
10-20 19:29:01.804 31683 31683 D ViewRootImpl@25d274[MainActivity]: ViewPostIme pointer 0
10-20 19:29:01.874 31683 31683 D ViewRootImpl@25d274[MainActivity]: ViewPostIme pointer 1
10-20 19:29:02.697 31683 31683 D ViewRootImpl@25d274[MainActivity]: ViewPostIme pointer 0
10-20 19:29:02.753 31683 31683 D ViewRootImpl@25d274[MainActivity]: ViewPostIme pointer 1
10-20 19:29:02.794 31683 31683 D InputMethodManager: prepareNavigationBarInfo() DecorView@8df305a[MainActivity]
10-20 19:29:02.795 31683 31683 D InputMethodManager: getNavigationBarColor() -855310
10-20 19:29:02.795 31683 31683 V InputMethodManager: Starting input: tba=ro.samp_mobile.game ic=r0.c@51bb402 mNaviBarColor -855310 mIsGetNaviBarColorSuccess true , NavVisible : true , NavTrans : false
10-20 19:29:02.795 31683 31683 D InputMethodManager: startInputInner - Id : 0
10-20 19:29:02.801 31683 31683 I InputMethodManager: startInputInner - mService.startInputOrWindowGainedFocus
10-20 19:29:02.804 31683 31683 D InputTransport: Input channel constructed: fd=67
10-20 19:29:02.804 31683 31683 D InputTransport: Input channel destroyed: fd=58
10-20 19:29:02.805 31683 31683 D InputMethodManager: SSI - flag : 0 Pid : 31683 view : ro.samp_mobile.game
10-20 19:29:02.805 31683 31683 D InputMethodManager: prepareNavigationBarInfo() DecorView@8df305a[MainActivity]
10-20 19:29:02.805 31683 31683 D InputMethodManager: getNavigationBarColor() -855310
10-20 19:29:02.826 31683 31683 I AssistStructure: Flattened final assist data: 15320 bytes, containing 1 windows, 61 views
10-20 19:29:02.917 31683 31683 D ViewRootImpl@25d274[MainActivity]: MSG_RESIZED: frame=Rect(0, 0 - 720, 1480) ci=Rect(0, 0 - 0, 84) vi=Rect(0, 0 - 0, 585) or=1
10-20 19:29:02.932 31683 31683 W StaticLayout: maxLineHeight should not be -1. maxLines:1 lineCount:1
10-20 19:29:02.936 31683 31683 I chatty : uid=10554(ro.samp_mobile.game) identical 2 lines
10-20 19:29:02.936 31683 31683 W StaticLayout: maxLineHeight should not be -1. maxLines:1 lineCount:1
10-20 19:29:02.943 31683 31683 W StaticLayout: maxLineHeight should not be -1. maxLines:1 lineCount:1
10-20 19:29:02.946 31683 31683 I chatty : uid=10554(ro.samp_mobile.game) identical 6 lines
10-20 19:29:02.946 31683 31683 W StaticLayout: maxLineHeight should not be -1. maxLines:1 lineCount:1
10-20 19:29:02.947 31683 31683 W StaticLayout: maxLineHeight should not be -1. maxLines:1 lineCount:1
10-20 19:29:02.953 31683 31683 I chatty : uid=10554(ro.samp_mobile.game) identical 6 lines
10-20 19:29:02.953 31683 31683 W StaticLayout: maxLineHeight should not be -1. maxLines:1 lineCount:1
10-20 19:29:02.984 31683 31683 D ViewRootImpl@25d274[MainActivity]: MSG_RESIZED: frame=Rect(0, 0 - 720, 1480) ci=Rect(0, 0 - 0, 84) vi=Rect(0, 0 - 0, 669) or=1
10-20 19:29:02.998 31683 31683 W StaticLayout: maxLineHeight should not be -1. maxLines:1 lineCount:1
10-20 19:29:02.998 31683 31683 W StaticLayout: maxLineHeight should not be -1. maxLines:1 lineCount:1
10-20 19:29:03.002 31683 31683 W StaticLayout: maxLineHeight should not be -1. maxLines:1 lineCount:1
10-20 19:29:03.002 31683 31683 W StaticLayout: maxLineHeight should not be -1. maxLines:1 lineCount:1
10-20 19:29:03.008 31683 31683 W StaticLayout: maxLineHeight should not be -1. maxLines:1 lineCount:1
10-20 19:29:03.012 31683 31683 I chatty : uid=10554(ro.samp_mobile.game) identical 8 lines
10-20 19:29:03.012 31683 31683 W StaticLayout: maxLineHeight should not be -1. maxLines:1 lineCount:1
10-20 19:29:03.015 31683 31683 W StaticLayout: maxLineHeight should not be -1. maxLines:1 lineCount:1
10-20 19:29:03.017 31683 31683 I chatty : uid=10554(ro.samp_mobile.game) identical 4 lines
10-20 19:29:03.017 31683 31683 W StaticLayout: maxLineHeight should not be -1. maxLines:1 lineCount:1
10-20 19:29:08.008 31683 31683 D ViewRootImpl@25d274[MainActivity]: ViewPostIme pointer 0
10-20 19:29:08.066 31683 31683 D ViewRootImpl@25d274[MainActivity]: ViewPostIme pointer 1
10-20 19:29:08.088 31683 31683 D InputMethodManager: prepareNavigationBarInfo() DecorView@8df305a[MainActivity]
10-20 19:29:08.088 31683 31683 D InputMethodManager: getNavigationBarColor() -855310
10-20 19:29:08.088 31683 31683 V InputMethodManager: Starting input: tba=ro.samp_mobile.game ic=r0.c@cb2d17b mNaviBarColor -855310 mIsGetNaviBarColorSuccess true , NavVisible : true , NavTrans : false
10-20 19:29:08.088 31683 31683 D InputMethodManager: startInputInner - Id : 0
10-20 19:29:08.095 31683 31683 I InputMethodManager: startInputInner - mService.startInputOrWindowGainedFocus
10-20 19:29:08.099 31683 31683 D InputTransport: Input channel constructed: fd=66
10-20 19:29:08.099 31683 31683 D InputTransport: Input channel destroyed: fd=67
10-20 19:29:08.099 31683 31683 D InputMethodManager: SSI - flag : 0 Pid : 31683 view : ro.samp_mobile.game
10-20 19:29:08.099 31683 31683 D InputMethodManager: prepareNavigationBarInfo() DecorView@8df305a[MainActivity]
10-20 19:29:08.099 31683 31683 D InputMethodManager: getNavigationBarColor() -855310
10-20 19:29:08.108 31683 31683 I AssistStructure: Flattened final assist data: 15408 bytes, containing 1 windows, 61 views
10-20 19:29:10.169 31683 31683 D InputMethodManager: HSIFW - flag : 0 Pid : 31683
10-20 19:29:10.219 31683 31683 D ViewRootImpl@25d274[MainActivity]: MSG_RESIZED: frame=Rect(0, 0 - 720, 1480) ci=Rect(0, 0 - 0, 84) vi=Rect(0, 0 - 0, 84) or=1
10-20 19:29:10.232 31683 31683 W StaticLayout: maxLineHeight should not be -1. maxLines:1 lineCount:1
10-20 19:29:10.259 31683 31683 I chatty : uid=10554(ro.samp_mobile.game) identical 18 lines
10-20 19:29:10.260 31683 31683 W StaticLayout: maxLineHeight should not be -1. maxLines:1 lineCount:1
10-20 19:29:22.146 31683 31683 D ViewRootImpl@25d274[MainActivity]: ViewPostIme pointer 0
10-20 19:29:22.213 31683 31683 D ViewRootImpl@25d274[MainActivity]: ViewPostIme pointer 1
10-20 19:29:22.227 31683 31683 I System.out: (HTTPLog)-Static: isSBSettingEnabled false
10-20 19:29:22.227 31683 31683 I System.out: (HTTPLog)-Static: isSBSettingEnabled false
10-20 19:29:22.874 31683 31683 I System.out: (HTTPLog)-Static: isSBSettingEnabled false
10-20 19:29:22.874 31683 31683 I System.out: (HTTPLog)-Static: isSBSettingEnabled false
10-20 19:29:23.121 31683 31683 W System.err: java.io.FileNotFoundException: https://api.open.mp/servers/189.127.164.23:7777
10-20 19:29:23.123 31683 31683 W System.err: at com.android.okhttp.internal.huc.HttpURLConnectionImpl.getInputStream(HttpURLConnectionImpl.java:251)
10-20 19:29:23.123 31683 31683 W System.err: at com.android.okhttp.internal.huc.DelegatingHttpsURLConnection.getInputStream(DelegatingHttpsURLConnection.java:210)
10-20 19:29:23.123 31683 31683 W System.err: at com.android.okhttp.internal.huc.HttpsURLConnectionImpl.getInputStream(HttpsURLConnectionImpl.java:26)
10-20 19:29:23.124 31683 31683 W System.err: at java.net.URL.openStream(URL.java:1072)
10-20 19:29:23.124 31683 31683 W System.err: at z3.b$a.a(Unknown Source:131)
10-20 19:29:23.124 31683 31683 W System.err: at z3.b.c(:1)
10-20 19:29:23.124 31683 31683 W System.err: at androidx.recyclerview.widget.RecyclerView$s.k(:86)
10-20 19:29:23.124 31683 31683 W System.err: at androidx.recyclerview.widget.LinearLayoutManager$c.c(:3)
10-20 19:29:23.124 31683 31683 W System.err: at androidx.recyclerview.widget.LinearLayoutManager.d1(Unknown Source:0)
10-20 19:29:23.124 31683 31683 W System.err: at androidx.recyclerview.widget.LinearLayoutManager.Q0(:2)
10-20 19:29:23.124 31683 31683 W System.err: at androidx.recyclerview.widget.LinearLayoutManager.j0(:17)
10-20 19:29:23.125 31683 31683 W System.err: at androidx.recyclerview.widget.RecyclerView.s(:2)
10-20 19:29:23.125 31683 31683 W System.err: at androidx.recyclerview.widget.RecyclerView.q(:7)
10-20 19:29:23.125 31683 31683 W System.err: at androidx.recyclerview.widget.RecyclerView.onLayout(:2)
10-20 19:29:23.125 31683 31683 W System.err: at android.view.View.layout(View.java:22420)
10-20 19:29:23.125 31683 31683 W System.err: at android.view.ViewGroup.layout(ViewGroup.java:6579)
10-20 19:29:23.126 31683 31683 W System.err: at android.widget.RelativeLayout.onLayout(RelativeLayout.java:1083)
10-20 19:29:23.126 31683 31683 W System.err: at android.view.View.layout(View.java:22420)
10-20 19:29:23.126 31683 31683 W System.err: at android.view.ViewGroup.layout(ViewGroup.java:6579)
10-20 19:29:23.126 31683 31683 W System.err: at androidx.viewpager.widget.ViewPager.onLayout(Unknown Source:258)
10-20 19:29:23.127 31683 31683 W System.err: at android.view.View.layout(View.java:22420)
10-20 19:29:23.127 31683 31683 W System.err: at android.view.ViewGroup.layout(ViewGroup.java:6579)
10-20 19:29:23.127 31683 31683 W System.err: at androidx.constraintlayout.widget.ConstraintLayout.onLayout(Unknown Source:66)
10-20 19:29:23.127 31683 31683 W System.err: at android.view.View.layout(View.java:22420)
10-20 19:29:23.127 31683 31683 W System.err: at android.view.ViewGroup.layout(ViewGroup.java:6579)
10-20 19:29:23.128 31683 31683 W System.err: at android.widget.FrameLayout.layoutChildren(FrameLayout.java:323)
10-20 19:29:23.128 31683 31683 W System.err: at android.widget.FrameLayout.onLayout(FrameLayout.java:261)
10-20 19:29:23.128 31683 31683 W System.err: at android.view.View.layout(View.java:22420)
10-20 19:29:23.128 31683 31683 W System.err: at android.view.ViewGroup.layout(ViewGroup.java:6579)
10-20 19:29:23.128 31683 31683 W System.err: at android.widget.LinearLayout.setChildFrame(LinearLayout.java:1812)
10-20 19:29:23.128 31683 31683 W System.err: at android.widget.LinearLayout.layoutVertical(LinearLayout.java:1656)
10-20 19:29:23.129 31683 31683 W System.err: at android.widget.LinearLayout.onLayout(LinearLayout.java:1565)
10-20 19:29:23.129 31683 31683 W System.err: at android.view.View.layout(View.java:22420)
10-20 19:29:23.129 31683 31683 W System.err: at android.view.ViewGroup.layout(ViewGroup.java:6579)
10-20 19:29:23.129 31683 31683 W System.err: at android.widget.FrameLayout.layoutChildren(FrameLayout.java:323)
10-20 19:29:23.129 31683 31683 W System.err: at android.widget.FrameLayout.onLayout(FrameLayout.java:261)
10-20 19:29:23.130 31683 31683 W System.err: at android.view.View.layout(View.java:22420)
10-20 19:29:23.130 31683 31683 W System.err: at android.view.ViewGroup.layout(ViewGroup.java:6579)
10-20 19:29:23.130 31683 31683 W System.err: at android.widget.LinearLayout.setChildFrame(LinearLayout.java:1812)
10-20 19:29:23.130 31683 31683 W System.err: at android.widget.LinearLayout.layoutVertical(LinearLayout.java:1656)
10-20 19:29:23.130 31683 31683 W System.err: at android.widget.LinearLayout.onLayout(LinearLayout.java:1565)
10-20 19:29:23.131 31683 31683 W System.err: at android.view.View.layout(View.java:22420)
10-20 19:29:23.131 31683 31683 W System.err: at android.view.ViewGroup.layout(ViewGroup.java:6579)
10-20 19:29:23.131 31683 31683 W System.err: at android.widget.FrameLayout.layoutChildren(FrameLayout.java:323)
