10-20 19:29:52.990 31683 32130 I Alyn_SAMPAPK: PlayerID 277
10-20 19:29:52.990 31683 32130 I Alyn_SAMPAPK: dwMarkerColor -1
10-20 19:29:52.990 31683 32130 I Alyn_SAMPAPK: byteIsNPC 0
10-20 19:29:52.990 31683 32130 I Alyn_SAMPAPK: szPlayerName Xeque
10-20 19:29:52.990 31683 32130 I Alyn_SAMPAPK: RPC: Server join
10-20 19:29:52.990 31683 32130 I Alyn_SAMPAPK: PlayerID 278
10-20 19:29:52.990 31683 32130 I Alyn_SAMPAPK: dwMarkerColor -1
10-20 19:29:52.990 31683 32130 I Alyn_SAMPAPK: byteIsNPC 0
10-20 19:29:52.990 31683 32130 I Alyn_SAMPAPK: szPlayerName Antonellavasconcelos
10-20 19:29:52.991 31683 32130 I Alyn_SAMPAPK: RPC: Server join
10-20 19:29:52.991 31683 32130 I Alyn_SAMPAPK: PlayerID 279
10-20 19:29:52.991 31683 32130 I Alyn_SAMPAPK: dwMarkerColor -1
10-20 19:29:52.991 31683 32130 I Alyn_SAMPAPK: byteIsNPC 0
10-20 19:29:52.991 31683 32130 I Alyn_SAMPAPK: szPlayerName Gustavo_oopp
10-20 19:29:52.991 31683 32130 I Alyn_SAMPAPK: RPC: Server join
10-20 19:29:52.991 31683 32130 I Alyn_SAMPAPK: PlayerID 281
10-20 19:29:52.991 31683 32130 I Alyn_SAMPAPK: dwMarkerColor -1
10-20 19:29:52.991 31683 32130 I Alyn_SAMPAPK: byteIsNPC 0
10-20 19:29:52.991 31683 32130 I Alyn_SAMPAPK: szPlayerName Paulao_uai
10-20 19:29:52.991 31683 32130 I Alyn_SAMPAPK: RPC: Server join
10-20 19:29:52.991 31683 32130 I Alyn_SAMPAPK: PlayerID 282
10-20 19:29:52.991 31683 32130 I Alyn_SAMPAPK: dwMarkerColor 8438015
10-20 19:29:52.991 31683 32130 I Alyn_SAMPAPK: byteIsNPC 0
10-20 19:29:52.991 31683 32130 I Alyn_SAMPAPK: szPlayerName LoraK_
10-20 19:29:52.991 31683 32130 I Alyn_SAMPAPK: RPC: Server join
10-20 19:29:52.991 31683 32130 I Alyn_SAMPAPK: PlayerID 283
10-20 19:29:52.991 31683 32130 I Alyn_SAMPAPK: dwMarkerColor -1
10-20 19:29:52.991 31683 32130 I Alyn_SAMPAPK: byteIsNPC 0
10-20 19:29:52.992 31683 32130 I Alyn_SAMPAPK: szPlayerName Laksuel.rs
10-20 19:29:52.992 31683 32130 I Alyn_SAMPAPK: RPC: Server join
10-20 19:29:52.992 31683 32130 I Alyn_SAMPAPK: PlayerID 285
10-20 19:29:52.992 31683 32130 I Alyn_SAMPAPK: dwMarkerColor -1
10-20 19:29:52.992 31683 32130 I Alyn_SAMPAPK: byteIsNPC 0
10-20 19:29:52.992 31683 32130 I Alyn_SAMPAPK: szPlayerName Francis_Lodge
10-20 19:29:52.992 31683 32130 I Alyn_SAMPAPK: RPC: Server join
10-20 19:29:52.992 31683 32130 I Alyn_SAMPAPK: PlayerID 287
10-20 19:29:52.992 31683 32130 I Alyn_SAMPAPK: dwMarkerColor -1
10-20 19:29:52.992 31683 32130 I Alyn_SAMPAPK: byteIsNPC 0
10-20 19:29:52.992 31683 32130 I Alyn_SAMPAPK: szPlayerName lc_delas33
10-20 19:29:52.992 31683 32130 I Alyn_SAMPAPK: RPC: Server join
10-20 19:29:52.992 31683 32130 I Alyn_SAMPAPK: PlayerID 291
10-20 19:29:52.992 31683 32130 I Alyn_SAMPAPK: dwMarkerColor -1
10-20 19:29:52.992 31683 32130 I Alyn_SAMPAPK: byteIsNPC 0
10-20 19:29:52.992 31683 32130 I Alyn_SAMPAPK: szPlayerName PEDREIRO.COM
10-20 19:29:52.993 31683 32130 I Alyn_SAMPAPK: RPC: Server join
10-20 19:29:52.993 31683 32130 I Alyn_SAMPAPK: PlayerID 293
10-20 19:29:52.993 31683 32130 I Alyn_SAMPAPK: dwMarkerColor -1
10-20 19:29:52.993 31683 32130 I Alyn_SAMPAPK: byteIsNPC 0
10-20 19:29:52.993 31683 32130 I Alyn_SAMPAPK: szPlayerName Kaiky_157
10-20 19:29:52.993 31683 32130 I Alyn_SAMPAPK: RPC: Server join
10-20 19:29:52.993 31683 32130 I Alyn_SAMPAPK: PlayerID 294
10-20 19:29:52.993 31683 32130 I Alyn_SAMPAPK: dwMarkerColor -1
10-20 19:29:52.993 31683 32130 I Alyn_SAMPAPK: byteIsNPC 0
10-20 19:29:52.993 31683 32130 I Alyn_SAMPAPK: szPlayerName FgT$
10-20 19:29:52.993 31683 32130 I Alyn_SAMPAPK: RPC: Server join
10-20 19:29:52.993 31683 32130 I Alyn_SAMPAPK: PlayerID 295
10-20 19:29:52.993 31683 32130 I Alyn_SAMPAPK: dwMarkerColor -1
10-20 19:29:52.993 31683 32130 I Alyn_SAMPAPK: byteIsNPC 0
10-20 19:29:52.993 31683 32130 I Alyn_SAMPAPK: szPlayerName Galego_Theens
10-20 19:29:53.007 31683 32130 I Alyn_SAMPAPK: RPC: Server join
10-20 19:29:53.007 31683 32130 I Alyn_SAMPAPK: PlayerID 296
10-20 19:29:53.007 31683 32130 I Alyn_SAMPAPK: dwMarkerColor -1
10-20 19:29:53.007 31683 32130 I Alyn_SAMPAPK: byteIsNPC 0
10-20 19:29:53.007 31683 32130 I Alyn_SAMPAPK: szPlayerName JOSE_MASTER
10-20 19:29:53.007 31683 32130 I Alyn_SAMPAPK: RPC: Server join
10-20 19:29:53.007 31683 32130 I Alyn_SAMPAPK: PlayerID 297
10-20 19:29:53.007 31683 32130 I Alyn_SAMPAPK: dwMarkerColor -1
10-20 19:29:53.007 31683 32130 I Alyn_SAMPAPK: byteIsNPC 0
10-20 19:29:53.007 31683 32130 I Alyn_SAMPAPK: szPlayerName rogerinho_fg
10-20 19:29:53.007 31683 32130 I Alyn_SAMPAPK: RPC: Server join
10-20 19:29:53.007 31683 32130 I Alyn_SAMPAPK: PlayerID 299
10-20 19:29:53.007 31683 32130 I Alyn_SAMPAPK: dwMarkerColor 16777215
10-20 19:29:53.007 31683 32130 I Alyn_SAMPAPK: byteIsNPC 0
10-20 19:29:53.007 31683 32130 I Alyn_SAMPAPK: szPlayerName BART_JS
10-20 19:29:53.008 31683 32130 I Alyn_SAMPAPK: RPC: Server join
10-20 19:29:53.008 31683 32130 I Alyn_SAMPAPK: PlayerID 302
10-20 19:29:53.008 31683 32130 I Alyn_SAMPAPK: dwMarkerColor -1
10-20 19:29:53.008 31683 32130 I Alyn_SAMPAPK: byteIsNPC 0
10-20 19:29:53.008 31683 32130 I Alyn_SAMPAPK: szPlayerName uREI_O_LOKO
10-20 19:29:53.008 31683 32130 I Alyn_SAMPAPK: RPC: Server join
10-20 19:29:53.008 31683 32130 I Alyn_SAMPAPK: PlayerID 305
10-20 19:29:53.008 31683 32130 I Alyn_SAMPAPK: dwMarkerColor -1
10-20 19:29:53.008 31683 32130 I Alyn_SAMPAPK: byteIsNPC 0
10-20 19:29:53.008 31683 32130 I Alyn_SAMPAPK: szPlayerName txmk
10-20 19:29:53.008 31683 32130 I Alyn_SAMPAPK: RPC: Server join
10-20 19:29:53.008 31683 32130 I Alyn_SAMPAPK: PlayerID 306
10-20 19:29:53.008 31683 32130 I Alyn_SAMPAPK: dwMarkerColor -16776961
10-20 19:29:53.008 31683 32130 I Alyn_SAMPAPK: byteIsNPC 0
10-20 19:29:53.008 31683 32130 I Alyn_SAMPAPK: szPlayerName Jhonata_M_A
10-20 19:29:53.009 31683 32130 I Alyn_SAMPAPK: RPC: Server join
10-20 19:29:53.009 31683 32130 I Alyn_SAMPAPK: PlayerID 307
10-20 19:29:53.009 31683 32130 I Alyn_SAMPAPK: dwMarkerColor 8388863
10-20 19:29:53.009 31683 32130 I Alyn_SAMPAPK: byteIsNPC 0
10-20 19:29:53.009 31683 32130 I Alyn_SAMPAPK: szPlayerName GT_DELAS
10-20 19:29:53.009 31683 32130 I Alyn_SAMPAPK: RPC: Server join
10-20 19:29:53.009 31683 32130 I Alyn_SAMPAPK: PlayerID 308
10-20 19:29:53.009 31683 32130 I Alyn_SAMPAPK: dwMarkerColor -1
10-20 19:29:53.009 31683 32130 I Alyn_SAMPAPK: byteIsNPC 0
10-20 19:29:53.009 31683 32130 I Alyn_SAMPAPK: szPlayerName MITO009
10-20 19:29:53.009 31683 32130 I Alyn_SAMPAPK: RPC: Server join
10-20 19:29:53.009 31683 32130 I Alyn_SAMPAPK: PlayerID 309
10-20 19:29:53.009 31683 32130 I Alyn_SAMPAPK: dwMarkerColor 8388863
10-20 19:29:53.009 31683 32130 I Alyn_SAMPAPK: byteIsNPC 0
10-20 19:29:53.009 31683 32130 I Alyn_SAMPAPK: szPlayerName Duque_XT
10-20 19:29:53.009 31683 32130 I Alyn_SAMPAPK: RPC: Server join
10-20 19:29:53.009 31683 32130 I Alyn_SAMPAPK: PlayerID 316
10-20 19:29:53.009 31683 32130 I Alyn_SAMPAPK: dwMarkerColor -1
10-20 19:29:53.009 31683 32130 I Alyn_SAMPAPK: byteIsNPC 0
10-20 19:29:53.009 31683 32130 I Alyn_SAMPAPK: szPlayerName dybala_
10-20 19:29:53.010 31683 32130 I Alyn_SAMPAPK: RPC: Server join
10-20 19:29:53.010 31683 32130 I Alyn_SAMPAPK: PlayerID 317
10-20 19:29:53.010 31683 32130 I Alyn_SAMPAPK: dwMarkerColor -1
10-20 19:29:53.010 31683 32130 I Alyn_SAMPAPK: byteIsNPC 0
10-20 19:29:53.010 31683 32130 I Alyn_SAMPAPK: szPlayerName Lziin
10-20 19:29:53.031 31683 32130 I Alyn_SAMPAPK: RPC: Server quit
10-20 19:29:53.031 31683 32130 I Alyn_SAMPAPK: playerId 131
10-20 19:29:53.031 31683 32130 I Alyn_SAMPAPK: byteReason 0
10-20 19:29:53.031 31683 32130 I Alyn_SAMPAPK: RPC: Server quit
10-20 19:29:53.031 31683 32130 I Alyn_SAMPAPK: playerId 216
10-20 19:29:53.031 31683 32130 I Alyn_SAMPAPK: byteReason 0
10-20 19:29:53.031 31683 32130 I Alyn_SAMPAPK: RPC: Server quit
10-20 19:29:53.031 31683 32130 I Alyn_SAMPAPK: playerId 149
10-20 19:29:53.031 31683 32130 I Alyn_SAMPAPK: byteReason 0
10-20 19:29:53.031 31683 32130 I Alyn_SAMPAPK: RPC: Server join
10-20 19:29:53.031 31683 32130 I Alyn_SAMPAPK: PlayerID 9
10-20 19:29:53.031 31683 32130 I Alyn_SAMPAPK: dwMarkerColor 0
10-20 19:29:53.031 31683 32130 I Alyn_SAMPAPK: byteIsNPC 0
10-20 19:29:53.031 31683 32130 I Alyn_SAMPAPK: szPlayerName indio_009
10-20 19:29:53.032 31683 32130 I Alyn_SAMPAPK: RPC: Server quit
10-20 19:29:53.032 31683 32130 I Alyn_SAMPAPK: playerId 57
10-20 19:29:53.032 31683 32130 I Alyn_SAMPAPK: byteReason 0
10-20 19:29:53.056 31683 32130 I Alyn_SAMPAPK: RPC: Server join
10-20 19:29:53.056 31683 32130 I Alyn_SAMPAPK: PlayerID 22
10-20 19:29:53.056 31683 32130 I Alyn_SAMPAPK: dwMarkerColor 0
10-20 19:29:53.056 31683 32130 I Alyn_SAMPAPK: byteIsNPC 0
10-20 19:29:53.056 31683 32130 I Alyn_SAMPAPK: szPlayerName kauan_black
10-20 19:29:53.056 31683 32130 I Alyn_SAMPAPK: RPC: Server quit
10-20 19:29:53.056 31683 32130 I Alyn_SAMPAPK: playerId 72
10-20 19:29:53.056 31683 32130 I Alyn_SAMPAPK: byteReason 0
10-20 19:29:53.183 31683 32130 I Alyn_SAMPAPK: RPC: Server quit
10-20 19:29:53.184 31683 32130 I Alyn_SAMPAPK: playerId 174
10-20 19:29:53.184 31683 32130 I Alyn_SAMPAPK: byteReason 0
10-20 19:29:53.230 31683 32130 I Alyn_SAMPAPK: RPC: Pickup
10-20 19:29:53.376 31683 32130 I Alyn_SAMPAPK: RPC: Pickup
10-20 19:29:53.378 31683 32130 I chatty : uid=10554(ro.samp_mobile.game) MainThread identical 28 lines
10-20 19:29:53.378 31683 32130 I Alyn_SAMPAPK: RPC: Pickup
10-20 19:29:53.380 31683 32130 I Alyn_SAMPAPK: SELECTTEXTDRAW: 1, 0xFFFF00FF
10-20 19:29:53.380 31683 32130 I Alyn_SAMPAPK: RPC: DialogBox
10-20 19:29:53.380 31683 32130 I Alyn_SAMPAPK: wDialogID 3
10-20 19:29:53.380 31683 32130 I Alyn_SAMPAPK: byteDialogStyle 3
10-20 19:29:53.380 31683 32130 I Alyn_SAMPAPK: szTitle Brasil Mobile RolePlay
10-20 19:29:53.380 31683 32130 I Alyn_SAMPAPK: szButton1 Login
10-20 19:29:53.380 31683 32130 I Alyn_SAMPAPK: szButton2 Cancelar
10-20 19:29:53.380 31683 32130 I Alyn_SAMPAPK: szMessage {00FF00}HARUO_ROLEPLAY
10-20 19:29:53.380 31683 32130 I Alyn_SAMPAPK: {FFFFFF}Obrigado por voltar!
10-20 19:29:53.380 31683 32130 I Alyn_SAMPAPK: Digite sua senha para fazer o Login:
10-20 19:29:53.380 31683 32130 I Alyn_SAMPAPK: RPC: Server quit
10-20 19:29:53.381 31683 32130 I Alyn_SAMPAPK: playerId 22
10-20 19:29:53.381 31683 32130 I Alyn_SAMPAPK: byteReason 2
10-20 19:29:53.567 31683 32130 I Alyn_SAMPAPK: RPC: Server join
10-20 19:29:53.567 31683 32130 I Alyn_SAMPAPK: PlayerID 57
10-20 19:29:53.568 31683 32130 I Alyn_SAMPAPK: dwMarkerColor 0
10-20 19:29:53.568 31683 32130 I Alyn_SAMPAPK: byteIsNPC 0
10-20 19:29:53.568 31683 32130 I Alyn_SAMPAPK: szPlayerName wemerson
10-20 19:29:53.791 31683 32130 I Alyn_SAMPAPK: RPC: Client message
10-20 19:29:53.791 31683 32130 I Alyn_SAMPAPK: dwColor -1302785
10-20 19:29:53.791 31683 32130 I Alyn_SAMPAPK: dwStrLen 56
10-20 19:29:53.791 31683 32130 I Alyn_SAMPAPK: szMsg [INFO] O jogador Swat_Scott esta assaltando uma lojinha!
10-20 19:29:54.214 31683 32130 I Alyn_SAMPAPK: RPC: Create 3D text label
10-20 19:29:54.214 31683 32130 I Alyn_SAMPAPK: RPC: Create 3D text label
10-20 19:29:54.243 31683 32130 I Alyn_SAMPAPK: RPC: Destroy pickup
10-20 19:29:54.243 31683 32130 I Alyn_SAMPAPK: RPC: Destroy pickup
10-20 19:29:54.243 31683 32130 I Alyn_SAMPAPK: RPC: Pickup
10-20 19:29:54.243 31683 32130 I Alyn_SAMPAPK: RPC: Destroy pickup
10-20 19:29:54.244 31683 32130 I Alyn_SAMPAPK: RPC: Pickup
10-20 19:29:54.244 31683 32130 I Alyn_SAMPAPK: RPC: Destroy pickup
10-20 19:29:54.244 31683 32130 I chatty : uid=10554(ro.samp_mobile.game) MainThread identical 3 lines
10-20 19:29:54.244 31683 32130 I Alyn_SAMPAPK: RPC: Destroy pickup
10-20 19:29:54.244 31683 32130 I Alyn_SAMPAPK: RPC: Pickup
10-20 19:29:54.244 31683 32130 I Alyn_SAMPAPK: RPC: Destroy pickup
10-20 19:29:54.245 31683 32130 I chatty : uid=10554(ro.samp_mobile.game) MainThread identical 21 lines
10-20 19:29:54.245 31683 32130 I Alyn_SAMPAPK: RPC: Destroy pickup
10-20 19:29:55.215 31683 31683 D ViewRootImpl@db2589c[GTASA]: ViewPostIme pointer 0
10-20 19:29:55.290 31683 31683 D ViewRootImpl@db2589c[GTASA]: ViewPostIme pointer 1
10-20 19:29:55.311 31683 31683 D InputMethodManager: SSI - flag : 1 Pid : 31683 view : ro.samp_mobile.game
10-20 19:29:55.312 31683 31683 D InputMethodManager: prepareNavigationBarInfo() DecorView@1fcbd5f[GTASA]
10-20 19:29:55.312 31683 31683 D InputMethodManager: getNavigationBarColor() -855310
10-20 19:29:55.313 31683 31683 V InputMethodManager: Starting input: tba=ro.samp_mobile.game ic=com.android.internal.widget.EditableInputConnection@3034539 mNaviBarColor -855310 mIsGetNaviBarColorSuccess true , NavVisible : false , NavTrans : false
10-20 19:29:55.313 31683 31683 D InputMethodManager: startInputInner - Id : 0
10-20 19:29:55.320 31683 31683 I InputMethodManager: startInputInner - mService.startInputOrWindowGainedFocus
10-20 19:29:55.322 31683 31683 D InputTransport: Input channel constructed: fd=136
10-20 19:29:55.322 31683 31683 D InputTransport: Input channel destroyed: fd=103
10-20 19:29:55.322 31683 31683 D InputMethodManager: prepareNavigationBarInfo() DecorView@1fcbd5f[GTASA]
10-20 19:29:55.322 31683 31683 D InputMethodManager: getNavigationBarColor() -855310
10-20 19:29:55.330 31683 31683 D InputMethodManager: prepareNavigationBarInfo() DecorView@1fcbd5f[GTASA]
10-20 19:29:55.331 31683 31683 D InputMethodManager: getNavigationBarColor() -855310
10-20 19:29:55.331 31683 31683 V InputMethodManager: Starting input: tba=ro.samp_mobile.game ic=com.android.internal.widget.EditableInputConnection@a92077e mNaviBarColor -855310 mIsGetNaviBarColorSuccess true , NavVisible : false , NavTrans : false
10-20 19:29:55.331 31683 31683 D InputMethodManager: startInputInner - Id : 0
10-20 19:29:55.340 31683 31683 I InputMethodManager: startInputInner - mService.startInputOrWindowGainedFocus
10-20 19:29:55.343 31683 31683 D InputTransport: Input channel constructed: fd=139
10-20 19:29:55.343 31683 31683 D InputTransport: Input channel destroyed: fd=136
10-20 19:29:55.587 31683 31683 D ViewRootImpl@db2589c[GTASA]: ViewPostIme pointer 0
10-20 19:29:55.609 31683 32130 I Alyn_SAMPAPK: RPC: Server join
10-20 19:29:55.609 31683 32130 I Alyn_SAMPAPK: PlayerID 72
10-20 19:29:55.609 31683 32130 I Alyn_SAMPAPK: dwMarkerColor 0
10-20 19:29:55.609 31683 32130 I Alyn_SAMPAPK: byteIsNPC 0
10-20 19:29:55.609 31683 32130 I Alyn_SAMPAPK: szPlayerName MonstroVX30
10-20 19:29:55.630 31683 31683 W IInputConnectionWrapper: getExtractedText on inactive InputConnection
10-20 19:29:55.637 31683 31683 D ViewRootImpl@db2589c[GTASA]: ViewPostIme pointer 1
10-20 19:29:55.655 31683 31683 D InputMethodManager: SSI - flag : 1 Pid : 31683 view : ro.samp_mobile.game
10-20 19:29:55.655 31683 31683 D InputMethodManager: prepareNavigationBarInfo() DecorView@1fcbd5f[GTASA]
10-20 19:29:55.655 31683 31683 D InputMethodManager: getNavigationBarColor() -855310
10-20 19:29:55.657 31683 31683 D InputMethodManager: prepareNavigationBarInfo() DecorView@1fcbd5f[GTASA]
10-20 19:29:55.657 31683 31683 D InputMethodManager: getNavigationBarColor() -855310
10-20 19:29:55.657 31683 31683 V InputMethodManager: Starting input: tba=ro.samp_mobile.game ic=com.android.internal.widget.EditableInputConnection@649fbf5 mNaviBarColor -855310 mIsGetNaviBarColorSuccess true , NavVisible : false , NavTrans : false
10-20 19:29:55.657 31683 31683 D InputMethodManager: startInputInner - Id : 0
10-20 19:29:55.662 31683 31683 I InputMethodManager: startInputInner - mService.startInputOrWindowGainedFocus
10-20 19:29:55.664 31683 31683 D InputTransport: Input channel constructed: fd=130
10-20 19:29:55.664 31683 31683 D InputTransport: Input channel destroyed: fd=139
10-20 19:29:55.686 31683 31683 W IInputConnectionWrapper: getExtractedText on inactive InputConnection
10-20 19:29:55.725 31683 32130 I Alyn_SAMPAPK: RPC: Server quit
10-20 19:29:55.725 31683 32130 I Alyn_SAMPAPK: playerId 72
10-20 19:29:55.725 31683 32130 I Alyn_SAMPAPK: byteReason 2
10-20 19:29:55.757 31683 31683 D ViewRootImpl@b0b20cc[PopupWindow:b07a659]: MSG_RESIZED: frame=Rect(0, 0 - 0, 218) ci=Rect(0, 0 - 0, 0) vi=Rect(0, 0 - 0, 0) or=2
10-20 19:29:55.787 31683 31683 D ViewRootImpl@b0b20cc[PopupWindow:b07a659]: Relayout returned: old=[0,0][0,218] new=[0,0][0,218] result=0x21 surface={valid=true 3224481792} changed=false
10-20 19:29:55.788 31683 31706 W libEGL : EGLNativeWindowType 0xc031b008 disconnect failed
10-20 19:29:55.788 31683 31706 D OpenGLRenderer: eglDestroySurface = 0xc5be93a0, 0xc031b000
10-20 19:29:55.789 31683 31706 D mali_winsys: EGLint new_window_surface(egl_winsys_display *, void *, EGLSurface, EGLConfig, egl_winsys_surface **, EGLBoolean) returns 0x3000
10-20 19:29:55.789 31683 31706 D OpenGLRenderer: eglCreateWindowSurface = 0xc5be93a0, 0xc031b008
10-20 19:29:55.791 31683 31683 D ViewRootImpl@b0b20cc[PopupWindow:b07a659]: MSG_RESIZED: frame=Rect(0, 0 - 0, 218) ci=Rect(0, 0 - 0, 0) vi=Rect(0, 0 - 0, 0) or=2
10-20 19:29:55.867 31683 31683 D ViewRootImpl@b0b20cc[PopupWindow:b07a659]: MSG_RESIZED: frame=Rect(0, 0 - 0, 302) ci=Rect(0, 0 - 0, 0) vi=Rect(0, 0 - 0, 0) or=2
10-20 19:29:55.902 31683 31683 D ViewRootImpl@b0b20cc[PopupWindow:b07a659]: Relayout returned: old=[0,0][0,302] new=[0,0][0,302] result=0x21 surface={valid=true 3224481792} changed=false
10-20 19:29:55.904 31683 31706 W libEGL : EGLNativeWindowType 0xc031b008 disconnect failed
10-20 19:29:55.904 31683 31706 D OpenGLRenderer: eglDestroySurface = 0xc5be93a0, 0xc031b000
10-20 19:29:55.904 31683 31683 D ViewRootImpl@b0b20cc[PopupWindow:b07a659]: MSG_RESIZED: frame=Rect(0, 0 - 0, 302) ci=Rect(0, 0 - 0, 0) vi=Rect(0, 0 - 0, 0) or=2
10-20 19:29:55.906 31683 31706 D mali_winsys: EGLint new_window_surface(egl_winsys_display *, void *, EGLSurface, EGLConfig, egl_winsys_surface **, EGLBoolean) returns 0x3000
10-20 19:29:55.906 31683 31706 D OpenGLRenderer: eglCreateWindowSurface = 0xc5be93a0, 0xc031b008
10-20 19:29:56.295 31683 32130 I Alyn_SAMPAPK: RPC: Server quit
10-20 19:29:56.296 31683 32130 I Alyn_SAMPAPK: playerId 306
10-20 19:29:56.296 31683 32130 I Alyn_SAMPAPK: byteReason 0
10-20 19:29:56.698 31683 32130 I Alyn_SAMPAPK: RPC: Timer update
10-20 19:29:56.698 31683 32130 I Alyn_SAMPAPK: dwTime 4877339
10-20 19:29:56.859 31683 32130 I Alyn_SAMPAPK: RPC: Server join
10-20 19:29:56.859 31683 32130 I Alyn_SAMPAPK: PlayerID 131
10-20 19:29:56.859 31683 32130 I Alyn_SAMPAPK: dwMarkerColor 0
10-20 19:29:56.859 31683 32130 I Alyn_SAMPAPK: byteIsNPC 0
10-20 19:29:56.859 31683 32130 I Alyn_SAMPAPK: szPlayerName Pedro_Juan
10-20 19:29:57.588 31683 32130 I Alyn_SAMPAPK: RPC: Server join
10-20 19:29:57.589 31683 32130 I Alyn_SAMPAPK: PlayerID 149
10-20 19:29:57.589 31683 32130 I Alyn_SAMPAPK: dwMarkerColor 0
10-20 19:29:57.589 31683 32130 I Alyn_SAMPAPK: byteIsNPC 0
10-20 19:29:57.589 31683 32130 I Alyn_SAMPAPK: szPlayerName pietrodogaru157
10-20 19:29:57.759 31683 32130 I Alyn_SAMPAPK: RPC: Server join
10-20 19:29:57.759 31683 32130 I Alyn_SAMPAPK: PlayerID 174
10-20 19:29:57.759 31683 32130 I Alyn_SAMPAPK: dwMarkerColor 0
10-20 19:29:57.759 31683 32130 I Alyn_SAMPAPK: byteIsNPC 0
10-20 19:29:57.759 31683 32130 I Alyn_SAMPAPK: szPlayerName DINOSSAURO_FxP
10-20 19:29:57.862 31683 32130 I Alyn_SAMPAPK: RPC: Server quit
10-20 19:29:57.862 31683 32130 I Alyn_SAMPAPK: playerId 154
10-20 19:29:57.862 31683 32130 I Alyn_SAMPAPK: byteReason 0
10-20 19:29:58.024 31683 31683 D InputMethodManager: prepareNavigationBarInfo() DecorView@1fcbd5f[GTASA]
10-20 19:29:58.024 31683 31683 D InputMethodManager: getNavigationBarColor() -855310
10-20 19:29:58.024 31683 31683 V InputMethodManager: Starting input: tba=ro.samp_mobile.game ic=com.android.internal.widget.EditableInputConnection@2fb1cde mNaviBarColor -855310 mIsGetNaviBarColorSuccess true , NavVisible : false , NavTrans : false
10-20 19:29:58.024 31683 31683 D InputMethodManager: startInputInner - Id : 0
10-20 19:29:58.040 31683 31683 I InputMethodManager: startInputInner - mService.startInputOrWindowGainedFocus
10-20 19:29:58.042 31683 31683 D InputTransport: Input channel constructed: fd=140
10-20 19:29:58.042 31683 31683 D InputTransport: Input channel destroyed: fd=130
10-20 19:29:58.051 31683 31683 D InputMethodManager: HSIFW - flag : 0 Pid : 31683
10-20 19:29:58.061 31683 31683 D InputMethodManager: prepareNavigationBarInfo() DecorView@1fcbd5f[GTASA]
10-20 19:29:58.061 31683 31683 D InputMethodManager: getNavigationBarColor() -855310
10-20 19:29:58.061 31683 31683 V InputMethodManager: Starting input: tba=ro.samp_mobile.game ic=null mNaviBarColor -855310 mIsGetNaviBarColorSuccess true , NavVisible : false , NavTrans : false
10-20 19:29:58.061 31683 31683 D InputMethodManager: startInputInner - Id : 0
10-20 19:29:58.061 31683 31683 I InputMethodManager: startInputInner - mService.startInputOrWindowGainedFocus
10-20 19:29:58.063 31683 31683 D InputTransport: Input channel constructed: fd=139
10-20 19:29:58.063 31683 31683 D InputTransport: Input channel destroyed: fd=140
10-20 19:29:58.067 31683 31683 W IInputConnectionWrapper: getExtractedText on inactive InputConnection
10-20 19:29:58.153 31683 31683 W IInputConnectionWrapper: getExtractedText on inactive InputConnection
10-20 19:29:58.155 31683 31683 W IInputConnectionWrapper: getExtractedText on inactive InputConnection
10-20 19:29:58.221 31683 31683 D ViewRootImpl@b0b20cc[PopupWindow:b07a659]: MSG_RESIZED: frame=Rect(0, 0 - 0, 720) ci=Rect(0, 0 - 0, 0) vi=Rect(0, 0 - 0, 0) or=2
10-20 19:29:58.276 31683 31683 D ViewRootImpl@b0b20cc[PopupWindow:b07a659]: Relayout returned: old=[0,0][0,720] new=[0,0][0,720] result=0x21 surface={valid=true 3224481792} changed=false
10-20 19:29:58.277 31683 31706 W libEGL : EGLNativeWindowType 0xc031b008 disconnect failed
10-20 19:29:58.277 31683 31706 D OpenGLRenderer: eglDestroySurface = 0xc5be93a0, 0xc031b000
10-20 19:29:58.279 31683 31706 D mali_winsys: EGLint new_window_surface(egl_winsys_display *, void *, EGLSurface, EGLConfig, egl_winsys_surface **, EGLBoolean) returns 0x3000
10-20 19:29:58.279 31683 31706 D OpenGLRenderer: eglCreateWindowSurface = 0xc5be93a0, 0xc031b008
10-20 19:29:58.283 31683 31683 D ViewRootImpl@b0b20cc[PopupWindow:b07a659]: MSG_RESIZED: frame=Rect(0, 0 - 0, 720) ci=Rect(0, 0 - 0, 0) vi=Rect(0, 0 - 0, 0) or=2
10-20 19:29:58.793 31683 31683 D ViewRootImpl@db2589c[GTASA]: ViewPostIme pointer 0
10-20 19:29:58.867 31683 31683 D ViewRootImpl@db2589c[GTASA]: ViewPostIme pointer 1
10-20 19:29:59.047 31683 32130 I Alyn_SAMPAPK: RPC: Client message
10-20 19:29:59.047 31683 32130 I Alyn_SAMPAPK: dwColor -16776961
10-20 19:29:59.047 31683 32130 I Alyn_SAMPAPK: dwStrLen 34
10-20 19:29:59.047 31683 32130 I Alyn_SAMPAPK: szMsg |BMRP| Erro: Senha incorreta (1/3)
10-20 19:29:59.047 31683 32130 I Alyn_SAMPAPK: RPC: DialogBox
10-20 19:29:59.047 31683 32130 I Alyn_SAMPAPK: wDialogID 3
10-20 19:29:59.047 31683 32130 I Alyn_SAMPAPK: byteDialogStyle 3
10-20 19:29:59.047 31683 32130 I Alyn_SAMPAPK: szTitle Brasil Mobile RolePlay
10-20 19:29:59.047 31683 32130 I Alyn_SAMPAPK: szButton1 Logar
10-20 19:29:59.047 31683 32130 I Alyn_SAMPAPK: szButton2 Cancelar
10-20 19:29:59.047 31683 32130 I Alyn_SAMPAPK: szMessage {FF0000}HARUO_ROLEPLAY
10-20 19:29:59.047 31683 32130 I Alyn_SAMPAPK: {FFFFFF}Digite sua senha para continuar:
10-20 19:30:00.072 31683 31683 D ViewRootImpl@db2589c[GTASA]: ViewPostIme pointer 0
10-20 19:30:00.141 31683 31683 D ViewRootImpl@db2589c[GTASA]: ViewPostIme pointer 1
10-20 19:30:00.155 31683 31683 D InputMethodManager: SSI - flag : 1 Pid : 31683 view : ro.samp_mobile.game
10-20 19:30:00.155 31683 31683 D InputMethodManager: prepareNavigationBarInfo() DecorView@1fcbd5f[GTASA]
10-20 19:30:00.156 31683 31683 D InputMethodManager: getNavigationBarColor() -855310
10-20 19:30:00.156 31683 31683 V InputMethodManager: Starting input: tba=ro.samp_mobile.game ic=com.android.internal.widget.EditableInputConnection@cb4798c mNaviBarColor -855310 mIsGetNaviBarColorSuccess true , NavVisible : false , NavTrans : false
10-20 19:30:00.156 31683 31683 D InputMethodManager: startInputInner - Id : 0
10-20 19:30:00.163 31683 31683 I InputMethodManager: startInputInner - mService.startInputOrWindowGainedFocus
10-20 19:30:00.165 31683 31683 D InputTransport: Input channel constructed: fd=133
10-20 19:30:00.165 31683 31683 D InputTransport: Input channel destroyed: fd=139
10-20 19:30:00.165 31683 31683 D InputMethodManager: prepareNavigationBarInfo() DecorView@1fcbd5f[GTASA]
10-20 19:30:00.165 31683 31683 D InputMethodManager: getNavigationBarColor() -855310
10-20 19:30:00.170 31683 31683 D InputMethodManager: prepareNavigationBarInfo() DecorView@1fcbd5f[GTASA]
10-20 19:30:00.170 31683 31683 D InputMethodManager: getNavigationBarColor() -855310
10-20 19:30:00.170 31683 31683 V InputMethodManager: Starting input: tba=ro.samp_mobile.game ic=com.android.internal.widget.EditableInputConnection@42898d5 mNaviBarColor -855310 mIsGetNaviBarColorSuccess true , NavVisible : false , NavTrans : false
10-20 19:30:00.170 31683 31683 D InputMethodManager: startInputInner - Id : 0
10-20 19:30:00.181 31683 31683 I InputMethodManager: startInputInner - mService.startInputOrWindowGainedFocus
10-20 19:30:00.185 31683 31683 D InputTransport: Input channel constructed: fd=103
10-20 19:30:00.185 31683 31683 D InputTransport: Input channel destroyed: fd=133
10-20 19:30:00.195 31683 31683 W IInputConnectionWrapper: getExtractedText on inactive InputConnection
10-20 19:30:00.284 31683 31683 D ViewRootImpl@b0b20cc[PopupWindow:b07a659]: MSG_RESIZED: frame=Rect(0, 0 - 0, 302) ci=Rect(0, 0 - 0, 0) vi=Rect(0, 0 - 0, 0) or=2
10-20 19:30:00.323 31683 31683 D ViewRootImpl@b0b20cc[PopupWindow:b07a659]: Relayout returned: old=[0,0][0,302] new=[0,0][0,302] result=0x21 surface={valid=true 3224481792} changed=false
10-20 19:30:00.323 31683 31706 W libEGL : EGLNativeWindowType 0xc031b008 disconnect failed
10-20 19:30:00.324 31683 31706 D OpenGLRenderer: eglDestroySurface = 0xc5be93a0, 0xc031b000
10-20 19:30:00.327 31683 31706 D mali_winsys: EGLint new_window_surface(egl_winsys_display *, void *, EGLSurface, EGLConfig, egl_winsys_surface **, EGLBoolean) returns 0x3000
10-20 19:30:00.327 31683 31706 D OpenGLRenderer: eglCreateWindowSurface = 0xc5be93a0, 0xc031b008
10-20 19:30:00.335 31683 31683 D ViewRootImpl@b0b20cc[PopupWindow:b07a659]: MSG_RESIZED: frame=Rect(0, 0 - 0, 302) ci=Rect(0, 0 - 0, 0) vi=Rect(0, 0 - 0, 0) or=2
10-20 19:30:01.583 31683 32130 I Alyn_SAMPAPK: RPC: Server quit
10-20 19:30:01.583 31683 32130 I Alyn_SAMPAPK: playerId 271
10-20 19:30:01.583 31683 32130 I Alyn_SAMPAPK: byteReason 2
10-20 19:30:01.611 31683 32130 I Alyn_SAMPAPK: RPC: Server join
10-20 19:30:01.612 31683 32130 I Alyn_SAMPAPK: PlayerID 53
10-20 19:30:01.612 31683 32130 I Alyn_SAMPAPK: dwMarkerColor 0
10-20 19:30:01.612 31683 32130 I Alyn_SAMPAPK: byteIsNPC 0
10-20 19:30:01.612 31683 32130 I Alyn_SAMPAPK: szPlayerName rip_djdograu
10-20 19:30:02.380 31683 32130 I Alyn_SAMPAPK: RPC: Server quit
10-20 19:30:02.380 31683 32130 I Alyn_SAMPAPK: playerId 250
10-20 19:30:02.380 31683 32130 I Alyn_SAMPAPK: byteReason 0
10-20 19:30:02.527 31683 31683 D ViewRootImpl@db2589c[GTASA]: ViewPostIme key 0
10-20 19:30:02.534 31683 31683 D ViewRootImpl@db2589c[GTASA]: ViewPostIme key 1
10-20 19:30:02.714 31683 31683 D ViewRootImpl@db2589c[GTASA]: ViewPostIme key 0
10-20 19:30:02.718 31683 31683 D ViewRootImpl@db2589c[GTASA]: ViewPostIme key 1
10-20 19:30:02.856 31683 31683 D ViewRootImpl@db2589c[GTASA]: ViewPostIme key 0
10-20 19:30:02.860 31683 31683 D ViewRootImpl@db2589c[GTASA]: ViewPostIme key 1
10-20 19:30:03.363 31683 32130 I Alyn_SAMPAPK: RPC: Server quit
10-20 19:30:03.363 31683 32130 I Alyn_SAMPAPK: playerId 66
10-20 19:30:03.363 31683 32130 I Alyn_SAMPAPK: byteReason 2
10-20 19:30:03.862 31683 32130 I Alyn_SAMPAPK: RPC: Destroy pickup
10-20 19:30:03.862 31683 32130 I Alyn_SAMPAPK: RPC: Destroy pickup
10-20 19:30:04.384 31683 32130 I Alyn_SAMPAPK: RPC: Server join
10-20 19:30:04.384 31683 32130 I Alyn_SAMPAPK: PlayerID 22
10-20 19:30:04.384 31683 32130 I Alyn_SAMPAPK: dwMarkerColor 0
10-20 19:30:04.385 31683 32130 I Alyn_SAMPAPK: byteIsNPC 0
10-20 19:30:04.385 31683 32130 I Alyn_SAMPAPK: szPlayerName Pivete_Still
10-20 19:30:04.546 31683 31683 D ViewRootImpl@db2589c[GTASA]: ViewPostIme key 0
10-20 19:30:04.554 31683 31683 D ViewRootImpl@db2589c[GTASA]: ViewPostIme key 1
10-20 19:30:04.724 31683 31683 D ViewRootImpl@db2589c[GTASA]: ViewPostIme key 0
10-20 19:30:04.727 31683 31683 D ViewRootImpl@db2589c[GTASA]: ViewPostIme key 1
10-20 19:30:04.892 31683 31683 D ViewRootImpl@db2589c[GTASA]: ViewPostIme key 0
10-20 19:30:04.895 31683 31683 D ViewRootImpl@db2589c[GTASA]: ViewPostIme key 1
10-20 19:30:07.029 31683 32130 I Alyn_SAMPAPK: RPC: Server quit
10-20 19:30:07.029 31683 32130 I Alyn_SAMPAPK: playerId 205
10-20 19:30:07.029 31683 32130 I Alyn_SAMPAPK: byteReason 0
10-20 19:30:07.220 31683 31683 D InputMethodManager: prepareNavigationBarInfo() DecorView@1fcbd5f[GTASA]
10-20 19:30:07.220 31683 31683 D InputMethodManager: getNavigationBarColor() -855310
10-20 19:30:07.220 31683 31683 V InputMethodManager: Starting input: tba=ro.samp_mobile.game ic=com.android.internal.widget.EditableInputConnection@714aa02 mNaviBarColor -855310 mIsGetNaviBarColorSuccess true , NavVisible : false , NavTrans : false
10-20 19:30:07.220 31683 31683 D InputMethodManager: startInputInner - Id : 0
10-20 19:30:07.230 31683 31683 I InputMethodManager: startInputInner - mService.startInputOrWindowGainedFocus
10-20 19:30:07.233 31683 31683 D InputTransport: Input channel constructed: fd=133
10-20 19:30:07.233 31683 31683 D InputTransport: Input channel destroyed: fd=103
10-20 19:30:07.237 31683 31683 D InputMethodManager: HSIFW - flag : 0 Pid : 31683
10-20 19:30:07.250 31683 31683 D InputMethodManager: prepareNavigationBarInfo() DecorView@1fcbd5f[GTASA]
10-20 19:30:07.250 31683 31683 D InputMethodManager: getNavigationBarColor() -855310
10-20 19:30:07.250 31683 31683 V InputMethodManager: Starting input: tba=ro.samp_mobile.game ic=null mNaviBarColor -855310 mIsGetNaviBarColorSuccess true , NavVisible : false , NavTrans : false
10-20 19:30:07.251 31683 31683 D InputMethodManager: startInputInner - Id : 0
10-20 19:30:07.251 31683 31683 I InputMethodManager: startInputInner - mService.startInputOrWindowGainedFocus
10-20 19:30:07.252 31683 31683 D InputTransport: Input channel constructed: fd=132
10-20 19:30:07.252 31683 31683 D InputTransport: Input channel destroyed: fd=133
10-20 19:30:07.255 31683 31683 W IInputConnectionWrapper: getExtractedText on inactive InputConnection
10-20 19:30:07.344 31683 31683 W IInputConnectionWrapper: getExtractedText on inactive InputConnection
10-20 19:30:07.346 31683 31683 W IInputConnectionWrapper: getExtractedText on inactive InputConnection
10-20 19:30:07.401 31683 31683 D ViewRootImpl@b0b20cc[PopupWindow:b07a659]: MSG_RESIZED: frame=Rect(0, 0 - 0, 720) ci=Rect(0, 0 - 0, 0) vi=Rect(0, 0 - 0, 0) or=2
10-20 19:30:07.446 31683 31683 D ViewRootImpl@b0b20cc[PopupWindow:b07a659]: Relayout returned: old=[0,0][0,720] new=[0,0][0,720] result=0x21 surface={valid=true 3224481792} changed=false
10-20 19:30:07.447 31683 31706 W libEGL : EGLNativeWindowType 0xc031b008 disconnect failed
10-20 19:30:07.447 31683 31706 D OpenGLRenderer: eglDestroySurface = 0xc5be93a0, 0xc031b000
10-20 19:30:07.449 31683 31706 D mali_winsys: EGLint new_window_surface(egl_winsys_display *, void *, EGLSurface, EGLConfig, egl_winsys_surface **, EGLBoolean) returns 0x3000
10-20 19:30:07.449 31683 31706 D OpenGLRenderer: eglCreateWindowSurface = 0xc5be93a0, 0xc031b008
10-20 19:30:07.451 31683 31683 D ViewRootImpl@b0b20cc[PopupWindow:b07a659]: MSG_RESIZED: frame=Rect(0, 0 - 0, 720) ci=Rect(0, 0 - 0, 0) vi=Rect(0, 0 - 0, 0) or=2
10-20 19:30:07.901 31683 31683 D ViewRootImpl@db2589c[GTASA]: ViewPostIme pointer 0
10-20 19:30:07.962 31683 31683 D ViewRootImpl@db2589c[GTASA]: ViewPostIme pointer 1
10-20 19:30:08.146 31683 32130 I Alyn_SAMPAPK: RPC: Client message
10-20 19:30:08.146 31683 32130 I Alyn_SAMPAPK: dwColor 16711935
10-20 19:30:08.146 31683 32130 I Alyn_SAMPAPK: dwStrLen 39
10-20 19:30:08.146 31683 32130 I Alyn_SAMPAPK: szMsg |BMRP| Entrando no servidor! Aguarde...
10-20 19:30:08.594 31683 32130 I Alyn_SAMPAPK: RPC: Server join
10-20 19:30:08.594 31683 32130 I Alyn_SAMPAPK: PlayerID 72
10-20 19:30:08.594 31683 32130 I Alyn_SAMPAPK: dwMarkerColor 0
10-20 19:30:08.594 31683 32130 I Alyn_SAMPAPK: byteIsNPC 0
10-20 19:30:08.594 31683 32130 I Alyn_SAMPAPK: szPlayerName Gabriel_Passos777
10-20 19:30:08.699 31683 32130 I Alyn_SAMPAPK: RPC: Server quit
10-20 19:30:08.699 31683 32130 I Alyn_SAMPAPK: playerId 72
10-20 19:30:08.699 31683 32130 I Alyn_SAMPAPK: byteReason 2
10-20 19:30:08.845 31683 32130 I Alyn_SAMPAPK: RPC: Server join
10-20 19:30:08.845 31683 32130 I Alyn_SAMPAPK: PlayerID 102
10-20 19:30:08.845 31683 32130 I Alyn_SAMPAPK: dwMarkerColor 0
10-20 19:30:08.845 31683 32130 I Alyn_SAMPAPK: byteIsNPC 0
10-20 19:30:08.845 31683 32130 I Alyn_SAMPAPK: szPlayerName kaleo_probe
10-20 19:30:08.957 31683 32130 I Alyn_SAMPAPK: RPC: Server quit
10-20 19:30:08.957 31683 32130 I Alyn_SAMPAPK: playerId 102
10-20 19:30:08.957 31683 32130 I Alyn_SAMPAPK: byteReason 2
10-20 19:30:10.761 31683 32130 I Alyn_SAMPAPK: RPC: Client message
10-20 19:30:10.762 31683 32130 I Alyn_SAMPAPK: dwColor -1302785
10-20 19:30:10.762 31683 32130 I Alyn_SAMPAPK: dwStrLen 57
10-20 19:30:10.762 31683 32130 I Alyn_SAMPAPK: szMsg [INFO] O jogador THEUZIN.NXF esta assaltando uma lojinha!
10-20 19:30:12.602 31683 32130 I Alyn_SAMPAPK: RPC: Server quit
10-20 19:30:12.602 31683 32130 I Alyn_SAMPAPK: playerId 129
10-20 19:30:12.602 31683 32130 I Alyn_SAMPAPK: byteReason 0
10-20 19:30:13.168 31683 32130 I Alyn_SAMPAPK: RPC: Disable checkpoint
10-20 19:30:13.168 31683 32130 I Alyn_SAMPAPK: TogglePlayerSpectating: 0
10-20 19:30:13.168 31683 32130 I Alyn_SAMPAPK: Spawn localplayer
10-20 19:30:13.168 31683 32130 I Alyn_SAMPAPK: SetModelIndex
10-20 19:30:13.236 31683 32130 I Alyn_SAMPAPK: SELECTTEXTDRAW: 0, 0x0
10-20 19:30:13.236 31683 32130 I Alyn_SAMPAPK: RPC: Client message
10-20 19:30:13.236 31683 32130 I Alyn_SAMPAPK: dwColor -65281
10-20 19:30:13.236 31683 32130 I Alyn_SAMPAPK: dwStrLen 58
10-20 19:30:13.236 31683 32130 I Alyn_SAMPAPK: szMsg ** [B.B Informa] Carregando sua conta bancaria, aguarde...
10-20 19:30:13.237 31683 32130 I Alyn_SAMPAPK: RPC: Client message
10-20 19:30:13.237 31683 32130 I Alyn_SAMPAPK: dwColor -1
10-20 19:30:13.237 31683 32130 I Alyn_SAMPAPK: dwStrLen 0
10-20 19:30:13.237 31683 32130 I Alyn_SAMPAPK: szMsg
10-20 19:30:13.237 31683 32130 I Alyn_SAMPAPK: RPC: Client message
10-20 19:30:13.237 31683 32130 I Alyn_SAMPAPK: dwColor -1
10-20 19:30:13.237 31683 32130 I Alyn_SAMPAPK: dwStrLen 0
10-20 19:30:13.238 31683 32130 I Alyn_SAMPAPK: szMsg
10-20 19:30:13.238 31683 32130 I Alyn_SAMPAPK: RPC: Client message
10-20 19:30:13.238 31683 32130 I Alyn_SAMPAPK: dwColor -1
10-20 19:30:13.238 31683 32130 I Alyn_SAMPAPK: dwStrLen 0
10-20 19:30:13.238 31683 32130 I Alyn_SAMPAPK: szMsg
10-20 19:30:13.238 31683 32130 I Alyn_SAMPAPK: RPC: Client message
10-20 19:30:13.238 31683 32130 I Alyn_SAMPAPK: dwColor -1
10-20 19:30:13.238 31683 32130 I Alyn_SAMPAPK: dwStrLen 0
10-20 19:30:13.238 31683 32130 I Alyn_SAMPAPK: szMsg
10-20 19:30:13.238 31683 32130 I Alyn_SAMPAPK: RPC: Client message
10-20 19:30:13.238 31683 32130 I Alyn_SAMPAPK: dwColor -1
10-20 19:30:13.239 31683 32130 I Alyn_SAMPAPK: dwStrLen 0
10-20 19:30:13.239 31683 32130 I Alyn_SAMPAPK: szMsg
10-20 19:30:13.239 31683 32130 I Alyn_SAMPAPK: RPC: Client message
10-20 19:30:13.239 31683 32130 I Alyn_SAMPAPK: dwColor -1
10-20 19:30:13.239 31683 32130 I Alyn_SAMPAPK: dwStrLen 0
10-20 19:30:13.239 31683 32130 I Alyn_SAMPAPK: szMsg
10-20 19:30:13.239 31683 32130 I Alyn_SAMPAPK: RPC: Client message
10-20 19:30:13.239 31683 32130 I Alyn_SAMPAPK: dwColor -8339201
10-20 19:30:13.239 31683 32130 I Alyn_SAMPAPK: dwStrLen 31
10-20 19:30:13.239 31683 32130 I Alyn_SAMPAPK: szMsg =-=-=-=-= BOAS VINDAS =-=-=-=-=
10-20 19:30:13.239 31683 32130 I Alyn_SAMPAPK: RPC: Client message
10-20 19:30:13.239 31683 32130 I Alyn_SAMPAPK: dwColor -8339201
10-20 19:30:13.240 31683 32130 I Alyn_SAMPAPK: dwStrLen 30
10-20 19:30:13.240 31683 32130 I Alyn_SAMPAPK: szMsg Seja Bem Vindo(a) de volta !!!
10-20 19:30:13.240 31683 32130 I Alyn_SAMPAPK: RPC: Client message
10-20 19:30:13.240 31683 32130 I Alyn_SAMPAPK: dwColor -8339201
10-20 19:30:13.240 31683 32130 I Alyn_SAMPAPK: dwStrLen 19
10-20 19:30:13.240 31683 32130 I Alyn_SAMPAPK: szMsg Tenha um bom jogo !
10-20 19:30:13.240 31683 32130 I Alyn_SAMPAPK: RPC: Client message
10-20 19:30:13.240 31683 32130 I Alyn_SAMPAPK: dwColor -8339201
10-20 19:30:13.240 31683 32130 I Alyn_SAMPAPK: dwStrLen 45
10-20 19:30:13.240 31683 32130 I Alyn_SAMPAPK: szMsg Use: /spawncarro para conectar seus veiculos!
10-20 19:30:13.240 31683 32130 I Alyn_SAMPAPK: RPC: Client message
10-20 19:30:13.240 31683 32130 I Alyn_SAMPAPK: dwColor -8339201
10-20 19:30:13.240 31683 32130 I Alyn_SAMPAPK: dwStrLen 68
10-20 19:30:13.240 31683 32130 I Alyn_SAMPAPK: szMsg Voce tem 1 minuto para executar o /continuar e voltar a sua posicao!
10-20 19:30:13.241 31683 32130 I Alyn_SAMPAPK: RPC: Client message
10-20 19:30:13.241 31683 32130 I Alyn_SAMPAPK: dwColor -1
10-20 19:30:13.241 31683 32130 I Alyn_SAMPAPK: dwStrLen 37
10-20 19:30:13.241 31683 32130 I Alyn_SAMPAPK: szMsg Voce foi detectado jogando no Celular
10-20 19:30:13.241 31683 32130 I Alyn_SAMPAPK: RPC: Client message
10-20 19:30:13.241 31683 32130 I Alyn_SAMPAPK: dwColor -8339201
10-20 19:30:13.241 31683 32130 I Alyn_SAMPAPK: dwStrLen 35
10-20 19:30:13.241 31683 32130 I Alyn_SAMPAPK: szMsg -=-=-=-=-=-=-=-=-=-=-=-=-=-=-=-=-=-
10-20 19:30:13.242 31683 32130 I Alyn_SAMPAPK: Play: http://a.tumblr.com/tumblr_qittp1XnNV1z1aicuo1.mp3
10-20 19:30:13.242 31683 32130 I Alyn_SAMPAPK: Stop: http://a.tumblr.com/tumblr_r9kp979imw1zqw3xmo1.mp3
10-20 19:30:13.271 31683 32130 I Alyn_SAMPAPK: RPC: DialogBox
10-20 19:30:13.271 31683 32130 I Alyn_SAMPAPK: wDialogID 71
10-20 19:30:13.271 31683 32130 I Alyn_SAMPAPK: byteDialogStyle 0
10-20 19:30:13.271 31683 32130 I Alyn_SAMPAPK: szTitle BMRP - Atualizacoes
10-20 19:30:13.271 31683 32130 I Alyn_SAMPAPK: szButton1 Confirmar
10-20 19:30:13.271 31683 32130 I Alyn_SAMPAPK: szButton2
10-20 19:30:13.271 31683 32130 I Alyn_SAMPAPK: szMessage {FF0080}<-=====| {FFFFFF}Nota de Atualizacao - Brasil Mobile Roleplay {FF0080}|=====->
10-20 19:30:13.271 31683 32130 I Alyn_SAMPAPK:
10-20 19:30:13.271 31683 32130 I Alyn_SAMPAPK: {FF0080}Implementacao: {FFFFFF}v0.8.4
10-20 19:30:13.271 31683 32130 I Alyn_SAMPAPK: {FF0080}Data Lancamento: {FFFFFF}04/10/2022
10-20 19:30:13.271 31683 32130 I Alyn_SAMPAPK:
10-20 19:30:13.271 31683 32130 I Alyn_SAMPAPK: {FF0080}Resumo:
10-20 19:30:13.271 31683 32130 I Alyn_SAMPAPK: {FFFFFF}-> Alterado sistema de organizacoes,
10-20 19:30:13.271 31683 32130 I Alyn_SAMPAPK: {FFFFFF}-> A
10-20 19:30:13.272 31683 32130 I Alyn_SAMPAPK: RPC: Client message
10-20 19:30:13.272 31683 32130 I Alyn_SAMPAPK: dwColor 16711935
10-20 19:30:13.272 31683 32130 I Alyn_SAMPAPK: dwStrLen 56
10-20 19:30:13.272 31683 32130 I Alyn_SAMPAPK: szMsg ** [B.B Informa] Conta bancaria carregada, faca bom uso!
10-20 19:30:13.399 31683 32130 I Alyn_SAMPAPK: ClearAnimation
10-20 19:30:13.786 31683 32130 I Alyn_SAMPAPK: RPC: Server join
10-20 19:30:13.786 31683 32130 I Alyn_SAMPAPK: PlayerID 129
10-20 19:30:13.786 31683 32130 I Alyn_SAMPAPK: dwMarkerColor 0
10-20 19:30:13.786 31683 32130 I Alyn_SAMPAPK: byteIsNPC 0
10-20 19:30:13.786 31683 32130 I Alyn_SAMPAPK: szPlayerName PhDoPcFracoYT
10-20 19:30:14.136 31683 32130 I Alyn_SAMPAPK: RPC: Update 3D text label
10-20 19:30:14.136 31683 32130 I Alyn_SAMPAPK: RPC: Update 3D text label
10-20 19:30:14.136 31683 32130 I Alyn_SAMPAPK: RPC: Create 3D text label
10-20 19:30:14.136 31683 32130 I Alyn_SAMPAPK: RPC: Create 3D text label
10-20 19:30:14.167 31683 32130 I Alyn_SAMPAPK: ApplyAnimation: AIRPORT, null
10-20 19:30:14.185 31683 32130 I Alyn_SAMPAPK: ApplyAnimation: Attractors, null
10-20 19:30:14.202 31683 32130 I Alyn_SAMPAPK: ApplyAnimation: BAR, null
10-20 19:30:14.202 31683 32130 I Alyn_SAMPAPK: Animation loaded!
10-20 19:30:14.202 31683 32130 I Alyn_SAMPAPK: ApplyAnimation: BASEBALL, null
10-20 19:30:14.220 31683 32130 I Alyn_SAMPAPK: ApplyAnimation: BD_FIRE, null
10-20 19:30:14.238 31683 32130 I Alyn_SAMPAPK: ApplyAnimation: BEACH, null
10-20 19:30:14.255 31683 32130 I Alyn_SAMPAPK: ApplyAnimation: benchpress, null
10-20 19:30:14.273 31683 32130 I Alyn_SAMPAPK: ApplyAnimation: BF_injection, null
10-20 19:30:14.291 31683 32130 I Alyn_SAMPAPK: ApplyAnimation: BIKED, null
10-20 19:30:14.309 31683 32130 I Alyn_SAMPAPK: ApplyAnimation: BIKEH, null
10-20 19:30:14.328 31683 32130 I Alyn_SAMPAPK: ApplyAnimation: BIKELEAP, null
10-20 19:30:14.346 31683 32130 I Alyn_SAMPAPK: ApplyAnimation: BIKES, null
10-20 19:30:14.364 31683 32130 I Alyn_SAMPAPK: ApplyAnimation: BIKEV, null
10-20 19:30:14.383 31683 32130 I Alyn_SAMPAPK: ApplyAnimation: BIKE_DBZ, null
10-20 19:30:14.402 31683 32130 I Alyn_SAMPAPK: ApplyAnimation: BLOWJOBZ, null
10-20 19:30:14.420 31683 32130 I Alyn_SAMPAPK: ApplyAnimation: BMX, null
10-20 19:30:14.439 31683 32130 I Alyn_SAMPAPK: ApplyAnimation: BOMBER, null
10-20 19:30:14.458 31683 32130 I Alyn_SAMPAPK: ApplyAnimation: BOX, null
10-20 19:30:14.476 31683 32130 I Alyn_SAMPAPK: ApplyAnimation: BSKTBALL, null
10-20 19:30:14.494 31683 32130 I Alyn_SAMPAPK: ApplyAnimation: BUDDY, null
10-20 19:30:14.513 31683 32130 I Alyn_SAMPAPK: ApplyAnimation: BUS, null
10-20 19:30:14.531 31683 32130 I Alyn_SAMPAPK: ApplyAnimation: CAMERA, null
10-20 19:30:14.549 31683 32130 I Alyn_SAMPAPK: ApplyAnimation: CAR, null
10-20 19:30:14.567 31683 32130 I Alyn_SAMPAPK: ApplyAnimation: CARRY, null
10-20 19:30:14.585 31683 32130 I Alyn_SAMPAPK: ApplyAnimation: CAR_CHAT, null
10-20 19:30:14.603 31683 32130 I Alyn_SAMPAPK: ApplyAnimation: CASINO, null
10-20 19:30:14.622 31683 32130 I Alyn_SAMPAPK: ApplyAnimation: CHAINSAW, null
10-20 19:30:14.641 31683 32130 I Alyn_SAMPAPK: ApplyAnimation: CHOPPA, null
10-20 19:30:14.659 31683 32130 I Alyn_SAMPAPK: ApplyAnimation: CLOTHES, null
10-20 19:30:14.678 31683 32130 I Alyn_SAMPAPK: ApplyAnimation: COACH, null
10-20 19:30:14.696 31683 32130 I Alyn_SAMPAPK: ApplyAnimation: COLT45, null
10-20 19:30:14.697 31683 32130 I Alyn_SAMPAPK: Animation loaded!
10-20 19:30:14.697 31683 32130 I Alyn_SAMPAPK: ApplyAnimation: COP_AMBIENT, null
10-20 19:30:14.715 31683 32130 I Alyn_SAMPAPK: ApplyAnimation: COP_DVBYZ, null
10-20 19:30:14.734 31683 32130 I Alyn_SAMPAPK: ApplyAnimation: CRACK, null
10-20 19:30:14.752 31683 32130 I Alyn_SAMPAPK: ApplyAnimation: CRIB, null
10-20 19:30:14.770 31683 32130 I Alyn_SAMPAPK: ApplyAnimation: DAM_JUMP, null
10-20 19:30:14.789 31683 32130 I Alyn_SAMPAPK: ApplyAnimation: DANCING, null
10-20 19:30:14.796 31683 31683 D ViewRootImpl@db2589c[GTASA]: ViewPostIme pointer 0
10-20 19:30:14.807 31683 32130 I Alyn_SAMPAPK: ApplyAnimation: DEALER, null
10-20 19:30:14.825 31683 32130 I Alyn_SAMPAPK: ApplyAnimation: DILDO, null
10-20 19:30:14.844 31683 32130 I Alyn_SAMPAPK: ApplyAnimation: DODGE, null
10-20 19:30:14.862 31683 32130 I Alyn_SAMPAPK: ApplyAnimation: DOZER, null
10-20 19:30:14.872 31683 31683 D ViewRootImpl@db2589c[GTASA]: ViewPostIme pointer 1
10-20 19:30:14.880 31683 32130 I Alyn_SAMPAPK: ApplyAnimation: DRIVEBYS, null
10-20 19:30:14.897 31683 32130 I Alyn_SAMPAPK: ApplyAnimation: FAT, null
10-20 19:30:14.915 31683 32130 I Alyn_SAMPAPK: ApplyAnimation: FIGHT_B, null
10-20 19:30:14.915 31683 32130 I Alyn_SAMPAPK: Animation loaded!
10-20 19:30:14.915 31683 32130 I Alyn_SAMPAPK: ApplyAnimation: FIGHT_C, null
10-20 19:30:14.915 31683 32130 I Alyn_SAMPAPK: Animation loaded!
10-20 19:30:14.915 31683 32130 I Alyn_SAMPAPK: ApplyAnimation: FIGHT_D, null
10-20 19:30:14.915 31683 32130 I Alyn_SAMPAPK: Animation loaded!
10-20 19:30:14.916 31683 32130 I Alyn_SAMPAPK: ApplyAnimation: FIGHT_E, null
10-20 19:30:14.916 31683 32130 I Alyn_SAMPAPK: Animation loaded!
10-20 19:30:14.916 31683 32130 I Alyn_SAMPAPK: ApplyAnimation: FINALE, null
10-20 19:30:14.934 31683 32130 I Alyn_SAMPAPK: ApplyAnimation: FINALE2, null
10-20 19:30:14.952 31683 32130 I Alyn_SAMPAPK: ApplyAnimation: FLAME, null
10-20 19:30:14.970 31683 32130 I Alyn_SAMPAPK: ApplyAnimation: Flowers, null
10-20 19:30:14.989 31683 32130 I Alyn_SAMPAPK: ApplyAnimation: FOOD, null
10-20 19:30:15.007 31683 32130 I Alyn_SAMPAPK: ApplyAnimation: Freeweights, null
10-20 19:30:15.025 31683 32130 I Alyn_SAMPAPK: ApplyAnimation: GANGS, null
10-20 19:30:15.025 31683 32130 I Alyn_SAMPAPK: Animation loaded!
10-20 19:30:15.025 31683 32130 I Alyn_SAMPAPK: ApplyAnimation: GHANDS, null
10-20 19:30:15.043 31683 32130 I Alyn_SAMPAPK: ApplyAnimation: GHETTO_DB, null
10-20 19:30:15.061 31683 32130 I Alyn_SAMPAPK: ApplyAnimation: goggles, null
10-20 19:30:15.079 31683 32130 I Alyn_SAMPAPK: ApplyAnimation: GRAFFITI, null
10-20 19:30:15.098 31683 32130 I Alyn_SAMPAPK: ApplyAnimation: GRAVEYARD, null
10-20 19:30:15.116 31683 32130 I Alyn_SAMPAPK: ApplyAnimation: GRENADE, null
10-20 19:30:15.116 31683 32130 I Alyn_SAMPAPK: Animation loaded!
10-20 19:30:15.116 31683 32130 I Alyn_SAMPAPK: ApplyAnimation: GYMNASIUM, null
10-20 19:30:15.134 31683 32130 I Alyn_SAMPAPK: ApplyAnimation: HAIRCUTS, null
10-20 19:30:15.152 31683 32130 I Alyn_SAMPAPK: ApplyAnimation: HEIST9, null
10-20 19:30:15.170 31683 32130 I Alyn_SAMPAPK: ApplyAnimation: INT_HOUSE, null
10-20 19:30:15.170 31683 32130 I Alyn_SAMPAPK: Animation loaded!
10-20 19:30:15.171 31683 32130 I Alyn_SAMPAPK: ApplyAnimation: INT_OFFICE, null
10-20 19:30:15.171 31683 32130 I Alyn_SAMPAPK: Animation loaded!
10-20 19:30:15.171 31683 32130 I Alyn_SAMPAPK: ApplyAnimation: INT_SHOP, null
10-20 19:30:15.189 31683 32130 I Alyn_SAMPAPK: ApplyAnimation: JST_BUISNESS, null
10-20 19:30:15.206 31683 32130 I Alyn_SAMPAPK: ApplyAnimation: KART, null
10-20 19:30:15.224 31683 32130 I Alyn_SAMPAPK: ApplyAnimation: KISSING, null
10-20 19:30:15.228 31683 31683 D ViewRootImpl@db2589c[GTASA]: ViewPostIme pointer 0
10-20 19:30:15.243 31683 32130 I Alyn_SAMPAPK: ApplyAnimation: KNIFE, null
10-20 19:30:15.260 31683 32130 I Alyn_SAMPAPK: ApplyAnimation: LAPDAN1, null
10-20 19:30:15.278 31683 32130 I Alyn_SAMPAPK: ApplyAnimation: LAPDAN2, null
10-20 19:30:15.279 31683 31683 D ViewRootImpl@db2589c[GTASA]: ViewPostIme pointer 1
10-20 19:30:15.296 31683 32130 I Alyn_SAMPAPK: ApplyAnimation: LAPDAN3, null
10-20 19:30:15.314 31683 32130 I Alyn_SAMPAPK: ApplyAnimation: LOWRIDER, null
10-20 19:30:15.332 31683 32130 I Alyn_SAMPAPK: ApplyAnimation: MD_CHASE, null
10-20 19:30:15.350 31683 32130 I Alyn_SAMPAPK: ApplyAnimation: MD_END, null
10-20 19:30:15.368 31683 32130 I Alyn_SAMPAPK: ApplyAnimation: MEDIC, null
10-20 19:30:15.386 31683 32130 I Alyn_SAMPAPK: ApplyAnimation: MISC, null
10-20 19:30:15.404 31683 32130 I Alyn_SAMPAPK: ApplyAnimation: MTB, null
10-20 19:30:15.422 31683 32130 I Alyn_SAMPAPK: ApplyAnimation: MUSCULAR, null
10-20 19:30:15.440 31683 32130 I Alyn_SAMPAPK: ApplyAnimation: NEVADA, null
10-20 19:30:15.458 31683 32130 I Alyn_SAMPAPK: ApplyAnimation: ON_LOOKERS, null
10-20 19:30:15.476 31683 32130 I Alyn_SAMPAPK: ApplyAnimation: OTB, null
10-20 19:30:15.495 31683 32130 I Alyn_SAMPAPK: ApplyAnimation: PARACHUTE, null
10-20 19:30:15.495 31683 32130 I Alyn_SAMPAPK: Animation loaded!
10-20 19:30:15.495 31683 32130 I Alyn_SAMPAPK: ApplyAnimation: PARK, null
10-20 19:30:15.514 31683 32130 I Alyn_SAMPAPK: ApplyAnimation: PAULNMAC, null
10-20 19:30:15.514 31683 32130 I Alyn_SAMPAPK: Animation loaded!
10-20 19:30:15.514 31683 32130 I Alyn_SAMPAPK: ApplyAnimation: ped, null
10-20 19:30:15.514 31683 32130 I Alyn_SAMPAPK: Animation loaded!
10-20 19:30:15.514 31683 32130 I Alyn_SAMPAPK: ApplyAnimation: PLAYER_DVBYS, null
10-20 19:30:15.532 31683 32130 I Alyn_SAMPAPK: ApplyAnimation: PLAYIDLES, null
10-20 19:30:15.550 31683 32130 I Alyn_SAMPAPK: ApplyAnimation: POLICE, null
10-20 19:30:15.568 31683 32130 I Alyn_SAMPAPK: ApplyAnimation: POOL, null
10-20 19:30:15.587 31683 32130 I Alyn_SAMPAPK: ApplyAnimation: POOR, null
10-20 19:30:15.605 31683 32130 I Alyn_SAMPAPK: ApplyAnimation: PYTHON, null
10-20 19:30:15.623 31683 32130 I Alyn_SAMPAPK: ApplyAnimation: QUAD, null
10-20 19:30:15.641 31683 32130 I Alyn_SAMPAPK: ApplyAnimation: QUAD_DBZ, null
10-20 19:30:15.660 31683 32130 I Alyn_SAMPAPK: ApplyAnimation: RAPPING, null
10-20 19:30:15.678 31683 32130 I Alyn_SAMPAPK: ApplyAnimation: RIFLE, null
10-20 19:30:15.696 31683 32130 I Alyn_SAMPAPK: ApplyAnimation: RIOT, null
10-20 19:30:15.715 31683 32130 I Alyn_SAMPAPK: ApplyAnimation: ROB_BANK, null
10-20 19:30:15.733 31683 32130 I Alyn_SAMPAPK: ApplyAnimation: ROCKET, null
10-20 19:30:15.751 31683 32130 I Alyn_SAMPAPK: ApplyAnimation: RUSTLER, null
10-20 19:30:15.769 31683 32130 I Alyn_SAMPAPK: ApplyAnimation: RYDER, null
10-20 19:30:15.787 31683 32130 I Alyn_SAMPAPK: ApplyAnimation: SCRATCHING, null
10-20 19:30:15.805 31683 32130 I Alyn_SAMPAPK: ApplyAnimation: SHAMAL, null
10-20 19:30:15.823 31683 32130 I Alyn_SAMPAPK: ApplyAnimation: SHOP, null
10-20 19:30:15.842 31683 32130 I Alyn_SAMPAPK: ApplyAnimation: SHOTGUN, null
10-20 19:30:15.860 31683 32130 I Alyn_SAMPAPK: ApplyAnimation: SILENCED, null
10-20 19:30:15.879 31683 32130 I Alyn_SAMPAPK: ApplyAnimation: SKATE, null
10-20 19:30:15.898 31683 32130 I Alyn_SAMPAPK: ApplyAnimation: SMOKING, null
10-20 19:30:15.916 31683 32130 I Alyn_SAMPAPK: ApplyAnimation: SNIPER, null
10-20 19:30:15.934 31683 32130 I Alyn_SAMPAPK: ApplyAnimation: SPRAYCAN, null
10-20 19:30:15.953 31683 32130 I Alyn_SAMPAPK: ApplyAnimation: STRIP, null
10-20 19:30:15.972 31683 32130 I Alyn_SAMPAPK: ApplyAnimation: SUNBATHE, null
10-20 19:30:15.990 31683 32130 I Alyn_SAMPAPK: ApplyAnimation: SWAT, null
10-20 19:30:16.008 31683 32130 I Alyn_SAMPAPK: ApplyAnimation: SWEET, null
10-20 19:30:16.028 31683 32130 I Alyn_SAMPAPK: ApplyAnimation: SWIM, null
10-20 19:30:16.047 31683 32130 I Alyn_SAMPAPK: ApplyAnimation: SWORD, null
10-20 19:30:16.065 31683 32130 I Alyn_SAMPAPK: ApplyAnimation: TANK, null
10-20 19:30:16.084 31683 32130 I Alyn_SAMPAPK: ApplyAnimation: TATTOOS, null
