10-20 19:29:23.131 31683 31683 W System.err: at android.widget.FrameLayout.onLayout(FrameLayout.java:261)
10-20 19:29:23.131 31683 31683 W System.err: at com.android.internal.policy.DecorView.onLayout(DecorView.java:1041)
10-20 19:29:23.131 31683 31683 W System.err: at android.view.View.layout(View.java:22420)
10-20 19:29:23.132 31683 31683 W System.err: at android.view.ViewGroup.layout(ViewGroup.java:6579)
10-20 19:29:23.132 31683 31683 W System.err: at android.view.ViewRootImpl.performLayout(ViewRootImpl.java:3355)
10-20 19:29:23.132 31683 31683 W System.err: at android.view.ViewRootImpl.performTraversals(ViewRootImpl.java:2819)
10-20 19:29:23.132 31683 31683 W System.err: at android.view.ViewRootImpl.doTraversal(ViewRootImpl.java:1865)
10-20 19:29:23.132 31683 31683 W System.err: at android.view.ViewRootImpl$TraversalRunnable.run(ViewRootImpl.java:8488)
10-20 19:29:23.133 31683 31683 W System.err: at android.view.Choreographer$CallbackRecord.run(Choreographer.java:949)
10-20 19:29:23.133 31683 31683 W System.err: at android.view.Choreographer.doCallbacks(Choreographer.java:761)
10-20 19:29:23.133 31683 31683 W System.err: at android.view.Choreographer.doFrame(Choreographer.java:696)
10-20 19:29:23.133 31683 31683 W System.err: at android.view.Choreographer$FrameDisplayEventReceiver.run(Choreographer.java:935)
10-20 19:29:23.133 31683 31683 W System.err: at android.os.Handler.handleCallback(Handler.java:873)
10-20 19:29:23.133 31683 31683 W System.err: at android.os.Handler.dispatchMessage(Handler.java:99)
10-20 19:29:23.133 31683 31683 W System.err: at android.os.Looper.loop(Looper.java:214)
10-20 19:29:23.134 31683 31683 W System.err: at android.app.ActivityThread.main(ActivityThread.java:7045)
10-20 19:29:23.134 31683 31683 W System.err: at java.lang.reflect.Method.invoke(Native Method)
10-20 19:29:23.134 31683 31683 W System.err: at com.android.internal.os.RuntimeInit$MethodAndArgsCaller.run(RuntimeInit.java:493)
10-20 19:29:23.134 31683 31683 W System.err: at com.android.internal.os.ZygoteInit.main(ZygoteInit.java:964)
10-20 19:29:23.207 31683 31683 I System.out: (HTTPLog)-Static: isSBSettingEnabled false
10-20 19:29:23.207 31683 31683 I System.out: (HTTPLog)-Static: isSBSettingEnabled false
10-20 19:29:23.820 31683 31683 W System.err: java.io.FileNotFoundException: https://api.open.mp/servers/198.251.81.202:7777
10-20 19:29:23.821 31683 31683 W System.err: at com.android.okhttp.internal.huc.HttpURLConnectionImpl.getInputStream(HttpURLConnectionImpl.java:251)
10-20 19:29:23.821 31683 31683 W System.err: at com.android.okhttp.internal.huc.DelegatingHttpsURLConnection.getInputStream(DelegatingHttpsURLConnection.java:210)
10-20 19:29:23.821 31683 31683 W System.err: at com.android.okhttp.internal.huc.HttpsURLConnectionImpl.getInputStream(HttpsURLConnectionImpl.java:26)
10-20 19:29:23.821 31683 31683 W System.err: at java.net.URL.openStream(URL.java:1072)
10-20 19:29:23.821 31683 31683 W System.err: at z3.b$a.a(Unknown Source:131)
10-20 19:29:23.821 31683 31683 W System.err: at z3.b.c(:1)
10-20 19:29:23.821 31683 31683 W System.err: at androidx.recyclerview.widget.RecyclerView$s.k(:86)
10-20 19:29:23.821 31683 31683 W System.err: at androidx.recyclerview.widget.LinearLayoutManager$c.c(:3)
10-20 19:29:23.821 31683 31683 W System.err: at androidx.recyclerview.widget.LinearLayoutManager.d1(Unknown Source:0)
10-20 19:29:23.821 31683 31683 W System.err: at androidx.recyclerview.widget.LinearLayoutManager.Q0(:2)
10-20 19:29:23.821 31683 31683 W System.err: at androidx.recyclerview.widget.LinearLayoutManager.j0(:17)
10-20 19:29:23.821 31683 31683 W System.err: at androidx.recyclerview.widget.RecyclerView.s(:2)
10-20 19:29:23.821 31683 31683 W System.err: at androidx.recyclerview.widget.RecyclerView.q(:7)
10-20 19:29:23.821 31683 31683 W System.err: at androidx.recyclerview.widget.RecyclerView.onLayout(:2)
10-20 19:29:23.821 31683 31683 W System.err: at android.view.View.layout(View.java:22420)
10-20 19:29:23.821 31683 31683 W System.err: at android.view.ViewGroup.layout(ViewGroup.java:6579)
10-20 19:29:23.821 31683 31683 W System.err: at android.widget.RelativeLayout.onLayout(RelativeLayout.java:1083)
10-20 19:29:23.821 31683 31683 W System.err: at android.view.View.layout(View.java:22420)
10-20 19:29:23.821 31683 31683 W System.err: at android.view.ViewGroup.layout(ViewGroup.java:6579)
10-20 19:29:23.821 31683 31683 W System.err: at androidx.viewpager.widget.ViewPager.onLayout(Unknown Source:258)
10-20 19:29:23.821 31683 31683 W System.err: at android.view.View.layout(View.java:22420)
10-20 19:29:23.822 31683 31683 W System.err: at android.view.ViewGroup.layout(ViewGroup.java:6579)
10-20 19:29:23.822 31683 31683 W System.err: at androidx.constraintlayout.widget.ConstraintLayout.onLayout(Unknown Source:66)
10-20 19:29:23.822 31683 31683 W System.err: at android.view.View.layout(View.java:22420)
10-20 19:29:23.822 31683 31683 W System.err: at android.view.ViewGroup.layout(ViewGroup.java:6579)
10-20 19:29:23.822 31683 31683 W System.err: at android.widget.FrameLayout.layoutChildren(FrameLayout.java:323)
10-20 19:29:23.822 31683 31683 W System.err: at android.widget.FrameLayout.onLayout(FrameLayout.java:261)
10-20 19:29:23.822 31683 31683 W System.err: at android.view.View.layout(View.java:22420)
10-20 19:29:23.822 31683 31683 W System.err: at android.view.ViewGroup.layout(ViewGroup.java:6579)
10-20 19:29:23.822 31683 31683 W System.err: at android.widget.LinearLayout.setChildFrame(LinearLayout.java:1812)
10-20 19:29:23.822 31683 31683 W System.err: at android.widget.LinearLayout.layoutVertical(LinearLayout.java:1656)
10-20 19:29:23.822 31683 31683 W System.err: at android.widget.LinearLayout.onLayout(LinearLayout.java:1565)
10-20 19:29:23.823 31683 31683 W System.err: at android.view.View.layout(View.java:22420)
10-20 19:29:23.823 31683 31683 W System.err: at android.view.ViewGroup.layout(ViewGroup.java:6579)
10-20 19:29:23.823 31683 31683 W System.err: at android.widget.FrameLayout.layoutChildren(FrameLayout.java:323)
10-20 19:29:23.823 31683 31683 W System.err: at android.widget.FrameLayout.onLayout(FrameLayout.java:261)
10-20 19:29:23.823 31683 31683 W System.err: at android.view.View.layout(View.java:22420)
10-20 19:29:23.823 31683 31683 W System.err: at android.view.ViewGroup.layout(ViewGroup.java:6579)
10-20 19:29:23.823 31683 31683 W System.err: at android.widget.LinearLayout.setChildFrame(LinearLayout.java:1812)
10-20 19:29:23.823 31683 31683 W System.err: at android.widget.LinearLayout.layoutVertical(LinearLayout.java:1656)
10-20 19:29:23.823 31683 31683 W System.err: at android.widget.LinearLayout.onLayout(LinearLayout.java:1565)
10-20 19:29:23.823 31683 31683 W System.err: at android.view.View.layout(View.java:22420)
10-20 19:29:23.823 31683 31683 W System.err: at android.view.ViewGroup.layout(ViewGroup.java:6579)
10-20 19:29:23.823 31683 31683 W System.err: at android.widget.FrameLayout.layoutChildren(FrameLayout.java:323)
10-20 19:29:23.823 31683 31683 W System.err: at android.widget.FrameLayout.onLayout(FrameLayout.java:261)
10-20 19:29:23.823 31683 31683 W System.err: at com.android.internal.policy.DecorView.onLayout(DecorView.java:1041)
10-20 19:29:23.823 31683 31683 W System.err: at android.view.View.layout(View.java:22420)
10-20 19:29:23.823 31683 31683 W System.err: at android.view.ViewGroup.layout(ViewGroup.java:6579)
10-20 19:29:23.823 31683 31683 W System.err: at android.view.ViewRootImpl.performLayout(ViewRootImpl.java:3355)
10-20 19:29:23.823 31683 31683 W System.err: at android.view.ViewRootImpl.performTraversals(ViewRootImpl.java:2819)
10-20 19:29:23.823 31683 31683 W System.err: at android.view.ViewRootImpl.doTraversal(ViewRootImpl.java:1865)
10-20 19:29:23.824 31683 31683 W System.err: at android.view.ViewRootImpl$TraversalRunnable.run(ViewRootImpl.java:8488)
10-20 19:29:23.824 31683 31683 W System.err: at android.view.Choreographer$CallbackRecord.run(Choreographer.java:949)
10-20 19:29:23.824 31683 31683 W System.err: at android.view.Choreographer.doCallbacks(Choreographer.java:761)
10-20 19:29:23.824 31683 31683 W System.err: at android.view.Choreographer.doFrame(Choreographer.java:696)
10-20 19:29:23.824 31683 31683 W System.err: at android.view.Choreographer$FrameDisplayEventReceiver.run(Choreographer.java:935)
10-20 19:29:23.824 31683 31683 W System.err: at android.os.Handler.handleCallback(Handler.java:873)
10-20 19:29:23.824 31683 31683 W System.err: at android.os.Handler.dispatchMessage(Handler.java:99)
10-20 19:29:23.824 31683 31683 W System.err: at android.os.Looper.loop(Looper.java:214)
10-20 19:29:23.824 31683 31683 W System.err: at android.app.ActivityThread.main(ActivityThread.java:7045)
10-20 19:29:23.824 31683 31683 W System.err: at java.lang.reflect.Method.invoke(Native Method)
10-20 19:29:23.824 31683 31683 W System.err: at com.android.internal.os.RuntimeInit$MethodAndArgsCaller.run(RuntimeInit.java:493)
10-20 19:29:23.824 31683 31683 W System.err: at com.android.internal.os.ZygoteInit.main(ZygoteInit.java:964)
10-20 19:29:23.829 31683 31683 W StaticLayout: maxLineHeight should not be -1. maxLines:1 lineCount:1
10-20 19:29:23.832 31683 31683 I chatty : uid=10554(ro.samp_mobile.game) identical 4 lines
10-20 19:29:23.832 31683 31683 W StaticLayout: maxLineHeight should not be -1. maxLines:1 lineCount:1
10-20 19:29:23.841 31683 31683 D InputMethodManager: prepareNavigationBarInfo() DecorView@8df305a[MainActivity]
10-20 19:29:23.841 31683 31683 D InputMethodManager: getNavigationBarColor() -855310
10-20 19:29:23.841 31683 31683 V InputMethodManager: Starting input: tba=ro.samp_mobile.game ic=null mNaviBarColor -855310 mIsGetNaviBarColorSuccess true , NavVisible : true , NavTrans : false
10-20 19:29:23.841 31683 31683 D InputMethodManager: startInputInner - Id : 0
10-20 19:29:23.841 31683 31683 I InputMethodManager: startInputInner - mService.startInputOrWindowGainedFocus
10-20 19:29:23.843 31683 31683 D InputTransport: Input channel constructed: fd=88
10-20 19:29:23.843 31683 31683 D InputTransport: Input channel destroyed: fd=66
10-20 19:29:23.849 31683 31683 D ViewRootImpl@25d274[MainActivity]: ViewPostIme pointer 0
10-20 19:29:23.851 31683 31683 I Choreographer: Skipped 97 frames! The application may be doing too much work on its main thread.
10-20 19:29:23.856 31683 31706 I OpenGLRenderer: Davey! duration=1642ms; Flags=0, IntendedVsync=16353306618575, Vsync=16353306618575, OldestInputEvent=9223372036854775807, NewestInputEvent=0, HandleInputStart=16353312874456, AnimationStart=16353312921264, PerformTraversalsStart=16353313099187, DrawStart=16354937960301, SyncQueued=16354940852878, SyncStart=16354941422686, IssueDrawCommandsStart=16354942289955, SwapBuffers=16354946328225, FrameCompleted=16354949808532, DequeueBufferDuration=963000, QueueBufferDuration=640000,
10-20 19:29:23.929 31683 31683 D ViewRootImpl@25d274[MainActivity]: ViewPostIme pointer 1
10-20 19:29:25.424 31683 31683 D ViewRootImpl@25d274[MainActivity]: ViewPostIme pointer 0
10-20 19:29:25.509 31683 31683 D ViewRootImpl@25d274[MainActivity]: ViewPostIme pointer 1
10-20 19:29:26.083 31683 31683 D ViewRootImpl@25d274[MainActivity]: ViewPostIme pointer 0
10-20 19:29:26.128 31683 31683 D ViewRootImpl@25d274[MainActivity]: ViewPostIme pointer 1
10-20 19:29:26.145 31683 31683 D InputMethodManager: prepareNavigationBarInfo() DecorView@8df305a[MainActivity]
10-20 19:29:26.145 31683 31683 D InputMethodManager: getNavigationBarColor() -855310
10-20 19:29:26.145 31683 31683 V InputMethodManager: Starting input: tba=ro.samp_mobile.game ic=r0.c@f953c33 mNaviBarColor -855310 mIsGetNaviBarColorSuccess true , NavVisible : true , NavTrans : false
10-20 19:29:26.145 31683 31683 D InputMethodManager: startInputInner - Id : 0
10-20 19:29:26.153 31683 31683 I InputMethodManager: startInputInner - mService.startInputOrWindowGainedFocus
10-20 19:29:26.156 31683 31683 D InputTransport: Input channel constructed: fd=83
10-20 19:29:26.156 31683 31683 D InputTransport: Input channel destroyed: fd=88
10-20 19:29:26.157 31683 31683 D InputMethodManager: SSI - flag : 0 Pid : 31683 view : ro.samp_mobile.game
10-20 19:29:26.157 31683 31683 D InputMethodManager: prepareNavigationBarInfo() DecorView@8df305a[MainActivity]
10-20 19:29:26.157 31683 31683 D InputMethodManager: getNavigationBarColor() -855310
10-20 19:29:26.176 31683 31683 D InputTransport: Input channel constructed: fd=88
10-20 19:29:26.176 31683 31683 D ViewRootImpl@6ab18fa[PopupWindow:b5d688f]: setView = android.widget.PopupWindow$PopupDecorView{3d1feab V.E...... R.....I. 0,0-0,0} TM=true MM=false
10-20 19:29:26.184 31683 31683 I AssistStructure: Flattened final assist data: 21676 bytes, containing 2 windows, 87 views
10-20 19:29:26.186 31683 31683 D ViewRootImpl@6ab18fa[PopupWindow:b5d688f]: dispatchAttachedToWindow
10-20 19:29:26.197 31683 31683 D ViewRootImpl@6ab18fa[PopupWindow:b5d688f]: Relayout returned: old=[0,42][720,1396] new=[219,700][272,763] result=0x7 surface={valid=true 3823343616} changed=true
10-20 19:29:26.201 31683 31706 D mali_winsys: EGLint new_window_surface(egl_winsys_display *, void *, EGLSurface, EGLConfig, egl_winsys_surface **, EGLBoolean) returns 0x3000
10-20 19:29:26.201 31683 31706 D OpenGLRenderer: eglCreateWindowSurface = 0xc735dee0, 0xe3e39808
10-20 19:29:26.220 31683 31683 D ViewRootImpl@6ab18fa[PopupWindow:b5d688f]: MSG_RESIZED: frame=Rect(219, 700 - 272, 763) ci=Rect(0, 0 - 0, 0) vi=Rect(0, 0 - 0, 0) or=1
10-20 19:29:26.253 31683 31683 D ViewRootImpl@25d274[MainActivity]: MSG_RESIZED: frame=Rect(0, 0 - 720, 1480) ci=Rect(0, 0 - 0, 84) vi=Rect(0, 0 - 0, 669) or=1
10-20 19:29:26.263 31683 31683 W StaticLayout: maxLineHeight should not be -1. maxLines:1 lineCount:1
10-20 19:29:26.264 31683 31683 W StaticLayout: maxLineHeight should not be -1. maxLines:1 lineCount:1
10-20 19:29:26.267 31683 31683 W StaticLayout: maxLineHeight should not be -1. maxLines:1 lineCount:1
10-20 19:29:26.267 31683 31683 I chatty : uid=10554(ro.samp_mobile.game) identical 1 line
10-20 19:29:26.273 31683 31683 W StaticLayout: maxLineHeight should not be -1. maxLines:1 lineCount:1
10-20 19:29:26.273 31683 31683 W StaticLayout: maxLineHeight should not be -1. maxLines:1 lineCount:1
10-20 19:29:26.274 31683 31683 I chatty : uid=10554(ro.samp_mobile.game) identical 2 lines
10-20 19:29:26.275 31683 31683 W StaticLayout: maxLineHeight should not be -1. maxLines:1 lineCount:1
10-20 19:29:26.275 31683 31683 W StaticLayout: maxLineHeight should not be -1. maxLines:1 lineCount:1
10-20 19:29:26.282 31683 31683 I chatty : uid=10554(ro.samp_mobile.game) identical 9 lines
10-20 19:29:26.282 31683 31683 W StaticLayout: maxLineHeight should not be -1. maxLines:1 lineCount:1
10-20 19:29:26.287 31683 31683 W StaticLayout: maxLineHeight should not be -1. maxLines:1 lineCount:1
10-20 19:29:26.287 31683 31683 W StaticLayout: maxLineHeight should not be -1. maxLines:1 lineCount:1
10-20 19:29:26.287 31683 31683 W StaticLayout: maxLineHeight should not be -1. maxLines:1 lineCount:1
10-20 19:29:26.288 31683 31683 W StaticLayout: maxLineHeight should not be -1. maxLines:1 lineCount:1
10-20 19:29:26.288 31683 31683 I chatty : uid=10554(ro.samp_mobile.game) identical 1 line
10-20 19:29:26.288 31683 31683 W StaticLayout: maxLineHeight should not be -1. maxLines:1 lineCount:1
10-20 19:29:26.737 31683 31683 D ViewRootImpl@25d274[MainActivity]: ViewPostIme key 0
10-20 19:29:26.752 31683 31683 D ViewRootImpl@25d274[MainActivity]: ViewPostIme key 1
10-20 19:29:26.865 31683 31706 W libEGL : EGLNativeWindowType 0xe3e39808 disconnect failed
10-20 19:29:26.865 31683 31706 D OpenGLRenderer: eglDestroySurface = 0xc735dee0, 0xe3e39800
10-20 19:29:26.865 31683 31683 D ViewRootImpl@6ab18fa[PopupWindow:b5d688f]: dispatchDetachedFromWindow
10-20 19:29:26.869 31683 31683 D ViewRootImpl@6ab18fa[PopupWindow:b5d688f]: Surface release. android.view.ViewRootImpl.doDie:7956 android.view.ViewRootImpl.die:7924 android.view.WindowManagerGlobal.removeViewLocked:497 android.view.WindowManagerGlobal.removeView:435 android.view.WindowManagerImpl.removeViewImmediate:124 android.widget.PopupWindow.dismissImmediate:2242 android.widget.PopupWindow.dismiss:2185 android.widget.Editor$HandleView$10.onAnimationEnd:6087
10-20 19:29:26.879 31683 31683 D InputTransport: Input channel destroyed: fd=88
10-20 19:29:27.159 31683 31683 D ViewRootImpl@25d274[MainActivity]: ViewPostIme key 0
10-20 19:29:27.165 31683 31683 D ViewRootImpl@25d274[MainActivity]: ViewPostIme key 1
10-20 19:29:27.246 31683 31683 D ViewRootImpl@25d274[MainActivity]: ViewPostIme key 0
10-20 19:29:27.252 31683 31683 D ViewRootImpl@25d274[MainActivity]: ViewPostIme key 1
10-20 19:29:27.311 31683 31683 D ViewRootImpl@25d274[MainActivity]: ViewPostIme key 0
10-20 19:29:27.317 31683 31683 D ViewRootImpl@25d274[MainActivity]: ViewPostIme key 1
10-20 19:29:27.365 31683 31683 D ViewRootImpl@25d274[MainActivity]: ViewPostIme key 0
10-20 19:29:27.371 31683 31683 D ViewRootImpl@25d274[MainActivity]: ViewPostIme key 1
10-20 19:29:27.421 31683 31683 D ViewRootImpl@25d274[MainActivity]: ViewPostIme key 0
10-20 19:29:27.429 31683 31683 D ViewRootImpl@25d274[MainActivity]: ViewPostIme key 1
10-20 19:29:27.478 31683 31683 D ViewRootImpl@25d274[MainActivity]: ViewPostIme key 0
10-20 19:29:27.485 31683 31683 D ViewRootImpl@25d274[MainActivity]: ViewPostIme key 1
10-20 19:29:27.535 31683 31683 D ViewRootImpl@25d274[MainActivity]: ViewPostIme key 0
10-20 19:29:27.543 31683 31683 D ViewRootImpl@25d274[MainActivity]: ViewPostIme key 1
10-20 19:29:27.591 31683 31683 D ViewRootImpl@25d274[MainActivity]: ViewPostIme key 0
10-20 19:29:27.605 31683 31683 D ViewRootImpl@25d274[MainActivity]: ViewPostIme key 1
10-20 19:29:27.648 31683 31683 D ViewRootImpl@25d274[MainActivity]: ViewPostIme key 0
10-20 19:29:27.655 31683 31683 D ViewRootImpl@25d274[MainActivity]: ViewPostIme key 1
10-20 19:29:27.704 31683 31683 D ViewRootImpl@25d274[MainActivity]: ViewPostIme key 0
10-20 19:29:27.712 31683 31683 D ViewRootImpl@25d274[MainActivity]: ViewPostIme key 1
10-20 19:29:27.925 31683 31683 D ViewRootImpl@25d274[MainActivity]: ViewPostIme key 0
10-20 19:29:27.927 31683 31683 D ViewRootImpl@25d274[MainActivity]: ViewPostIme key 1
10-20 19:29:27.990 31683 31683 D ViewRootImpl@25d274[MainActivity]: ViewPostIme key 0
10-20 19:29:27.992 31683 31683 D ViewRootImpl@25d274[MainActivity]: ViewPostIme key 1
10-20 19:29:28.057 31683 31683 D ViewRootImpl@25d274[MainActivity]: ViewPostIme key 0
10-20 19:29:28.058 31683 31683 D ViewRootImpl@25d274[MainActivity]: ViewPostIme key 1
10-20 19:29:28.112 31683 31683 D ViewRootImpl@25d274[MainActivity]: ViewPostIme key 0
10-20 19:29:28.113 31683 31683 D ViewRootImpl@25d274[MainActivity]: ViewPostIme key 1
10-20 19:29:28.190 31683 31683 D ViewRootImpl@25d274[MainActivity]: ViewPostIme key 0
10-20 19:29:28.246 31683 31683 D ViewRootImpl@25d274[MainActivity]: ViewPostIme key 1
10-20 19:29:28.338 31683 31683 D ViewRootImpl@25d274[MainActivity]: ViewPostIme key 0
10-20 19:29:28.387 31683 31683 D ViewRootImpl@25d274[MainActivity]: ViewPostIme key 1
10-20 19:29:30.659 31683 31683 D ViewRootImpl@25d274[MainActivity]: ViewPostIme key 0
10-20 19:29:30.663 31683 31683 D ViewRootImpl@25d274[MainActivity]: ViewPostIme key 1
10-20 19:29:30.835 31683 31683 D ViewRootImpl@25d274[MainActivity]: ViewPostIme key 0
10-20 19:29:30.839 31683 31683 D ViewRootImpl@25d274[MainActivity]: ViewPostIme key 1
10-20 19:29:30.978 31683 31683 D ViewRootImpl@25d274[MainActivity]: ViewPostIme key 0
10-20 19:29:30.982 31683 31683 D ViewRootImpl@25d274[MainActivity]: ViewPostIme key 1
10-20 19:29:31.133 31683 31683 D ViewRootImpl@25d274[MainActivity]: ViewPostIme key 0
10-20 19:29:31.137 31683 31683 D ViewRootImpl@25d274[MainActivity]: ViewPostIme key 1
10-20 19:29:31.274 31683 31683 D ViewRootImpl@25d274[MainActivity]: ViewPostIme key 0
10-20 19:29:31.279 31683 31683 D ViewRootImpl@25d274[MainActivity]: ViewPostIme key 1
10-20 19:29:33.153 31683 31683 D ViewRootImpl@25d274[MainActivity]: ViewPostIme key 0
10-20 19:29:33.157 31683 31683 D ViewRootImpl@25d274[MainActivity]: ViewPostIme key 1
10-20 19:29:33.569 31683 31683 D InputMethodManager: prepareNavigationBarInfo() DecorView@8df305a[MainActivity]
10-20 19:29:33.569 31683 31683 D InputMethodManager: getNavigationBarColor() -855310
10-20 19:29:33.570 31683 31683 V InputMethodManager: Starting input: tba=ro.samp_mobile.game ic=r0.c@8af937f mNaviBarColor -855310 mIsGetNaviBarColorSuccess true , NavVisible : true , NavTrans : false
10-20 19:29:33.570 31683 31683 D InputMethodManager: startInputInner - Id : 0
10-20 19:29:33.577 31683 31683 I InputMethodManager: startInputInner - mService.startInputOrWindowGainedFocus
10-20 19:29:33.580 31683 31683 D InputTransport: Input channel constructed: fd=88
10-20 19:29:33.580 31683 31683 D InputTransport: Input channel destroyed: fd=83
10-20 19:29:33.588 31683 31683 I AssistStructure: Flattened final assist data: 21464 bytes, containing 1 windows, 86 views
10-20 19:29:34.451 31683 31683 D InputMethodManager: HSIFW - flag : 0 Pid : 31683
10-20 19:29:34.504 31683 31683 D ViewRootImpl@25d274[MainActivity]: MSG_RESIZED: frame=Rect(0, 0 - 720, 1480) ci=Rect(0, 0 - 0, 84) vi=Rect(0, 0 - 0, 84) or=1
10-20 19:29:34.514 31683 31683 W StaticLayout: maxLineHeight should not be -1. maxLines:1 lineCount:1
10-20 19:29:34.558 31683 31683 I chatty : uid=10554(ro.samp_mobile.game) identical 24 lines
10-20 19:29:34.558 31683 31683 W StaticLayout: maxLineHeight should not be -1. maxLines:1 lineCount:1
10-20 19:29:34.665 31683 31693 I amp_mobile.gam: Background concurrent copying GC freed 67756(3MB) AllocSpace objects, 31(700KB) LOS objects, 54% free, 5MB/11MB, paused 642us total 117.662ms
10-20 19:29:34.672 31683 31691 W System : A resource failed to call end.
10-20 19:29:34.672 31683 31691 W System : A resource failed to call end.
10-20 19:29:36.818 31683 31683 D ViewRootImpl@25d274[MainActivity]: ViewPostIme pointer 0
10-20 19:29:36.919 31683 31683 D ViewRootImpl@25d274[MainActivity]: ViewPostIme pointer 1
10-20 19:29:36.922 31683 31683 I System.out: saveServerSettings
10-20 19:29:36.956 31683 31683 D InputMethodManager: prepareNavigationBarInfo() DecorView@8df305a[MainActivity]
10-20 19:29:36.956 31683 31683 D InputMethodManager: getNavigationBarColor() -855310
10-20 19:29:36.956 31683 31683 V InputMethodManager: Starting input: tba=ro.samp_mobile.game ic=null mNaviBarColor -855310 mIsGetNaviBarColorSuccess true , NavVisible : true , NavTrans : false
10-20 19:29:36.956 31683 31683 D InputMethodManager: startInputInner - Id : 0
10-20 19:29:36.956 31683 31683 I InputMethodManager: startInputInner - mService.startInputOrWindowGainedFocus
10-20 19:29:36.957 31683 31683 D InputTransport: Input channel constructed: fd=90
10-20 19:29:36.957 31683 31683 D InputTransport: Input channel destroyed: fd=88
10-20 19:29:37.035 31683 31683 W ActivityThread: handleWindowVisibility: no activity for token android.os.BinderProxy@93cd013
10-20 19:29:37.052 31683 31683 I System.out: **** Loading SO's
10-20 19:29:37.052 31683 31683 I System.out: vmVersion 2.1.0
10-20 19:29:37.093 31683 31683 D NVEvent : JNI_OnLoad called
10-20 19:29:37.093 31683 31683 D NVEvent : RegisterNatives 13
10-20 19:29:37.100 31683 31683 I Alyn_SAMPAPK: SA-MP library loaded! Build time: Aug 15 2022 11:24:05
10-20 19:29:37.101 31683 31683 I Alyn_SAMPAPK: Loading BASS library..
10-20 19:29:37.106 31683 31683 I Alyn_SAMPAPK: Applying global patches..
10-20 19:29:37.107 31683 31683 I Alyn_SAMPAPK: CWorld::Players new address: 0xC0A03E00
10-20 19:29:37.108 31683 31683 I Alyn_SAMPAPK: AtomicModelsPool new address: 0xC0880000
10-20 19:29:37.117 31683 31683 I Alyn_SAMPAPK: Initializing RenderWare..
10-20 19:29:37.117 31683 31683 I Alyn_SAMPAPK: Initializing multi touch..
10-20 19:29:37.135 31683 31683 I System.out: GTASA onCreate
10-20 19:29:37.166 31683 31683 I System.out: **** onCreate
10-20 19:29:37.176 31683 31683 D OSWrapper: AttachCurrentThread: 0, 0x0xe9fe6480
10-20 19:29:37.177 31683 31683 I System.out: ln systemInit
10-20 19:29:37.177 31683 31683 I System.out: Calling init(false)
10-20 19:29:37.177 31683 31683 D NVEvent : Thiz NewGlobalRef: 0x0x28e2
10-20 19:29:37.177 31683 31683 D NVEvent : initMap
10-20 19:29:37.178 31683 31683 D NVEvent : file methods
10-20 19:29:37.178 31683 31683 D NVEvent : texture methods
10-20 19:29:37.178 31683 31683 D NVEvent : Leave NVEventInit
10-20 19:29:37.178 31683 31683 D WarGamepad: JNI Init
10-20 19:29:37.178 31683 31683 D WarGamepad: JNI Done Init
10-20 19:29:37.178 31683 31683 D OSWrapper: JNI Init (Billing)
10-20 19:29:37.178 31683 31683 D OSWrapper: JNI Init Done (Billing)
10-20 19:29:37.179 31683 31683 D NVEvent : Calling NVEventAppInit
10-20 19:29:37.179 31683 31683 D OSWrapper: Storage root is /storage/emulated/0/Android/data/ro.samp_mobile.game/files/
10-20 19:29:37.179 31683 31683 D NVEvent : spawning thread support supportPauseResume 1
10-20 19:29:37.179 31683 31683 D NVEvent : No app jni
10-20 19:29:37.179 31683 31683 D NVEvent : thread spawned
10-20 19:29:37.179 31683 31683 I System.out: Calling initializeSAMP
10-20 19:29:37.179 31683 32117 D OSWrapper: AttachCurrentThread: 0, 0x0xc5cd0800
10-20 19:29:37.179 31683 32117 I System.out: **** GetDeviceInfo
10-20 19:29:37.179 31683 31683 I Alyn_SAMPAPK: Initializing java..
10-20 19:29:37.179 31683 32117 I System.out: Return for touchsreen 1
10-20 19:29:37.179 31683 31683 I System.out: Called
10-20 19:29:37.181 31683 31683 I DecorView: createDecorCaptionView >> DecorView@1fcbd5f[], isFloating: false, isApplication: true, hasWindowDecorCaption: false, hasWindowControllerCallback: true
10-20 19:29:37.206 31683 31683 E WarBase : Creating USB intent receiver
10-20 19:29:37.207 31683 31683 E WarBase : Receiver set up
10-20 19:29:37.208 31683 31683 E WarGamepad: Product dream2ltexx
10-20 19:29:37.208 31683 31683 E WarGamepad: Device dream2lte
10-20 19:29:37.209 31683 31683 I System.out: GTASA onStart
10-20 19:29:37.210 31683 31683 I System.out: GTASA onResume
10-20 19:29:37.210 31683 31683 E WarBase : OnResume -> Intent: Intent { flg=0x10000000 cmp=ro.samp_mobile.game/.GTASA (has extras) }
10-20 19:29:37.210 31683 31683 I System.out: **** onResume
10-20 19:29:37.217 31683 31683 D SensorManager: registerListener :: 6, LSM6DSL Acceleration Sensor, 20000, 0,
10-20 19:29:37.223 31683 31683 D InputTransport: Input channel constructed: fd=92
10-20 19:29:37.223 31683 31683 D ViewRootImpl@db2589c[GTASA]: setView = DecorView@1fcbd5f[GTASA] TM=true MM=false
10-20 19:29:37.224 31683 31683 D SurfaceView: onWindowVisibilityChanged(0) true android.view.SurfaceView{9772a5 VFE...... ......I. 0,0-0,0 #7f08013a app:id/main_sv} of ViewRootImpl@db2589c[GTASA]
10-20 19:29:37.226 31683 31683 D ViewRootImpl@db2589c[GTASA]: dispatchAttachedToWindow
10-20 19:29:37.238 31683 31683 D ViewRootImpl@db2589c[GTASA]: Relayout returned: old=[0,0][1480,720] new=[0,0][1480,720] result=0x7 surface={valid=true 3320821760} changed=true
10-20 19:29:37.239 31683 31706 D mali_winsys: EGLint new_window_surface(egl_winsys_display *, void *, EGLSurface, EGLConfig, egl_winsys_surface **, EGLBoolean) returns 0x3000
10-20 19:29:37.240 31683 31706 D OpenGLRenderer: eglCreateWindowSurface = 0xc5e0c420, 0xc5efb808
10-20 19:29:37.242 31683 31683 D SurfaceView: show() Surface(name=SurfaceView - ro.samp_mobile.game/ro.samp_mobile.game.GTASA@9772a5@0[31683])/@0x35b5e2b android.view.SurfaceView{9772a5 VFE...... .F....ID 0,0-1480,720 #7f08013a app:id/main_sv}
10-20 19:29:37.245 31683 31683 D SurfaceView: surfaceCreated 1 #8 android.view.SurfaceView{9772a5 VFE...... .F....ID 0,0-1480,720 #7f08013a app:id/main_sv}
10-20 19:29:37.245 31683 31683 I System.out: systemInit.surfaceCreated
10-20 19:29:37.245 31683 31683 I System.out: surfaceCreated: w:0, h:0
10-20 19:29:37.245 31683 31683 D SurfaceView: surfaceChanged (1480,720) 1 #8 android.view.SurfaceView{9772a5 VFE...... .F....ID 0,0-1480,720 #7f08013a app:id/main_sv}
10-20 19:29:37.245 31683 31683 I System.out: Surface changed: 1480, 720
10-20 19:29:37.246 31683 31683 D ViewRootImpl@25d274[MainActivity]: MSG_WINDOW_FOCUS_CHANGED 0 1
10-20 19:29:37.247 31683 31683 D InputMethodManager: prepareNavigationBarInfo() DecorView@8df305a[MainActivity]
10-20 19:29:37.247 31683 31683 D InputMethodManager: getNavigationBarColor() -855310
10-20 19:29:37.258 31683 31683 D InputTransport: Input channel constructed: fd=96
10-20 19:29:37.258 31683 31683 D ViewRootImpl@6e52ad2[Toast]: setView = android.widget.LinearLayout{30b67a3 V.E...... ......I. 0,0-0,0} TM=true MM=false
10-20 19:29:37.258 31683 31683 V Toast : Text: TA-M in android.widget.Toast$TN@80faa0
10-20 19:29:37.268 31683 31683 D InputTransport: Input channel constructed: fd=99
10-20 19:29:37.268 31683 31683 D ViewRootImpl@b0b20cc[PopupWindow:b07a659]: setView = android.widget.PopupWindow$PopupDecorView{1834f15 V.E...... R.....I. 0,0-0,0} TM=true MM=false
10-20 19:29:37.276 31683 31683 D ViewRootImpl@db2589c[GTASA]: Relayout returned: old=[0,0][1480,720] new=[0,0][1480,720] result=0x3 surface={valid=true 3320821760} changed=false
10-20 19:29:37.284 31683 31683 D ViewRootImpl@6e52ad2[Toast]: dispatchAttachedToWindow
10-20 19:29:37.300 31683 31683 D ViewRootImpl@6e52ad2[Toast]: Relayout returned: old=[0,42][1396,720] new=[555,531][840,608] result=0x7 surface={valid=true 3228039168} changed=true
10-20 19:29:37.302 31683 31683 D ViewRootImpl@b0b20cc[PopupWindow:b07a659]: dispatchAttachedToWindow
10-20 19:29:37.302 31683 31706 D mali_winsys: EGLint new_window_surface(egl_winsys_display *, void *, EGLSurface, EGLConfig, egl_winsys_surface **, EGLBoolean) returns 0x3000
10-20 19:29:37.302 31683 31706 D OpenGLRenderer: eglCreateWindowSurface = 0xc5be9400, 0xc067f808
10-20 19:29:37.312 31683 31683 D ViewRootImpl@b0b20cc[PopupWindow:b07a659]: Relayout returned: old=[0,42][1396,720] new=[0,0][0,720] result=0x7 surface={valid=true 3224481792} changed=true
10-20 19:29:37.314 31683 31706 D mali_winsys: EGLint new_window_surface(egl_winsys_display *, void *, EGLSurface, EGLConfig, egl_winsys_surface **, EGLBoolean) returns 0x3000
10-20 19:29:37.314 31683 31706 D OpenGLRenderer: eglCreateWindowSurface = 0xc5be93a0, 0xc031b008
10-20 19:29:37.316 31683 31683 D ViewRootImpl@db2589c[GTASA]: MSG_WINDOW_FOCUS_CHANGED 1 1
10-20 19:29:37.324 31683 31683 D InputMethodManager: prepareNavigationBarInfo() DecorView@1fcbd5f[GTASA]
10-20 19:29:37.324 31683 31683 D InputMethodManager: getNavigationBarColor() -855310
10-20 19:29:37.350 31683 31683 D InputMethodManager: prepareNavigationBarInfo() DecorView@1fcbd5f[GTASA]
10-20 19:29:37.350 31683 31683 D InputMethodManager: getNavigationBarColor() -855310
10-20 19:29:37.350 31683 31683 V InputMethodManager: Starting input: tba=ro.samp_mobile.game ic=null mNaviBarColor -855310 mIsGetNaviBarColorSuccess true , NavVisible : false , NavTrans : false
10-20 19:29:37.350 31683 31683 D InputMethodManager: startInputInner - Id : 0
10-20 19:29:37.350 31683 31683 I InputMethodManager: startInputInner - mService.startInputOrWindowGainedFocus
10-20 19:29:37.354 31683 31683 D InputTransport: Input channel constructed: fd=103
10-20 19:29:37.354 31683 31683 D InputTransport: Input channel destroyed: fd=90
10-20 19:29:37.355 31683 31683 D ViewRootImpl@db2589c[GTASA]: MSG_RESIZED_REPORT: frame=Rect(0, 0 - 1480, 720) ci=Rect(0, 0 - 84, 0) vi=Rect(0, 0 - 84, 0) or=2
10-20 19:29:37.379 31683 31683 D ViewRootImpl@6e52ad2[Toast]: MSG_RESIZED_REPORT: frame=Rect(555, 531 - 840, 608) ci=Rect(0, 0 - 0, 0) vi=Rect(0, 0 - 0, 0) or=2
10-20 19:29:37.380 31683 31683 D ViewRootImpl@b0b20cc[PopupWindow:b07a659]: MSG_RESIZED_REPORT: frame=Rect(0, 0 - 0, 720) ci=Rect(0, 0 - 0, 0) vi=Rect(0, 0 - 0, 0) or=2
10-20 19:29:37.387 31683 31706 W libEGL : EGLNativeWindowType 0xc7847008 disconnect failed
10-20 19:29:37.388 31683 31706 D OpenGLRenderer: eglDestroySurface = 0xe4105540, 0xc7847000
10-20 19:29:37.397 31683 31683 D ViewRootImpl@25d274[MainActivity]: Relayout returned: old=[0,0][720,1480] new=[0,0][720,1480] result=0x5 surface={valid=false 0} changed=true
10-20 19:29:37.417 31683 31683 D ViewRootImpl@25d274[MainActivity]: setWindowStopped(true) old=false
10-20 19:29:37.417 31683 31683 D ViewRootImpl@25d274[MainActivity]: Surface release. android.view.WindowManagerGlobal.setStoppedState:669 android.app.Activity.performStop:7647 android.app.ActivityThread.callActivityOnStop:4373 android.app.ActivityThread.performStopActivityInner:4351 android.app.ActivityThread.handleStopActivity:4426 android.app.servertransaction.TransactionExecutor.performLifecycleSequence:192 android.app.servertransaction.TransactionExecutor.cycleToPath:165 android.app.servertransaction.TransactionExecutor.executeLifecycleState:142
10-20 19:29:37.433 31683 31683 D ViewRootImpl@25d274[MainActivity]: dispatchDetachedFromWindow
10-20 19:29:37.433 31683 31683 D ViewRootImpl@25d274[MainActivity]: Surface release. android.view.ViewRootImpl.doDie:7956 android.view.ViewRootImpl.die:7924 android.view.WindowManagerGlobal.removeViewLocked:497 android.view.WindowManagerGlobal.removeView:435 android.view.WindowManagerImpl.removeViewImmediate:124 android.app.ActivityThread.handleDestroyActivity:4748 android.app.servertransaction.DestroyActivityItem.execute:39 android.app.servertransaction.TransactionExecutor.executeLifecycleState:145
10-20 19:29:37.439 31683 31683 D InputTransport: Input channel destroyed: fd=57
10-20 19:29:38.205 31683 32118 I System.out: Call from DoResumeEvent
10-20 19:29:38.205 31683 32117 I System.out: lnitEGLAndGLES2
10-20 19:29:38.208 31683 32117 I System.out: eglDisplay: com.google.android.gles_jni.EGLDisplayImpl@210, errr: 12288
10-20 19:29:38.208 31683 32117 I System.out: EGLInitialize returned: true
10-20 19:29:38.208 31683 32117 I System.out: eglInitialize err: 12288
10-20 19:29:38.208 31683 32117 I System.out: eglChooseConfig err: 12288
10-20 19:29:38.208 31683 32117 I System.out: >>> EGL Config [0] R10G10B10A2 D24S8
10-20 19:29:38.208 31683 32117 I System.out: --------------------------
10-20 19:29:38.208 31683 32117 I System.out: New config chosen: 0
10-20 19:29:38.209 31683 32117 I System.out: setting 0, matches: 69
10-20 19:29:38.209 31683 32117 I System.out: setting 1, matches: 10
10-20 19:29:38.209 31683 32117 I System.out: setting 2, matches: 10
10-20 19:29:38.209 31683 32117 I System.out: setting 3, matches: 10
10-20 19:29:38.209 31683 32117 I System.out: setting 4, matches: 2
10-20 19:29:38.209 31683 32117 I System.out: setting 5, matches: 8
10-20 19:29:38.209 31683 32117 I System.out: setting 6, matches: 24
10-20 19:29:38.209 31683 32117 I System.out: >>> EGL Config [1] R8G8B8A0 D24S8
10-20 19:29:38.209 31683 32117 I System.out: --------------------------
10-20 19:29:38.209 31683 32117 I System.out: New config chosen: 1
10-20 19:29:38.209 31683 32117 I System.out: setting 0, matches: 69
10-20 19:29:38.209 31683 32117 I System.out: setting 1, matches: 8
10-20 19:29:38.209 31683 32117 I System.out: setting 2, matches: 8
10-20 19:29:38.209 31683 32117 I System.out: setting 3, matches: 8
10-20 19:29:38.209 31683 32117 I System.out: setting 4, matches: 0
10-20 19:29:38.209 31683 32117 I System.out: setting 5, matches: 8
10-20 19:29:38.209 31683 32117 I System.out: setting 6, matches: 24
10-20 19:29:38.209 31683 32117 I System.out: >>> EGL Config [2] R8G8B8A0 D24S8
10-20 19:29:38.209 31683 32117 I System.out: >>> EGL Config [3] R8G8B8A0 D24S8
10-20 19:29:38.209 31683 32117 I System.out: >>> EGL Config [4] R8G8B8A0 D24S8
10-20 19:29:38.209 31683 32117 I System.out: >>> EGL Config [5] R8G8B8A8 D24S0
10-20 19:29:38.209 31683 32117 I System.out: >>> EGL Config [6] R8G8B8A8 D24S8
10-20 19:29:38.209 31683 32117 I System.out: >>> EGL Config [7] R8G8B8A8 D24S8
10-20 19:29:38.209 31683 32117 I System.out: >>> EGL Config [8] R8G8B8A8 D24S8
10-20 19:29:38.209 31683 32117 I System.out: >>> EGL Config [9] R8G8B8A8 D24S8
10-20 19:29:38.210 31683 32117 I System.out: >>> EGL Config [10] R5G6B5A0 D24S0
10-20 19:29:38.210 31683 32117 I System.out: --------------------------
10-20 19:29:38.210 31683 32117 I System.out: New config chosen: 10
10-20 19:29:38.210 31683 32117 I System.out: setting 0, matches: 69
10-20 19:29:38.210 31683 32117 I System.out: setting 1, matches: 5
10-20 19:29:38.210 31683 32117 I System.out: setting 2, matches: 6
10-20 19:29:38.210 31683 32117 I System.out: setting 3, matches: 5
10-20 19:29:38.210 31683 32117 I System.out: setting 4, matches: 0
10-20 19:29:38.210 31683 32117 I System.out: setting 5, matches: 0
10-20 19:29:38.210 31683 32117 I System.out: setting 6, matches: 24
10-20 19:29:38.210 31683 32117 I System.out: >>> EGL Config [11] R5G6B5A0 D24S8
10-20 19:29:38.210 31683 32117 I System.out: >>> EGL Config [12] R5G6B5A0 D24S8
10-20 19:29:38.210 31683 32117 I System.out: >>> EGL Config [13] R5G6B5A0 D24S8
10-20 19:29:38.210 31683 32117 I System.out: >>> EGL Config [14] R5G6B5A0 D24S8
10-20 19:29:38.212 31683 32117 I System.out: eglCreateContext: 12288
10-20 19:29:38.212 31683 32117 I System.out: Should we create a surface?
10-20 19:29:38.212 31683 32117 I System.out: Yes! Calling create surface
10-20 19:29:38.213 31683 32117 D mali_winsys: EGLint new_window_surface(egl_winsys_display *, void *, EGLSurface, EGLConfig, egl_winsys_surface **, EGLBoolean) returns 0x3000
10-20 19:29:38.213 31683 32117 I System.out: eglSurface: com.google.android.gles_jni.EGLSurfaceImpl@c5e0d70f, err: 12288
10-20 19:29:38.213 31683 32117 I System.out: checking glVendor == null?
10-20 19:29:38.213 31683 32117 I System.out: Making current and back
10-20 19:29:38.213 31683 32117 I System.out: Vendor: ARM
10-20 19:29:38.213 31683 32117 I System.out: Extensions GL_EXT_debug_marker GL_ARM_rgba8 GL_ARM_mali_shader_binary GL_OES_depth24 GL_OES_depth_texture GL_OES_depth_texture_cube_map GL_OES_packed_depth_stencil GL_OES_rgb8_rgba8 GL_EXT_read_format_bgra GL_OES_compressed_paletted_texture GL_OES_compressed_ETC1_RGB8_texture GL_OES_standard_derivatives GL_OES_EGL_image GL_OES_EGL_image_external GL_OES_EGL_image_external_essl3 GL_OES_EGL_sync GL_OES_texture_npot GL_OES_vertex_half_float GL_OES_required_internalformat GL_OES_vertex_array_object GL_OES_mapbuffer GL_EXT_texture_format_BGRA8888 GL_EXT_texture_rg GL_EXT_texture_type_2_10_10_10_REV GL_OES_fbo_render_mipmap GL_OES_element_index_uint GL_EXT_shadow_samplers GL_OES_texture_compression_astc GL_KHR_texture_compression_astc_ldr GL_KHR_texture_compression_astc_hdr GL_KHR_texture_compression_astc_sliced_3d GL_KHR_debug GL_EXT_occlusion_query_boolean GL_EXT_disjoint_timer_query GL_EXT_blend_minmax GL_EXT_discard_framebuffer GL_OES_get_program_binary GL_OES_texture_3D GL_EXT_texture_storage GL_EXT_multisampled_render_to_texture GL_EXT_multisampled_render_to_texture2 GL_OES_surfaceless_context GL_OES_texture_stencil8 GL_EXT_shader_pixel_local_storage GL_ARM_shader_framebuffer_fetch GL_ARM_shader_framebuffer_fetch_depth_stencil GL_ARM_mali_program_binary GL_EXT_sRGB GL_EXT_sRGB_write_control GL_EXT_texture_sRGB_decode GL_EXT_texture_sRGB_R8 GL_EXT_texture_sRGB_RG8 GL_KHR_blend_equation_advanced GL_KHR_blend_equation_advanced_coherent GL_OES_texture_storage_multisample_2d_array GL_OES_shader_image_atomic GL_EXT_robustness GL_EXT_draw_buffers_indexed GL_OES_draw_buffers_indexed GL_EXT_texture_border_clamp GL_OES_texture_border_clamp GL_EXT_texture_cube_map_array GL_OES_texture_cube_map_array GL_OES_sample_variables GL_OES_sample_shading GL_OES_shader_multisample_interpolation GL_EXT_shader_io_blocks GL_OES_shader_io_blocks GL_EXT_tessellation_shader GL_OES_tessellation_shader GL_EXT_primitive_bounding_box GL_OES_primitive_bounding_box GL_EXT_geometry_shader GL_OES_geometry_shader GL_ANDROID_extension_pack_es31a GL_EXT_gpu_shader5 GL_OES_gpu_shader5 GL_EXT_texture_buffer GL_OES_texture_buffer GL_EXT_copy_image GL_OES_copy_image GL_EXT_shader_non_constant_global_initializers GL_EXT_color_buffer_half_float GL_EXT_color_buffer_float GL_EXT_YUV_target GL_OVR_multiview GL_OVR_multiview2 GL_OVR_multiview_multisampled_render_to_texture GL_KHR_robustness GL_KHR_robust_buffer_access_behavior GL_EXT_draw_elements_base_vertex GL_OES_draw_elements_base_vertex GL_EXT_protected_textures GL_EXT_buffer_storage GL_EXT_external_buffer GL_EXT_EGL_image_array
10-20 19:29:38.214 31683 32117 I System.out: Renderer: Mali-G71
10-20 19:29:38.214 31683 32117 I System.out: GIVersion: OpenGL ES 3.2 v1.r16p0-01rel0.###other-sha0123456789ABCDEF0###
10-20 19:29:38.214 31683 32117 I System.out: Done create EGL surface
10-20 19:29:38.214 31683 32117 I System.out: Done creating surface
10-20 19:29:38.214 31683 32117 V nv_syscaps: !!> EGL_EXTENSIONS:
10-20 19:29:38.214 31683 32117 V nv_syscaps: ..> EGL_KHR_get_all_proc_addresses
10-20 19:29:38.214 31683 32117 V nv_syscaps: ..> EGL_ANDROID_presentation_time
10-20 19:29:38.214 31683 32117 V nv_syscaps: ..> EGL_KHR_swap_buffers_with_damage
10-20 19:29:38.214 31683 32117 V nv_syscaps: ..> EGL_ANDROID_get_native_client_buffer
10-20 19:29:38.214 31683 32117 V nv_syscaps: ..> EGL_ANDROID_front_buffer_auto_refresh
10-20 19:29:38.214 31683 32117 V nv_syscaps: ..> EGL_ANDROID_get_frame_timestamps
10-20 19:29:38.214 31683 32117 V nv_syscaps: ..> EGL_EXT_surface_SMPTE2086_metadata
10-20 19:29:38.214 31683 32117 V nv_syscaps: ..> EGL_EXT_surface_CTA861_3_metadata
10-20 19:29:38.214 31683 32117 V nv_syscaps: ..> EGL_KHR_image
10-20 19:29:38.214 31683 32117 V nv_syscaps: ..> EGL_KHR_image_base
10-20 19:29:38.214 31683 32117 V nv_syscaps: ..> EGL_EXT_image_gl_colorspace
10-20 19:29:38.214 31683 32117 V nv_syscaps: ..> EGL_KHR_gl_colorspace
10-20 19:29:38.214 31683 32117 V nv_syscaps: ..> EGL_KHR_gl_texture_2D_image
10-20 19:29:38.214 31683 32117 V nv_syscaps: ..> EGL_KHR_gl_texture_cubemap_image
10-20 19:29:38.214 31683 32117 V nv_syscaps: ..> EGL_KHR_gl_renderbuffer_image
10-20 19:29:38.214 31683 32117 V nv_syscaps: ..> EGL_KHR_fence_sync
10-20 19:29:38.214 31683 32117 V nv_syscaps: ..> EGL_KHR_create_context
10-20 19:29:38.214 31683 32117 V nv_syscaps: ..> EGL_KHR_config_attribs
10-20 19:29:38.214 31683 32117 V nv_syscaps: ..> EGL_KHR_surfaceless_context
10-20 19:29:38.214 31683 32117 V nv_syscaps: ..> EGL_EXT_create_context_robustness
10-20 19:29:38.214 31683 32117 V nv_syscaps: ..> EGL_ANDROID_image_native_buffer
10-20 19:29:38.214 31683 32117 V nv_syscaps: ..> EGL_KHR_wait_sync
10-20 19:29:38.214 31683 32117 V nv_syscaps: ..> EGL_ANDROID_recordable
10-20 19:29:38.214 31683 32117 V nv_syscaps: ..> EGL_KHR_partial_update
10-20 19:29:38.214 31683 32117 V nv_syscaps: ..> EGL_EXT_pixel_format_float
10-20 19:29:38.214 31683 32117 V nv_syscaps: ..> EGL_KHR_mutable_render_buffer
10-20 19:29:38.214 31683 32117 V nv_syscaps: ..> EGL_EXT_protected_content
10-20 19:29:38.214 31683 32117 V nv_syscaps: ..> EGL_IMG_context_priority
10-20 19:29:38.214 31683 32117 V nv_syscaps: ..> EGL_KHR_no_config_context
10-20 19:29:38.214 31683 32117 V nv_syscaps: !!> GL_EXTENSIONS:
10-20 19:29:38.214 31683 32117 V nv_syscaps: ..> GL_EXT_debug_marker
10-20 19:29:38.214 31683 32117 V nv_syscaps: ..> GL_ARM_rgba8
10-20 19:29:38.214 31683 32117 V nv_syscaps: ..> GL_ARM_mali_shader_binary
10-20 19:29:38.215 31683 32117 V nv_syscaps: ..> GL_OES_depth24
10-20 19:29:38.215 31683 32117 V nv_syscaps: ..> GL_OES_depth_texture
10-20 19:29:38.215 31683 32117 V nv_syscaps: ..> GL_OES_depth_texture_cube_map
10-20 19:29:38.215 31683 32117 V nv_syscaps: ..> GL_OES_packed_depth_stencil
10-20 19:29:38.215 31683 32117 V nv_syscaps: ..> GL_OES_rgb8_rgba8
10-20 19:29:38.215 31683 32117 V nv_syscaps: ..> GL_EXT_read_format_bgra
10-20 19:29:38.215 31683 32117 V nv_syscaps: ..> GL_OES_compressed_paletted_texture
10-20 19:29:38.215 31683 32117 V nv_syscaps: ..> GL_OES_compressed_ETC1_RGB8_texture
10-20 19:29:38.215 31683 32117 V nv_syscaps: ..> GL_OES_standard_derivatives
10-20 19:29:38.215 31683 32117 V nv_syscaps: ..> GL_OES_EGL_image
10-20 19:29:38.215 31683 32117 V nv_syscaps: ..> GL_OES_EGL_image_external
10-20 19:29:38.215 31683 32117 V nv_syscaps: ..> GL_OES_EGL_image_external_essl3
10-20 19:29:38.215 31683 32117 V nv_syscaps: ..> GL_OES_EGL_sync
10-20 19:29:38.215 31683 32117 V nv_syscaps: ..> GL_OES_texture_npot
10-20 19:29:38.215 31683 32117 V nv_syscaps: ..> GL_OES_vertex_half_float
10-20 19:29:38.215 31683 32117 V nv_syscaps: ..> GL_OES_required_internalformat
10-20 19:29:38.215 31683 32117 V nv_syscaps: ..> GL_OES_vertex_array_object
10-20 19:29:38.215 31683 32117 V nv_syscaps: ..> GL_OES_mapbuffer
10-20 19:29:38.215 31683 32117 V nv_syscaps: ..> GL_EXT_texture_format_BGRA8888
10-20 19:29:38.215 31683 32117 V nv_syscaps: ..> GL_EXT_texture_rg
10-20 19:29:38.215 31683 32117 V nv_syscaps: ..> GL_EXT_texture_type_2_10_10_10_REV
10-20 19:29:38.215 31683 32117 V nv_syscaps: ..> GL_OES_fbo_render_mipmap
10-20 19:29:38.215 31683 32117 V nv_syscaps: ..> GL_OES_element_index_uint
10-20 19:29:38.215 31683 32117 V nv_syscaps: ..> GL_EXT_shadow_samplers
10-20 19:29:38.215 31683 32117 V nv_syscaps: ..> GL_OES_texture_compression_astc
10-20 19:29:38.215 31683 32117 V nv_syscaps: ..> GL_KHR_texture_compression_astc_ldr
10-20 19:29:38.215 31683 32117 V nv_syscaps: ..> GL_KHR_texture_compression_astc_hdr
10-20 19:29:38.215 31683 32117 V nv_syscaps: ..> GL_KHR_texture_compression_astc_sliced_3d
10-20 19:29:38.215 31683 32117 V nv_syscaps: ..> GL_KHR_debug
10-20 19:29:38.215 31683 32117 V nv_syscaps: ..> GL_EXT_occlusion_query_boolean
10-20 19:29:38.215 31683 32117 V nv_syscaps: ..> GL_EXT_disjoint_timer_query
10-20 19:29:38.215 31683 32117 V nv_syscaps: ..> GL_EXT_blend_minmax
10-20 19:29:38.215 31683 32117 V nv_syscaps: ..> GL_EXT_discard_framebuffer
10-20 19:29:38.215 31683 32117 V nv_syscaps: ..> GL_OES_get_program_binary
10-20 19:29:38.215 31683 32117 V nv_syscaps: ..> GL_OES_texture_3D
10-20 19:29:38.215 31683 32117 V nv_syscaps: ..> GL_EXT_texture_storage
10-20 19:29:38.215 31683 32117 V nv_syscaps: ..> GL_EXT_multisampled_render_to_texture
10-20 19:29:38.215 31683 32117 V nv_syscaps: ..> GL_EXT_multisampled_render_to_texture2
10-20 19:29:38.215 31683 32117 V nv_syscaps: ..> GL_OES_surfaceless_context
10-20 19:29:38.215 31683 32117 V nv_syscaps: ..> GL_OES_texture_stencil8
10-20 19:29:38.215 31683 32117 V nv_syscaps: ..> GL_EXT_shader_pixel_local_storage
10-20 19:29:38.215 31683 32117 V nv_syscaps: ..> GL_ARM_shader_framebuffer_fetch
10-20 19:29:38.215 31683 32117 V nv_syscaps: ..> GL_ARM_shader_framebuffer_fetch_depth_stencil
10-20 19:29:38.215 31683 32117 V nv_syscaps: ..> GL_ARM_mali_program_binary
10-20 19:29:38.215 31683 32117 V nv_syscaps: ..> GL_EXT_sRGB
10-20 19:29:38.215 31683 32117 V nv_syscaps: ..> GL_EXT_sRGB_write_control
10-20 19:29:38.215 31683 32117 V nv_syscaps: ..> GL_EXT_texture_sRGB_decode
10-20 19:29:38.215 31683 32117 V nv_syscaps: ..> GL_EXT_texture_sRGB_R8
10-20 19:29:38.215 31683 32117 V nv_syscaps: ..> GL_EXT_texture_sRGB_RG8
10-20 19:29:38.215 31683 32117 V nv_syscaps: ..> GL_KHR_blend_equation_advanced
10-20 19:29:38.215 31683 32117 V nv_syscaps: ..> GL_KHR_blend_equation_advanced_coherent
10-20 19:29:38.215 31683 32117 V nv_syscaps: ..> GL_OES_texture_storage_multisample_2d_array
10-20 19:29:38.215 31683 32117 V nv_syscaps: ..> GL_OES_shader_image_atomic
10-20 19:29:38.215 31683 32117 V nv_syscaps: ..> GL_EXT_robustness
10-20 19:29:38.215 31683 32117 V nv_syscaps: ..> GL_EXT_draw_buffers_indexed
10-20 19:29:38.215 31683 32117 V nv_syscaps: ..> GL_OES_draw_buffers_indexed
10-20 19:29:38.215 31683 32117 V nv_syscaps: ..> GL_EXT_texture_border_clamp
10-20 19:29:38.215 31683 32117 V nv_syscaps: ..> GL_OES_texture_border_clamp
10-20 19:29:38.216 31683 32117 V nv_syscaps: ..> GL_EXT_texture_cube_map_array
10-20 19:29:38.216 31683 32117 V nv_syscaps: ..> GL_OES_texture_cube_map_array
10-20 19:29:38.216 31683 32117 V nv_syscaps: ..> GL_OES_sample_variables
10-20 19:29:38.216 31683 32117 V nv_syscaps: ..> GL_OES_sample_shading
10-20 19:29:38.216 31683 32117 V nv_syscaps: ..> GL_OES_shader_multisample_interpolation
10-20 19:29:38.216 31683 32117 V nv_syscaps: ..> GL_EXT_shader_io_blocks
10-20 19:29:38.216 31683 32117 V nv_syscaps: ..> GL_OES_shader_io_blocks
10-20 19:29:38.216 31683 32117 V nv_syscaps: ..> GL_EXT_tessellation_shader
10-20 19:29:38.216 31683 32117 V nv_syscaps: ..> GL_OES_tessellation_shader
10-20 19:29:38.216 31683 32117 V nv_syscaps: ..> GL_EXT_primitive_bounding_box
10-20 19:29:38.216 31683 32117 V nv_syscaps: ..> GL_OES_primitive_bounding_box
10-20 19:29:38.216 31683 32117 V nv_syscaps: ..> GL_EXT_geometry_shader
10-20 19:29:38.216 31683 32117 V nv_syscaps: ..> GL_OES_geometry_shader
10-20 19:29:38.216 31683 32117 V nv_syscaps: ..> GL_ANDROID_extension_pack_es31a
10-20 19:29:38.216 31683 32117 V nv_syscaps: ..> GL_EXT_gpu_shader5
10-20 19:29:38.216 31683 32117 V nv_syscaps: ..> GL_OES_gpu_shader5
10-20 19:29:38.216 31683 32117 V nv_syscaps: ..> GL_EXT_texture_buffer
10-20 19:29:38.216 31683 32117 V nv_syscaps: ..> GL_OES_texture_buffer
10-20 19:29:38.216 31683 32117 V nv_syscaps: ..> GL_EXT_copy_image
10-20 19:29:38.216 31683 32117 V nv_syscaps: ..> GL_OES_copy_image
10-20 19:29:38.216 31683 32117 V nv_syscaps: ..> GL_EXT_shader_non_constant_global_initializers
10-20 19:29:38.216 31683 32117 V nv_syscaps: ..> GL_EXT_color_buffer_half_float
10-20 19:29:38.216 31683 32117 V nv_syscaps: ..> GL_EXT_color_buffer_float
10-20 19:29:38.216 31683 32117 V nv_syscaps: ..> GL_EXT_YUV_target
10-20 19:29:38.216 31683 32117 V nv_syscaps: ..> GL_OVR_multiview
10-20 19:29:38.216 31683 32117 V nv_syscaps: ..> GL_OVR_multiview2
10-20 19:29:38.216 31683 32117 V nv_syscaps: ..> GL_OVR_multiview_multisampled_render_to_texture
10-20 19:29:38.216 31683 32117 V nv_syscaps: ..> GL_KHR_robustness
10-20 19:29:38.216 31683 32117 V nv_syscaps: ..> GL_KHR_robust_buffer_access_behavior
10-20 19:29:38.216 31683 32117 V nv_syscaps: ..> GL_EXT_draw_elements_base_vertex
10-20 19:29:38.216 31683 32117 V nv_syscaps: ..> GL_OES_draw_elements_base_vertex
10-20 19:29:38.216 31683 32117 V nv_syscaps: ..> GL_EXT_protected_textures
10-20 19:29:38.216 31683 32117 V nv_syscaps: ..> GL_EXT_buffer_storage
