10-20 19:29:38.216 31683 32117 V nv_syscaps: ..> GL_EXT_external_buffer
10-20 19:29:38.216 31683 32117 V nv_syscaps: ..> GL_EXT_EGL_image_array
10-20 19:29:38.217 31683 32117 I System.out: Build info version device dream2lte
10-20 19:29:38.217 31683 32117 I System.out: Build MANUFACTURER samsung
10-20 19:29:38.217 31683 32117 I System.out: Build BOARD universal8895
10-20 19:29:38.217 31683 32117 I System.out: Build DISPLAY PPR1.180610.011.G955FXXU4DSBA
10-20 19:29:38.217 31683 32117 I System.out: Build CPU_ABI armeabi-v7a
10-20 19:29:38.217 31683 32117 I System.out: Build CPU_ABI2 armeabi
10-20 19:29:38.217 31683 32117 I System.out: Build HARDWARE samsungexynos8895
10-20 19:29:38.217 31683 32117 I System.out: Build MODEL SM-G955F
10-20 19:29:38.217 31683 32117 I System.out: Build PRODUCT dream2ltexx
10-20 19:29:38.217 31683 32117 I System.out: **** IsPhone
10-20 19:29:38.217 31683 32117 I System.out: **** GetAndroidBuildinfo
10-20 19:29:38.217 31683 32117 I chatty : uid=10554(ro.samp_mobile.game) NVEvent identical 1 line
10-20 19:29:38.217 31683 32117 I System.out: **** GetAndroidBuildinfo
10-20 19:29:38.217 31683 32117 I System.out: Build info version device dream2lte
10-20 19:29:38.217 31683 32117 I System.out: Build MANUFACTURER samsung
10-20 19:29:38.217 31683 32117 I System.out: Build BOARD universal8895
10-20 19:29:38.217 31683 32117 I System.out: Build DISPLAY PPR1.180610.011.G955FXXU4DSBA
10-20 19:29:38.217 31683 32117 I System.out: Build CPU_ABI armeabi-v7a
10-20 19:29:38.217 31683 32117 I System.out: Build CPU_ABI2 armeabi
10-20 19:29:38.217 31683 32117 I System.out: Build HARDWARE samsungexynos8895
10-20 19:29:38.217 31683 32117 I System.out: Build MODEL SM-G955F
10-20 19:29:38.217 31683 32117 I System.out: Build PRODUCT dream2ltexx
10-20 19:29:38.218 31683 32117 I System.out: **** IsPhone
10-20 19:29:38.218 31683 32117 I System.out: **** isWiFiAvailable
10-20 19:29:38.218 31683 32117 I System.out: **** isNetworkAvailable
10-20 19:29:38.219 31683 32117 I Alyn_SAMPAPK: Initializing zip archive
10-20 19:29:38.219 31683 32117 I System.out: **** FileGetArchiveName
10-20 19:29:38.219 31683 32117 I System.out: **** FileGetArchiveName
10-20 19:29:38.220 31683 32117 I System.out: **** GetDeviceLocale
10-20 19:29:38.220 31683 32120 D OSWrapper: AttachCurrentThread: 0, 0x0xe411b440
10-20 19:29:38.226 31683 32121 D OSWrapper: AttachCurrentThread: 0, 0x0xe411b6c0
10-20 19:29:38.228 31683 32117 I Alyn_SAMPAPK: Loading SAMP texture database..
10-20 19:29:38.363 31683 32117 I Alyn_SAMPAPK: Initializing settings..
10-20 19:29:38.366 31683 32117 I Alyn_SAMPAPK: Settings initialized.
10-20 19:29:38.366 31683 32117 I Alyn_SAMPAPK: [dbg:render:init] : module initializing...
10-20 19:29:38.366 31683 32117 I Alyn_SAMPAPK: [dbg:render:init] : module initialized
10-20 19:29:38.366 31683 32117 I Alyn_SAMPAPK: [dbg:samp:init] : module initializing...
10-20 19:29:38.366 31683 32117 I Alyn_SAMPAPK: [dbg:samp:init] : module initialized
10-20 19:29:38.366 31683 32117 I Alyn_SAMPAPK: [sv:dbg:network:init] : module initializing...
10-20 19:29:38.366 31683 32117 I Alyn_SAMPAPK: [sv:dbg:network:init] : module initialized
10-20 19:29:38.367 31683 32117 I Alyn_SAMPAPK: [sv:dbg:playback:init] : module initializing...
10-20 19:29:38.367 31683 32117 I Alyn_SAMPAPK: [sv:dbg:playback:init] : module initialized
10-20 19:29:38.367 31683 32117 I Alyn_SAMPAPK: [sv:dbg:playback:bassinithook] : module loading...
10-20 19:29:38.367 31683 32117 I Alyn_SAMPAPK: [sv:dbg:playback:bassinithook] : calling function BASS_Init(device:-1, freq:48000, flags:0x6)...
10-20 19:29:38.370 31683 32117 D AAudio : AAudioStreamBuilder_openStream() called ----------------------------------------
10-20 19:29:38.370 31683 32117 D : PlayerBase::PlayerBase()
10-20 19:29:38.371 31683 32117 I AAudioStream: open() rate = 0, channels = 0, format = 0, sharing = SH, dir = OUTPUT
10-20 19:29:38.371 31683 32117 I AAudioStream: open() device = 0, sessionId = 0, perfMode = 12, callback: ON with frames = 0
10-20 19:29:38.371 31683 32117 I AAudioStream: open() usage = 1, contentType = 2, inputPreset = 6
10-20 19:29:38.371 31683 32117 D AudioStreamTrack: open(), request notificationFrames = -8, frameCount = 0
10-20 19:29:38.375 31683 32117 I AudioTrack: AUDIO_OUTPUT_FLAG_FAST successful; frameCount 0 -> 1536
10-20 19:29:38.376 31683 32117 W AudioStreamTrack: open() sampleRate changed from 0 to 48000
10-20 19:29:38.376 31683 32117 W AudioStreamTrack: open() flags changed from 0x00000104 to 0x00000004
10-20 19:29:38.376 31683 32117 D AAudio : AAudioStreamBuilder_openStream() returns 0 = AAUDIO_OK for (0xc77f9600) ----------------
10-20 19:29:38.377 31683 32117 D AAudio : AAudioStream_close(0xc77f9600) called ---------------
10-20 19:29:38.379 31683 32117 D AAudioStream: destroying 0xc77f9600, state = AAUDIO_STREAM_STATE_CLOSED
10-20 19:29:38.379 31683 32117 D AAudio : AAudioStream_close(0xc77f9600) returned 0 ---------
10-20 19:29:38.379 31683 32117 D AAudio : AAudioStreamBuilder_openStream() called ----------------------------------------
10-20 19:29:38.379 31683 32117 D : PlayerBase::PlayerBase()
10-20 19:29:38.380 31683 32117 I AAudioStream: open() rate = 0, channels = 0, format = 0, sharing = SH, dir = OUTPUT
10-20 19:29:38.380 31683 32117 I AAudioStream: open() device = 0, sessionId = 0, perfMode = 12, callback: ON with frames = 576
10-20 19:29:38.380 31683 32117 I AAudioStream: open() usage = 1, contentType = 2, inputPreset = 6
10-20 19:29:38.380 31683 32117 D AudioStreamTrack: open(), request notificationFrames = 576, frameCount = 2304
10-20 19:29:38.381 31683 32117 I AudioTrack: AUDIO_OUTPUT_FLAG_FAST successful; frameCount 2304 -> 2304
10-20 19:29:38.381 31683 32117 W AudioStreamTrack: open() sampleRate changed from 0 to 48000
10-20 19:29:38.381 31683 32117 W AudioStreamTrack: open() flags changed from 0x00000104 to 0x00000004
10-20 19:29:38.381 31683 32117 D AAudio : AAudioStreamBuilder_openStream() returns 0 = AAUDIO_OK for (0xc77f9600) ----------------
10-20 19:29:38.382 31683 32117 I Alyn_SAMPAPK: [sv:dbg:playback:bassinithook] : module loaded
10-20 19:29:38.382 31683 32117 I Alyn_SAMPAPK: ImGuiWrapper::initialize
10-20 19:29:38.382 31683 32117 I Alyn_SAMPAPK: Loading font: /storage/emulated/0/Android/data/ro.samp_mobile.game/files/fonts/arial_bold.ttf
10-20 19:29:38.384 31683 32117 I Alyn_SAMPAPK: Failed to load gtaweap3.ttf font.
10-20 19:29:38.384 31683 32117 I Alyn_SAMPAPK: ImGuiWrapper::createFontTexture
10-20 19:29:38.440 31683 32117 I Alyn_SAMPAPK: Atlas width 512
10-20 19:29:38.440 31683 32117 I Alyn_SAMPAPK: Atlas height 1024
10-20 19:29:38.441 31683 32130 D OSWrapper: AttachCurrentThread: 0, 0x0xe411bb20
10-20 19:29:38.540 31683 32130 I Alyn_SAMPAPK: Loading timecyc.dat..
10-20 19:29:38.599 31683 32131 D OSWrapper: AttachCurrentThread: 0, 0x0xc5e72880
10-20 19:29:38.739 31683 32130 D : PlayerBase::PlayerBase()
10-20 19:29:38.740 31683 32130 D : TrackPlayerBase::TrackPlayerBase()
10-20 19:29:38.740 31683 32130 I libOpenSLES: Emulating old channel mask behavior (ignoring positional mask 0x3, using default mask 0x3 based on channel count of 2)
10-20 19:29:38.742 31683 32130 W AudioTrack: AUDIO_OUTPUT_FLAG_FAST denied by server; frameCount 0 -> 1764
10-20 19:29:38.742 31683 32130 I AudioTrack: Need throttle time for OpenSLES player
10-20 19:29:38.743 31683 32130 I AudioTrack: updateAudioTranstionLength FadeIn[0] FadeOut[0] FadeInRing[0]
10-20 19:29:38.843 31683 32134 D OSWrapper: AttachCurrentThread: 0, 0x0xe411c0c0
10-20 19:29:38.913 31683 31683 D InputMethodManager: HSIFW - flag : 0 Pid : 31683
10-20 19:29:38.961 31683 32112 I Alyn_SAMPAPK: Starting game..
10-20 19:29:39.023 31683 32130 D ImmVibe : CUHL::ImmVibeInitialize: found emulator version (35)
10-20 19:29:39.023 31683 32130 D ImmVibe : CUHL::ImmVibeInitialize: initializing watchdog
10-20 19:29:39.038 31683 32152 D OSWrapper: AttachCurrentThread: 0, 0x0xe411c340
10-20 19:29:39.078 31683 32121 I System.out: swapBuffer wait
10-20 19:29:39.079 31683 32130 I Alyn_SAMPAPK: ImGuiWrapper::checkVertexBuffer
10-20 19:29:39.079 31683 32130 I Alyn_SAMPAPK: Vertex buffer reallocated. Size 10508
10-20 19:29:39.107 31683 32130 I Alyn_SAMPAPK: GTA pools initializing..
10-20 19:29:39.273 31683 32130 I Alyn_SAMPAPK: Initializing ImageList..
10-20 19:29:40.155 31683 31696 D : PlayerBase::~PlayerBase()
10-20 19:29:40.665 31683 31706 W libEGL : EGLNativeWindowType 0xc067f808 disconnect failed
10-20 19:29:40.665 31683 31706 D OpenGLRenderer: eglDestroySurface = 0xc5be9400, 0xc067f800
10-20 19:29:40.665 31683 31683 D ViewRootImpl@6e52ad2[Toast]: dispatchDetachedFromWindow
10-20 19:29:40.665 31683 31683 D ViewRootImpl@6e52ad2[Toast]: Surface release. android.view.ViewRootImpl.doDie:7956 android.view.ViewRootImpl.die:7924 android.view.WindowManagerGlobal.removeViewLocked:497 android.view.WindowManagerGlobal.removeView:435 android.view.WindowManagerImpl.removeViewImmediate:124 android.widget.Toast$TN.handleHide:1158 android.widget.Toast$TN$1.handleMessage:946 android.os.Handler.dispatchMessage:106
10-20 19:29:40.688 31683 31683 D InputTransport: Input channel destroyed: fd=96
10-20 19:29:41.034 31683 32130 I Alyn_SAMPAPK: Loading peds.ide..
10-20 19:29:41.085 31683 32130 I Alyn_SAMPAPK: Loading gta.dat..
10-20 19:29:41.085 31683 32130 I Alyn_SAMPAPK: Loading scriptV1.img..
10-20 19:29:43.356 31683 32130 I Alyn_SAMPAPK: Loading scriptV1.img..
10-20 19:29:45.108 31683 32130 I Alyn_SAMPAPK: Loading tracks2.dat...
10-20 19:29:45.112 31683 32130 I Alyn_SAMPAPK: Loading tracks4.dat...
10-20 19:29:45.925 31683 32130 I Alyn_SAMPAPK: Loading mainV1.scm..
10-20 19:29:46.217 31683 32130 I Alyn_SAMPAPK: Loading mainV1.scm..
10-20 19:29:46.348 31683 32121 I : Increase max job count 60
10-20 19:29:47.263 31683 32130 I Alyn_SAMPAPK: Loading mainV1.scm..
10-20 19:29:47.936 31683 32130 I Alyn_SAMPAPK: Loading AFK icon..
10-20 19:29:47.936 31683 32130 I Alyn_SAMPAPK: CGame initializing..
10-20 19:29:48.175 31683 32130 I Alyn_SAMPAPK: Applying samp patches.. (ingame)
10-20 19:29:48.175 31683 32130 I Alyn_SAMPAPK: Initializing client commands..
10-20 19:29:48.176 31683 32130 I Alyn_SAMPAPK: [dbg:samp:load] : module loading...
10-20 19:29:48.176 31683 32130 I Alyn_SAMPAPK: [dbg:samp:load] : module loaded
10-20 19:29:48.179 31683 32130 I Alyn_SAMPAPK: CNetGame initializing..
10-20 19:29:48.180 31683 32130 I Alyn_SAMPAPK: Registering RPC's..
10-20 19:29:48.180 31683 32130 I Alyn_SAMPAPK: Registering script RPC's..
10-20 19:29:48.181 31683 32130 I Alyn_SAMPAPK: [dbg:raknet:client:connect] : connecting to game server '198.251.81.202:7777'...
10-20 19:29:48.181 31683 32130 I Alyn_SAMPAPK: [dbg:raknet:client:connect] : connected
10-20 19:29:49.225 31683 32130 I Alyn_SAMPAPK: [sv:dbg:network:connect] : raknet connecting... (version:11;micro:1)
10-20 19:29:50.045 31683 32130 I Alyn_SAMPAPK: RPC: Timer update
10-20 19:29:50.045 31683 32130 I Alyn_SAMPAPK: dwTime 4870619
10-20 19:29:50.045 31683 32130 I Alyn_SAMPAPK: HideEntity: 0xBD198D00
10-20 19:29:50.046 31683 32130 I Alyn_SAMPAPK: HideEntity: 0xBD198EA4
10-20 19:29:50.047 31683 32130 I Alyn_SAMPAPK: HideEntity: 0xBD198EE0
10-20 19:29:50.047 31683 32130 I Alyn_SAMPAPK: HideEntity: 0xBD198F1C
10-20 19:29:50.048 31683 32130 I Alyn_SAMPAPK: HideEntity: 0xBD198F58
10-20 19:29:50.049 31683 32130 I Alyn_SAMPAPK: HideEntity: 0xBD198F94
10-20 19:29:50.049 31683 32130 I Alyn_SAMPAPK: HideEntity: 0xBD198FD0
10-20 19:29:50.050 31683 32130 I Alyn_SAMPAPK: HideEntity: 0xBD19900C
10-20 19:29:50.050 31683 32130 I Alyn_SAMPAPK: HideEntity: 0xBD199048
10-20 19:29:50.051 31683 32130 I Alyn_SAMPAPK: HideEntity: 0xBD199084
10-20 19:29:50.051 31683 32130 I Alyn_SAMPAPK: HideEntity: 0xBD1990C0
10-20 19:29:50.052 31683 32130 I Alyn_SAMPAPK: HideEntity: 0xBD1990FC
10-20 19:29:50.052 31683 32130 I Alyn_SAMPAPK: HideEntity: 0xBD199138
10-20 19:29:50.053 31683 32130 I Alyn_SAMPAPK: HideEntity: 0xBD1992A0
10-20 19:29:50.053 31683 32130 I Alyn_SAMPAPK: HideEntity: 0xBD1992DC
10-20 19:29:50.054 31683 32130 I Alyn_SAMPAPK: HideEntity: 0xBD199318
10-20 19:29:50.054 31683 32130 I Alyn_SAMPAPK: HideEntity: 0xBD199354
10-20 19:29:50.054 31683 32130 I Alyn_SAMPAPK: RPC: Client message
10-20 19:29:50.055 31683 32130 I Alyn_SAMPAPK: dwColor 869072810
10-20 19:29:50.055 31683 32130 I Alyn_SAMPAPK: dwStrLen 39
10-20 19:29:50.055 31683 32130 I Alyn_SAMPAPK: szMsg ***[VOIP] SISTEMA CARREGADO COM SUCESSO
10-20 19:29:50.055 31683 32130 I Alyn_SAMPAPK: RPC: Client message
10-20 19:29:50.055 31683 32130 I Alyn_SAMPAPK: dwColor 869072810
10-20 19:29:50.055 31683 32130 I Alyn_SAMPAPK: dwStrLen 32
10-20 19:29:50.055 31683 32130 I Alyn_SAMPAPK: szMsg ***[VOIP] Sucesso: Versao Valida
10-20 19:29:50.055 31683 32130 I Alyn_SAMPAPK: RPC: Client message
10-20 19:29:50.055 31683 32130 I Alyn_SAMPAPK: dwColor 869072810
10-20 19:29:50.055 31683 32130 I Alyn_SAMPAPK: dwStrLen 38
10-20 19:29:50.055 31683 32130 I Alyn_SAMPAPK: szMsg ***[VOIP] Sucesso: Microfone Carregado
10-20 19:29:50.055 31683 32130 I Alyn_SAMPAPK: RPC: Disable checkpoint
10-20 19:29:50.055 31683 32130 I Alyn_SAMPAPK: TogglePlayerSpectating: 1
10-20 19:29:50.055 31683 32130 I Alyn_SAMPAPK: Stop:
10-20 19:29:50.055 31683 32130 I Alyn_SAMPAPK: Play: http://a.tumblr.com/tumblr_r9kp979imw1zqw3xmo1.mp3
10-20 19:29:50.055 31683 32130 I Alyn_SAMPAPK: Stop:
10-20 19:29:50.056 31683 32130 I Alyn_SAMPAPK: [sv:dbg:network:serverInfo] : connecting to voiceserver '198.251.81.202:48994'...
10-20 19:29:50.075 31683 32130 I Alyn_SAMPAPK: [sv:dbg:plugin:addkey] : keyid(0x42)
10-20 19:29:50.075 31683 32130 I Alyn_SAMPAPK: [dbg:keyfilter] : adding key (0x42)
10-20 19:29:50.086 31683 32130 I Alyn_SAMPAPK: HideEntity: 0xBBC07A58
10-20 19:29:50.087 31683 32130 I Alyn_SAMPAPK: HideEntity: 0xBD175990
10-20 19:29:50.095 31683 32130 I Alyn_SAMPAPK: [sv:dbg:plugin:addkey] : keyid(0x5a)
10-20 19:29:50.095 31683 32130 I Alyn_SAMPAPK: [dbg:keyfilter] : adding key (0x5a)
10-20 19:29:50.114 31683 32128 D AAudio : AAudioStream_requestStart(0xc77f9600) called --------------
10-20 19:29:50.114 31683 32128 D : PlayerBase::start() from IPlayer
10-20 19:29:50.114 31683 32130 I Alyn_SAMPAPK: HideEntity: 0xBD100BF4
10-20 19:29:50.115 31683 32130 I Alyn_SAMPAPK: HideEntity: 0xBD101950
10-20 19:29:50.116 31683 32130 I Alyn_SAMPAPK: HideEntity: 0xBD101E3C
10-20 19:29:50.117 31683 32128 D AAudio : AAudioStream_requestStart(0xc77f9600) returned 0 ---------
10-20 19:29:50.249 31683 32130 I Alyn_SAMPAPK: HideEntity: 0xBD17FDA0
10-20 19:29:50.250 31683 32130 I Alyn_SAMPAPK: HideEntity: 0xBD17FDDC
10-20 19:29:50.250 31683 32130 I Alyn_SAMPAPK: HideEntity: 0xBD17FE18
10-20 19:29:50.251 31683 32130 I Alyn_SAMPAPK: HideEntity: 0xBD180DCC
10-20 19:29:50.251 31683 32130 I Alyn_SAMPAPK: HideEntity: 0xBD180E08
10-20 19:29:50.251 31683 32130 I Alyn_SAMPAPK: HideEntity: 0xBBC00708
10-20 19:29:50.252 31683 32130 I Alyn_SAMPAPK: HideEntity: 0xBBC00744
10-20 19:29:50.397 31683 32130 I Alyn_SAMPAPK: HideEntity: 0xBBC00780
10-20 19:29:50.398 31683 32130 I Alyn_SAMPAPK: HideEntity: 0xBBC007BC
10-20 19:29:50.398 31683 32130 I Alyn_SAMPAPK: HideEntity: 0xBBC007F8
10-20 19:29:50.399 31683 32130 I Alyn_SAMPAPK: HideEntity: 0xBBC00834
10-20 19:29:50.400 31683 32130 I Alyn_SAMPAPK: HideEntity: 0xBBC00870
10-20 19:29:50.400 31683 32130 I Alyn_SAMPAPK: HideEntity: 0xBBC008AC
10-20 19:29:50.401 31683 32130 I Alyn_SAMPAPK: HideEntity: 0xBBC008E8
10-20 19:29:50.402 31683 32130 I Alyn_SAMPAPK: HideEntity: 0xBBC00924
10-20 19:29:50.402 31683 32130 I Alyn_SAMPAPK: HideEntity: 0xBD180E44
10-20 19:29:50.403 31683 32130 I Alyn_SAMPAPK: HideEntity: 0xBBC00960
10-20 19:29:50.404 31683 32130 I Alyn_SAMPAPK: HideEntity: 0xBBC0099C
10-20 19:29:50.405 31683 32130 I Alyn_SAMPAPK: HideEntity: 0xBBC009D8
10-20 19:29:50.405 31683 32130 I Alyn_SAMPAPK: HideEntity: 0xBBC00A14
10-20 19:29:50.406 31683 32130 I Alyn_SAMPAPK: HideEntity: 0xBBC00A50
10-20 19:29:50.407 31683 32130 I Alyn_SAMPAPK: HideEntity: 0xBD180E80
10-20 19:29:50.407 31683 32130 I Alyn_SAMPAPK: HideEntity: 0xBBC00A8C
10-20 19:29:50.408 31683 32130 I Alyn_SAMPAPK: HideEntity: 0xBBC00AC8
10-20 19:29:50.550 31683 32130 I Alyn_SAMPAPK: HideEntity: 0xBBC00B04
10-20 19:29:50.550 31683 32130 I Alyn_SAMPAPK: HideEntity: 0xBBC00B40
10-20 19:29:50.551 31683 32130 I Alyn_SAMPAPK: HideEntity: 0xBBC00B7C
10-20 19:29:50.551 31683 32130 I Alyn_SAMPAPK: HideEntity: 0xBBC06E64
10-20 19:29:50.552 31683 32130 I Alyn_SAMPAPK: HideEntity: 0xBD191488
10-20 19:29:50.552 31683 32130 I Alyn_SAMPAPK: HideEntity: 0xBD1019C8
10-20 19:29:50.553 31683 32130 I Alyn_SAMPAPK: HideEntity: 0xBBC06EDC
10-20 19:29:50.554 31683 32130 I Alyn_SAMPAPK: HideEntity: 0xBBC06F54
10-20 19:29:50.555 31683 32130 I Alyn_SAMPAPK: HideEntity: 0xBD1687CC
10-20 19:29:50.555 31683 32130 I Alyn_SAMPAPK: HideEntity: 0xBBC07044
10-20 19:29:50.556 31683 32130 I Alyn_SAMPAPK: HideEntity: 0xBBC070BC
10-20 19:29:50.557 31683 32130 I Alyn_SAMPAPK: HideEntity: 0xBBC071AC
10-20 19:29:50.557 31683 32130 I Alyn_SAMPAPK: HideEntity: 0xBBC07170
10-20 19:29:50.558 31683 32130 I Alyn_SAMPAPK: HideEntity: 0xBBC07008
10-20 19:29:50.558 31683 32130 I Alyn_SAMPAPK: HideEntity: 0xBD1186B4
10-20 19:29:50.559 31683 32130 I Alyn_SAMPAPK: HideEntity: 0xBD1186F0
10-20 19:29:50.630 31683 32130 I Alyn_SAMPAPK: HideEntity: 0xBD118DBC
10-20 19:29:50.631 31683 32130 I Alyn_SAMPAPK: HideEntity: 0xBD118DF8
10-20 19:29:50.632 31683 32130 I Alyn_SAMPAPK: HideEntity: 0xBD119938
10-20 19:29:50.633 31683 32130 I Alyn_SAMPAPK: HideEntity: 0xBBC0C3B4
10-20 19:29:50.634 31683 32130 I Alyn_SAMPAPK: HideEntity: 0xBBC0C3F0
10-20 19:29:50.634 31683 32130 I Alyn_SAMPAPK: HideEntity: 0xBBC0C42C
10-20 19:29:50.635 31683 32130 I Alyn_SAMPAPK: HideEntity: 0xBBC0C6C0
10-20 19:29:50.636 31683 32130 I Alyn_SAMPAPK: HideEntity: 0xBD1970A4
10-20 19:29:50.636 31683 32130 I Alyn_SAMPAPK: HideEntity: 0xBBC0C6FC
10-20 19:29:50.637 31683 32130 I Alyn_SAMPAPK: HideEntity: 0xBD19711C
10-20 19:29:50.638 31683 32130 I Alyn_SAMPAPK: HideEntity: 0xBBC0CABC
10-20 19:29:50.638 31683 32130 I Alyn_SAMPAPK: HideEntity: 0xBBC0CAF8
10-20 19:29:50.639 31683 32130 I Alyn_SAMPAPK: HideEntity: 0xBD197518
10-20 19:29:50.639 31683 32130 I Alyn_SAMPAPK: HideEntity: 0xBBC0CB34
10-20 19:29:50.640 31683 32130 I Alyn_SAMPAPK: HideEntity: 0xBBC0CB70
10-20 19:29:50.640 31683 32130 I Alyn_SAMPAPK: HideEntity: 0xBD197554
10-20 19:29:50.641 31683 32130 I Alyn_SAMPAPK: HideEntity: 0xBD197590
10-20 19:29:50.709 31683 32130 I Alyn_SAMPAPK: HideEntity: 0xBBC0CBAC
10-20 19:29:50.709 31683 32130 I Alyn_SAMPAPK: HideEntity: 0xBBC0CBE8
10-20 19:29:50.710 31683 32130 I Alyn_SAMPAPK: HideEntity: 0xBBC0CC24
10-20 19:29:50.710 31683 32130 I Alyn_SAMPAPK: HideEntity: 0xBD1975CC
10-20 19:29:50.711 31683 32130 I Alyn_SAMPAPK: HideEntity: 0xBBC0D200
10-20 19:29:50.712 31683 32130 I Alyn_SAMPAPK: HideEntity: 0xBBC0D23C
10-20 19:29:50.713 31683 32130 I Alyn_SAMPAPK: HideEntity: 0xBBC0D278
10-20 19:29:50.713 31683 32130 I Alyn_SAMPAPK: HideEntity: 0xBBC0D368
10-20 19:29:50.714 31683 32130 I Alyn_SAMPAPK: HideEntity: 0xBD197644
10-20 19:29:50.714 31683 32130 I Alyn_SAMPAPK: HideEntity: 0xBD197680
10-20 19:29:50.715 31683 32130 I Alyn_SAMPAPK: HideEntity: 0xBD1977AC
10-20 19:29:50.715 31683 32130 I Alyn_SAMPAPK: HideEntity: 0xBD1977E8
10-20 19:29:50.716 31683 32130 I Alyn_SAMPAPK: HideEntity: 0xBBC0D41C
10-20 19:29:50.717 31683 32130 I Alyn_SAMPAPK: HideEntity: 0xBBC0D458
10-20 19:29:50.717 31683 32130 I Alyn_SAMPAPK: HideEntity: 0xBBC0D494
10-20 19:29:50.718 31683 32130 I Alyn_SAMPAPK: HideEntity: 0xBBC0D4D0
10-20 19:29:50.718 31683 32130 I Alyn_SAMPAPK: HideEntity: 0xBD197860
10-20 19:29:50.779 31683 32130 I Alyn_SAMPAPK: HideEntity: 0xBD19789C
10-20 19:29:50.780 31683 32130 I Alyn_SAMPAPK: HideEntity: 0xBD11C728
10-20 19:29:50.780 31683 32130 I Alyn_SAMPAPK: HideEntity: 0xBD11CCC8
10-20 19:29:50.781 31683 32130 I Alyn_SAMPAPK: HideEntity: 0xBD11CD04
10-20 19:29:50.781 31683 32130 I Alyn_SAMPAPK: HideEntity: 0xBD11CDF4
10-20 19:29:50.782 31683 32130 I Alyn_SAMPAPK: HideEntity: 0xBD11E960
10-20 19:29:50.782 31683 32130 I Alyn_SAMPAPK: HideEntity: 0xBD11E99C
10-20 19:29:50.783 31683 32130 I Alyn_SAMPAPK: HideEntity: 0xBD11E9D8
10-20 19:29:50.955 31683 32130 I Alyn_SAMPAPK: RPC: Disable checkpoint
10-20 19:29:52.685 31683 32130 I Alyn_SAMPAPK: RPC: InitGame
10-20 19:29:52.685 31683 32130 I Alyn_SAMPAPK: bZoneNames 0
10-20 19:29:52.685 31683 32130 I Alyn_SAMPAPK: bUseCJWalk 1
10-20 19:29:52.685 31683 32130 I Alyn_SAMPAPK: bAllowWeapons 0
10-20 19:29:52.685 31683 32130 I Alyn_SAMPAPK: bLimitGlobalChatRadius 1
10-20 19:29:52.685 31683 32130 I Alyn_SAMPAPK: fGlobalChatRadius 200.000000
10-20 19:29:52.685 31683 32130 I Alyn_SAMPAPK: bStuntBonus 0
10-20 19:29:52.685 31683 32130 I Alyn_SAMPAPK: fNameTagDrawDistance 70.000000
10-20 19:29:52.685 31683 32130 I Alyn_SAMPAPK: bDisableInteriorEnterExits 1
10-20 19:29:52.685 31683 32130 I Alyn_SAMPAPK: bNameTagLOS 1
10-20 19:29:52.685 31683 32130 I Alyn_SAMPAPK: bManualVehicleEngineAndLight 1
10-20 19:29:52.685 31683 32130 I Alyn_SAMPAPK: iSpawnsAvailable 0
10-20 19:29:52.685 31683 32130 I Alyn_SAMPAPK: MyPlayerID 134
10-20 19:29:52.685 31683 32130 I Alyn_SAMPAPK: bShowNameTags 1
10-20 19:29:52.685 31683 32130 I Alyn_SAMPAPK: iShowPlayerMarkers 0
10-20 19:29:52.685 31683 32130 I Alyn_SAMPAPK: byteWorldTime_Hour 23
10-20 19:29:52.685 31683 32130 I Alyn_SAMPAPK: byteWeather 7
10-20 19:29:52.685 31683 32130 I Alyn_SAMPAPK: fGravity 0.008000
10-20 19:29:52.685 31683 32130 I Alyn_SAMPAPK: bLanMode 0
10-20 19:29:52.685 31683 32130 I Alyn_SAMPAPK: iDeathDropMoney 0
10-20 19:29:52.685 31683 32130 I Alyn_SAMPAPK: bInstagib 0
10-20 19:29:52.686 31683 32130 I Alyn_SAMPAPK: iNetModeNormalOnFootSendRate 40
10-20 19:29:52.686 31683 32130 I Alyn_SAMPAPK: iNetModeNormalInCarSendRate 100
10-20 19:29:52.686 31683 32130 I Alyn_SAMPAPK: iNetModeFiringSendRate 30
10-20 19:29:52.686 31683 32130 I Alyn_SAMPAPK: iNetModeSendMultiplier 2
10-20 19:29:52.686 31683 32130 I Alyn_SAMPAPK: iLagCompensation 1
10-20 19:29:52.686 31683 32130 I Alyn_SAMPAPK: szHostName, Brasil Mobile Roleplay | #PiveteGames
10-20 19:29:52.686 31683 32130 I Alyn_SAMPAPK: iVehicleFriendlyFire, 0
10-20 19:29:52.687 31683 32130 I Alyn_SAMPAPK: RPC: Server join
10-20 19:29:52.687 31683 32130 I Alyn_SAMPAPK: PlayerID 0
10-20 19:29:52.687 31683 32130 I Alyn_SAMPAPK: dwMarkerColor -1
10-20 19:29:52.687 31683 32130 I Alyn_SAMPAPK: byteIsNPC 0
10-20 19:29:52.687 31683 32130 I Alyn_SAMPAPK: szPlayerName Adryan_Gabriel7976
10-20 19:29:52.687 31683 32130 I Alyn_SAMPAPK: RPC: Server join
10-20 19:29:52.687 31683 32130 I Alyn_SAMPAPK: PlayerID 1
10-20 19:29:52.687 31683 32130 I Alyn_SAMPAPK: dwMarkerColor -1
10-20 19:29:52.687 31683 32130 I Alyn_SAMPAPK: byteIsNPC 0
10-20 19:29:52.687 31683 32130 I Alyn_SAMPAPK: szPlayerName Codorna_hsbr
10-20 19:29:52.687 31683 32130 I Alyn_SAMPAPK: RPC: Server join
10-20 19:29:52.687 31683 32130 I Alyn_SAMPAPK: PlayerID 2
10-20 19:29:52.687 31683 32130 I Alyn_SAMPAPK: dwMarkerColor -1
10-20 19:29:52.687 31683 32130 I Alyn_SAMPAPK: byteIsNPC 0
10-20 19:29:52.687 31683 32130 I Alyn_SAMPAPK: szPlayerName pedrozx_gamingg
10-20 19:29:52.687 31683 32130 I Alyn_SAMPAPK: RPC: Server join
10-20 19:29:52.687 31683 32130 I Alyn_SAMPAPK: PlayerID 3
10-20 19:29:52.687 31683 32130 I Alyn_SAMPAPK: dwMarkerColor -1
10-20 19:29:52.687 31683 32130 I Alyn_SAMPAPK: byteIsNPC 0
10-20 19:29:52.687 31683 32130 I Alyn_SAMPAPK: szPlayerName Guiwtf
10-20 19:29:52.687 31683 32130 I Alyn_SAMPAPK: RPC: Server join
10-20 19:29:52.687 31683 32130 I Alyn_SAMPAPK: PlayerID 4
10-20 19:29:52.687 31683 32130 I Alyn_SAMPAPK: dwMarkerColor -1
10-20 19:29:52.688 31683 32130 I Alyn_SAMPAPK: byteIsNPC 0
10-20 19:29:52.688 31683 32130 I Alyn_SAMPAPK: szPlayerName TG.COM
10-20 19:29:52.688 31683 32130 I Alyn_SAMPAPK: RPC: Server join
10-20 19:29:52.688 31683 32130 I Alyn_SAMPAPK: PlayerID 5
10-20 19:29:52.688 31683 32130 I Alyn_SAMPAPK: dwMarkerColor -1
10-20 19:29:52.688 31683 32130 I Alyn_SAMPAPK: byteIsNPC 0
10-20 19:29:52.688 31683 32130 I Alyn_SAMPAPK: szPlayerName BrunoGabriel
10-20 19:29:52.688 31683 32130 I Alyn_SAMPAPK: RPC: Server join
10-20 19:29:52.688 31683 32130 I Alyn_SAMPAPK: PlayerID 6
10-20 19:29:52.688 31683 32130 I Alyn_SAMPAPK: dwMarkerColor -2139029505
10-20 19:29:52.688 31683 32130 I Alyn_SAMPAPK: byteIsNPC 0
10-20 19:29:52.688 31683 32130 I Alyn_SAMPAPK: szPlayerName BURGUESA.$
10-20 19:29:52.776 31683 32130 I Alyn_SAMPAPK: RPC: Server join
10-20 19:29:52.776 31683 32130 I Alyn_SAMPAPK: PlayerID 7
10-20 19:29:52.776 31683 32130 I Alyn_SAMPAPK: dwMarkerColor -1
10-20 19:29:52.776 31683 32130 I Alyn_SAMPAPK: byteIsNPC 0
10-20 19:29:52.776 31683 32130 I Alyn_SAMPAPK: szPlayerName Gago_Connor
10-20 19:29:52.776 31683 32130 I Alyn_SAMPAPK: RPC: Server join
10-20 19:29:52.776 31683 32130 I Alyn_SAMPAPK: PlayerID 8
10-20 19:29:52.777 31683 32130 I Alyn_SAMPAPK: dwMarkerColor -1
10-20 19:29:52.777 31683 32130 I Alyn_SAMPAPK: byteIsNPC 0
10-20 19:29:52.777 31683 32130 I Alyn_SAMPAPK: szPlayerName veipreto
10-20 19:29:52.777 31683 32130 I Alyn_SAMPAPK: RPC: Server join
10-20 19:29:52.777 31683 32130 I Alyn_SAMPAPK: PlayerID 10
10-20 19:29:52.777 31683 32130 I Alyn_SAMPAPK: dwMarkerColor -1
10-20 19:29:52.777 31683 32130 I Alyn_SAMPAPK: byteIsNPC 0
10-20 19:29:52.777 31683 32130 I Alyn_SAMPAPK: szPlayerName Patrao_Crazy
10-20 19:29:52.777 31683 32130 I Alyn_SAMPAPK: RPC: Server join
10-20 19:29:52.777 31683 32130 I Alyn_SAMPAPK: PlayerID 11
10-20 19:29:52.777 31683 32130 I Alyn_SAMPAPK: dwMarkerColor -1
10-20 19:29:52.777 31683 32130 I Alyn_SAMPAPK: byteIsNPC 0
10-20 19:29:52.777 31683 32130 I Alyn_SAMPAPK: szPlayerName Yure_Rios
10-20 19:29:52.777 31683 32130 I Alyn_SAMPAPK: RPC: Server join
10-20 19:29:52.777 31683 32130 I Alyn_SAMPAPK: PlayerID 12
10-20 19:29:52.777 31683 32130 I Alyn_SAMPAPK: dwMarkerColor -1
10-20 19:29:52.777 31683 32130 I Alyn_SAMPAPK: byteIsNPC 0
10-20 19:29:52.777 31683 32130 I Alyn_SAMPAPK: szPlayerName vn_raissa_13
10-20 19:29:52.777 31683 32130 I Alyn_SAMPAPK: RPC: Server join
10-20 19:29:52.777 31683 32130 I Alyn_SAMPAPK: PlayerID 13
10-20 19:29:52.777 31683 32130 I Alyn_SAMPAPK: dwMarkerColor -1
10-20 19:29:52.777 31683 32130 I Alyn_SAMPAPK: byteIsNPC 0
10-20 19:29:52.777 31683 32130 I Alyn_SAMPAPK: szPlayerName Azedinho_
10-20 19:29:52.777 31683 32130 I Alyn_SAMPAPK: RPC: Server join
10-20 19:29:52.777 31683 32130 I Alyn_SAMPAPK: PlayerID 14
10-20 19:29:52.777 31683 32130 I Alyn_SAMPAPK: dwMarkerColor -1
10-20 19:29:52.777 31683 32130 I Alyn_SAMPAPK: byteIsNPC 0
10-20 19:29:52.777 31683 32130 I Alyn_SAMPAPK: szPlayerName MENDY_GATA
10-20 19:29:52.778 31683 32130 I Alyn_SAMPAPK: RPC: Server join
10-20 19:29:52.778 31683 32130 I Alyn_SAMPAPK: PlayerID 15
10-20 19:29:52.778 31683 32130 I Alyn_SAMPAPK: dwMarkerColor 16777215
10-20 19:29:52.778 31683 32130 I Alyn_SAMPAPK: byteIsNPC 0
10-20 19:29:52.778 31683 32130 I Alyn_SAMPAPK: szPlayerName Da_silva10
10-20 19:29:52.778 31683 32130 I Alyn_SAMPAPK: RPC: Server join
10-20 19:29:52.778 31683 32130 I Alyn_SAMPAPK: PlayerID 16
10-20 19:29:52.778 31683 32130 I Alyn_SAMPAPK: dwMarkerColor -1
10-20 19:29:52.778 31683 32130 I Alyn_SAMPAPK: byteIsNPC 0
10-20 19:29:52.778 31683 32130 I Alyn_SAMPAPK: szPlayerName torinhow12
10-20 19:29:52.778 31683 32130 I Alyn_SAMPAPK: RPC: Server join
10-20 19:29:52.778 31683 32130 I Alyn_SAMPAPK: PlayerID 17
10-20 19:29:52.778 31683 32130 I Alyn_SAMPAPK: dwMarkerColor 8388863
10-20 19:29:52.778 31683 32130 I Alyn_SAMPAPK: byteIsNPC 0
10-20 19:29:52.778 31683 32130 I Alyn_SAMPAPK: szPlayerName Lukas_Hoffman
10-20 19:29:52.778 31683 32130 I Alyn_SAMPAPK: RPC: Server join
10-20 19:29:52.778 31683 32130 I Alyn_SAMPAPK: PlayerID 18
10-20 19:29:52.778 31683 32130 I Alyn_SAMPAPK: dwMarkerColor -1
10-20 19:29:52.778 31683 32130 I Alyn_SAMPAPK: byteIsNPC 0
10-20 19:29:52.778 31683 32130 I Alyn_SAMPAPK: szPlayerName kaiky_pro
10-20 19:29:52.778 31683 32130 I Alyn_SAMPAPK: RPC: Server join
10-20 19:29:52.778 31683 32130 I Alyn_SAMPAPK: PlayerID 19
10-20 19:29:52.778 31683 32130 I Alyn_SAMPAPK: dwMarkerColor -1
10-20 19:29:52.778 31683 32130 I Alyn_SAMPAPK: byteIsNPC 0
10-20 19:29:52.778 31683 32130 I Alyn_SAMPAPK: szPlayerName Shauan_Santos95
10-20 19:29:52.778 31683 32130 I Alyn_SAMPAPK: RPC: Server join
10-20 19:29:52.778 31683 32130 I Alyn_SAMPAPK: PlayerID 20
10-20 19:29:52.779 31683 32130 I Alyn_SAMPAPK: dwMarkerColor -10270806
10-20 19:29:52.779 31683 32130 I Alyn_SAMPAPK: byteIsNPC 0
10-20 19:29:52.779 31683 32130 I Alyn_SAMPAPK: szPlayerName Wesley_Santos
10-20 19:29:52.779 31683 32130 I Alyn_SAMPAPK: RPC: Server join
10-20 19:29:52.779 31683 32130 I Alyn_SAMPAPK: PlayerID 21
10-20 19:29:52.779 31683 32130 I Alyn_SAMPAPK: dwMarkerColor -1
10-20 19:29:52.779 31683 32130 I Alyn_SAMPAPK: byteIsNPC 0
10-20 19:29:52.779 31683 32130 I Alyn_SAMPAPK: szPlayerName BIGODIN_MASTER
10-20 19:29:52.779 31683 32130 I Alyn_SAMPAPK: RPC: Server join
10-20 19:29:52.779 31683 32130 I Alyn_SAMPAPK: PlayerID 23
10-20 19:29:52.779 31683 32130 I Alyn_SAMPAPK: dwMarkerColor 4259839
10-20 19:29:52.779 31683 32130 I Alyn_SAMPAPK: byteIsNPC 0
10-20 19:29:52.779 31683 32130 I Alyn_SAMPAPK: szPlayerName Zeus_$
10-20 19:29:52.779 31683 32130 I Alyn_SAMPAPK: RPC: Server join
10-20 19:29:52.779 31683 32130 I Alyn_SAMPAPK: PlayerID 24
10-20 19:29:52.779 31683 32130 I Alyn_SAMPAPK: dwMarkerColor 8438015
10-20 19:29:52.779 31683 32130 I Alyn_SAMPAPK: byteIsNPC 0
10-20 19:29:52.779 31683 32130 I Alyn_SAMPAPK: szPlayerName Moreira_
10-20 19:29:52.779 31683 32130 I Alyn_SAMPAPK: RPC: Server join
10-20 19:29:52.779 31683 32130 I Alyn_SAMPAPK: PlayerID 25
10-20 19:29:52.779 31683 32130 I Alyn_SAMPAPK: dwMarkerColor -1
10-20 19:29:52.779 31683 32130 I Alyn_SAMPAPK: byteIsNPC 0
10-20 19:29:52.779 31683 32130 I Alyn_SAMPAPK: szPlayerName _Luna_
10-20 19:29:52.779 31683 32130 I Alyn_SAMPAPK: RPC: Server join
10-20 19:29:52.779 31683 32130 I Alyn_SAMPAPK: PlayerID 26
10-20 19:29:52.779 31683 32130 I Alyn_SAMPAPK: dwMarkerColor 8438015
10-20 19:29:52.779 31683 32130 I Alyn_SAMPAPK: byteIsNPC 0
10-20 19:29:52.780 31683 32130 I Alyn_SAMPAPK: szPlayerName SAG_CTV
10-20 19:29:52.780 31683 32130 I Alyn_SAMPAPK: RPC: Server join
10-20 19:29:52.780 31683 32130 I Alyn_SAMPAPK: PlayerID 27
10-20 19:29:52.780 31683 32130 I Alyn_SAMPAPK: dwMarkerColor 8438015
10-20 19:29:52.780 31683 32130 I Alyn_SAMPAPK: byteIsNPC 0
10-20 19:29:52.780 31683 32130 I Alyn_SAMPAPK: szPlayerName Juan.c3
10-20 19:29:52.780 31683 32130 I Alyn_SAMPAPK: RPC: Server join
10-20 19:29:52.780 31683 32130 I Alyn_SAMPAPK: PlayerID 28
10-20 19:29:52.780 31683 32130 I Alyn_SAMPAPK: dwMarkerColor 16777215
10-20 19:29:52.780 31683 32130 I Alyn_SAMPAPK: byteIsNPC 0
10-20 19:29:52.780 31683 32130 I Alyn_SAMPAPK: szPlayerName Swat_Scott
10-20 19:29:52.780 31683 32130 I Alyn_SAMPAPK: RPC: Server join
10-20 19:29:52.780 31683 32130 I Alyn_SAMPAPK: PlayerID 29
10-20 19:29:52.780 31683 32130 I Alyn_SAMPAPK: dwMarkerColor -1
10-20 19:29:52.780 31683 32130 I Alyn_SAMPAPK: byteIsNPC 0
10-20 19:29:52.780 31683 32130 I Alyn_SAMPAPK: szPlayerName Tiringa$
10-20 19:29:52.780 31683 32130 I Alyn_SAMPAPK: RPC: Server join
10-20 19:29:52.780 31683 32130 I Alyn_SAMPAPK: PlayerID 30
10-20 19:29:52.780 31683 32130 I Alyn_SAMPAPK: dwMarkerColor -1
10-20 19:29:52.780 31683 32130 I Alyn_SAMPAPK: byteIsNPC 0
10-20 19:29:52.780 31683 32130 I Alyn_SAMPAPK: szPlayerName pw_gordao
10-20 19:29:52.780 31683 32130 I Alyn_SAMPAPK: RPC: Server join
10-20 19:29:52.780 31683 32130 I Alyn_SAMPAPK: PlayerID 31
10-20 19:29:52.780 31683 32130 I Alyn_SAMPAPK: dwMarkerColor 8438015
10-20 19:29:52.780 31683 32130 I Alyn_SAMPAPK: byteIsNPC 0
10-20 19:29:52.781 31683 32130 I Alyn_SAMPAPK: szPlayerName Rn244
10-20 19:29:52.781 31683 32130 I Alyn_SAMPAPK: RPC: Server join
10-20 19:29:52.781 31683 32130 I Alyn_SAMPAPK: PlayerID 32
10-20 19:29:52.781 31683 32130 I Alyn_SAMPAPK: dwMarkerColor -1
10-20 19:29:52.781 31683 32130 I Alyn_SAMPAPK: byteIsNPC 0
10-20 19:29:52.781 31683 32130 I Alyn_SAMPAPK: szPlayerName mN_Sterfford
10-20 19:29:52.781 31683 32130 I Alyn_SAMPAPK: RPC: Server join
10-20 19:29:52.781 31683 32130 I Alyn_SAMPAPK: PlayerID 33
10-20 19:29:52.781 31683 32130 I Alyn_SAMPAPK: dwMarkerColor -1
10-20 19:29:52.781 31683 32130 I Alyn_SAMPAPK: byteIsNPC 0
10-20 19:29:52.781 31683 32130 I Alyn_SAMPAPK: szPlayerName muttatu.ilu
10-20 19:29:52.781 31683 32130 I Alyn_SAMPAPK: RPC: Server join
10-20 19:29:52.781 31683 32130 I Alyn_SAMPAPK: PlayerID 34
10-20 19:29:52.781 31683 32130 I Alyn_SAMPAPK: dwMarkerColor -1
10-20 19:29:52.781 31683 32130 I Alyn_SAMPAPK: byteIsNPC 0
10-20 19:29:52.781 31683 32130 I Alyn_SAMPAPK: szPlayerName Juju_Corrimao
10-20 19:29:52.781 31683 32130 I Alyn_SAMPAPK: RPC: Server join
10-20 19:29:52.781 31683 32130 I Alyn_SAMPAPK: PlayerID 35
10-20 19:29:52.781 31683 32130 I Alyn_SAMPAPK: dwMarkerColor -10270806
10-20 19:29:52.781 31683 32130 I Alyn_SAMPAPK: byteIsNPC 0
10-20 19:29:52.781 31683 32130 I Alyn_SAMPAPK: szPlayerName Nervoso_ffzin
10-20 19:29:52.781 31683 32130 I Alyn_SAMPAPK: RPC: Server join
10-20 19:29:52.781 31683 32130 I Alyn_SAMPAPK: PlayerID 36
10-20 19:29:52.781 31683 32130 I Alyn_SAMPAPK: dwMarkerColor -1
10-20 19:29:52.781 31683 32130 I Alyn_SAMPAPK: byteIsNPC 0
10-20 19:29:52.781 31683 32130 I Alyn_SAMPAPK: szPlayerName Mercena.A.V.G
10-20 19:29:52.781 31683 32130 I Alyn_SAMPAPK: RPC: Server join
10-20 19:29:52.781 31683 32130 I Alyn_SAMPAPK: PlayerID 37
10-20 19:29:52.781 31683 32130 I Alyn_SAMPAPK: dwMarkerColor 16777215
10-20 19:29:52.781 31683 32130 I Alyn_SAMPAPK: byteIsNPC 0
10-20 19:29:52.781 31683 32130 I Alyn_SAMPAPK: szPlayerName CHEFFZIN
10-20 19:29:52.781 31683 32130 I Alyn_SAMPAPK: RPC: Server join
10-20 19:29:52.782 31683 32130 I Alyn_SAMPAPK: PlayerID 38
10-20 19:29:52.782 31683 32130 I Alyn_SAMPAPK: dwMarkerColor -1
10-20 19:29:52.782 31683 32130 I Alyn_SAMPAPK: byteIsNPC 0
10-20 19:29:52.782 31683 32130 I Alyn_SAMPAPK: szPlayerName adriano_sonhador
10-20 19:29:52.782 31683 32130 I Alyn_SAMPAPK: RPC: Server join
10-20 19:29:52.782 31683 32130 I Alyn_SAMPAPK: PlayerID 39
10-20 19:29:52.782 31683 32130 I Alyn_SAMPAPK: dwMarkerColor -1
10-20 19:29:52.782 31683 32130 I Alyn_SAMPAPK: byteIsNPC 0
10-20 19:29:52.782 31683 32130 I Alyn_SAMPAPK: szPlayerName Gabriel_xx
10-20 19:29:52.782 31683 32130 I Alyn_SAMPAPK: RPC: Server join
10-20 19:29:52.782 31683 32130 I Alyn_SAMPAPK: PlayerID 40
10-20 19:29:52.782 31683 32130 I Alyn_SAMPAPK: dwMarkerColor -1
10-20 19:29:52.782 31683 32130 I Alyn_SAMPAPK: byteIsNPC 0
10-20 19:29:52.782 31683 32130 I Alyn_SAMPAPK: szPlayerName Marquinhos_Mp
10-20 19:29:52.782 31683 32130 I Alyn_SAMPAPK: RPC: Server join
10-20 19:29:52.782 31683 32130 I Alyn_SAMPAPK: PlayerID 41
10-20 19:29:52.782 31683 32130 I Alyn_SAMPAPK: dwMarkerColor -1
10-20 19:29:52.782 31683 32130 I Alyn_SAMPAPK: byteIsNPC 0
10-20 19:29:52.782 31683 32130 I Alyn_SAMPAPK: szPlayerName VITIN_SJ
10-20 19:29:52.782 31683 32130 I Alyn_SAMPAPK: RPC: Server join
10-20 19:29:52.782 31683 32130 I Alyn_SAMPAPK: PlayerID 42
10-20 19:29:52.782 31683 32130 I Alyn_SAMPAPK: dwMarkerColor -1
10-20 19:29:52.782 31683 32130 I Alyn_SAMPAPK: byteIsNPC 0
10-20 19:29:52.782 31683 32130 I Alyn_SAMPAPK: szPlayerName PaNk_mc
10-20 19:29:52.782 31683 32130 I Alyn_SAMPAPK: RPC: Server join
10-20 19:29:52.782 31683 32130 I Alyn_SAMPAPK: PlayerID 43
10-20 19:29:52.782 31683 32130 I Alyn_SAMPAPK: dwMarkerColor -1
10-20 19:29:52.782 31683 32130 I Alyn_SAMPAPK: byteIsNPC 0
10-20 19:29:52.782 31683 32130 I Alyn_SAMPAPK: szPlayerName nl_samuel_29122007
10-20 19:29:52.782 31683 32130 I Alyn_SAMPAPK: RPC: Server join
10-20 19:29:52.783 31683 32130 I Alyn_SAMPAPK: PlayerID 44
10-20 19:29:52.783 31683 32130 I Alyn_SAMPAPK: dwMarkerColor 8438015
10-20 19:29:52.783 31683 32130 I Alyn_SAMPAPK: byteIsNPC 0
10-20 19:29:52.783 31683 32130 I Alyn_SAMPAPK: szPlayerName Srbreier_
10-20 19:29:52.783 31683 32130 I Alyn_SAMPAPK: RPC: Server join
10-20 19:29:52.783 31683 32130 I Alyn_SAMPAPK: PlayerID 45
10-20 19:29:52.783 31683 32130 I Alyn_SAMPAPK: dwMarkerColor -1
10-20 19:29:52.783 31683 32130 I Alyn_SAMPAPK: byteIsNPC 0
10-20 19:29:52.783 31683 32130 I Alyn_SAMPAPK: szPlayerName gabriel_player
10-20 19:29:52.783 31683 32130 I Alyn_SAMPAPK: RPC: Server join
10-20 19:29:52.783 31683 32130 I Alyn_SAMPAPK: PlayerID 46
10-20 19:29:52.783 31683 32130 I Alyn_SAMPAPK: dwMarkerColor -1
10-20 19:29:52.783 31683 32130 I Alyn_SAMPAPK: byteIsNPC 0
10-20 19:29:52.783 31683 32130 I Alyn_SAMPAPK: szPlayerName TOMMY_
10-20 19:29:52.783 31683 32130 I Alyn_SAMPAPK: RPC: Server join
10-20 19:29:52.783 31683 32130 I Alyn_SAMPAPK: PlayerID 47
10-20 19:29:52.783 31683 32130 I Alyn_SAMPAPK: dwMarkerColor 8438015
10-20 19:29:52.783 31683 32130 I Alyn_SAMPAPK: byteIsNPC 0
10-20 19:29:52.783 31683 32130 I Alyn_SAMPAPK: szPlayerName Danilo_Ribeiro
10-20 19:29:52.783 31683 32130 I Alyn_SAMPAPK: RPC: Server join
10-20 19:29:52.783 31683 32130 I Alyn_SAMPAPK: PlayerID 48
10-20 19:29:52.783 31683 32130 I Alyn_SAMPAPK: dwMarkerColor -1
10-20 19:29:52.783 31683 32130 I Alyn_SAMPAPK: byteIsNPC 0
10-20 19:29:52.783 31683 32130 I Alyn_SAMPAPK: szPlayerName CO_allanzin
10-20 19:29:52.783 31683 32130 I Alyn_SAMPAPK: RPC: Server join
10-20 19:29:52.783 31683 32130 I Alyn_SAMPAPK: PlayerID 49
10-20 19:29:52.783 31683 32130 I Alyn_SAMPAPK: dwMarkerColor -1
10-20 19:29:52.783 31683 32130 I Alyn_SAMPAPK: byteIsNPC 0
10-20 19:29:52.783 31683 32130 I Alyn_SAMPAPK: szPlayerName Plzin_Nv
10-20 19:29:52.784 31683 32130 I Alyn_SAMPAPK: RPC: Server join
10-20 19:29:52.784 31683 32130 I Alyn_SAMPAPK: PlayerID 50
10-20 19:29:52.784 31683 32130 I Alyn_SAMPAPK: dwMarkerColor -1
10-20 19:29:52.784 31683 32130 I Alyn_SAMPAPK: byteIsNPC 0
10-20 19:29:52.784 31683 32130 I Alyn_SAMPAPK: szPlayerName CO_ruanzin
10-20 19:29:52.784 31683 32130 I Alyn_SAMPAPK: RPC: Server join
10-20 19:29:52.784 31683 32130 I Alyn_SAMPAPK: PlayerID 51
10-20 19:29:52.784 31683 32130 I Alyn_SAMPAPK: dwMarkerColor -1
10-20 19:29:52.784 31683 32130 I Alyn_SAMPAPK: byteIsNPC 0
10-20 19:29:52.784 31683 32130 I Alyn_SAMPAPK: szPlayerName lyphi01
10-20 19:29:52.784 31683 32130 I Alyn_SAMPAPK: RPC: Server join
10-20 19:29:52.784 31683 32130 I Alyn_SAMPAPK: PlayerID 52
10-20 19:29:52.784 31683 32130 I Alyn_SAMPAPK: dwMarkerColor -1
10-20 19:29:52.784 31683 32130 I Alyn_SAMPAPK: byteIsNPC 0
10-20 19:29:52.784 31683 32130 I Alyn_SAMPAPK: szPlayerName BielzT_Oliveira
10-20 19:29:52.784 31683 32130 I Alyn_SAMPAPK: RPC: Server join
10-20 19:29:52.784 31683 32130 I Alyn_SAMPAPK: PlayerID 54
10-20 19:29:52.784 31683 32130 I Alyn_SAMPAPK: dwMarkerColor -1
10-20 19:29:52.784 31683 32130 I Alyn_SAMPAPK: byteIsNPC 0
10-20 19:29:52.784 31683 32130 I Alyn_SAMPAPK: szPlayerName SAFADINHA_GP
10-20 19:29:52.784 31683 32130 I Alyn_SAMPAPK: RPC: Server join
10-20 19:29:52.784 31683 32130 I Alyn_SAMPAPK: PlayerID 55
10-20 19:29:52.784 31683 32130 I Alyn_SAMPAPK: dwMarkerColor -1
10-20 19:29:52.784 31683 32130 I Alyn_SAMPAPK: byteIsNPC 0
10-20 19:29:52.785 31683 32130 I Alyn_SAMPAPK: szPlayerName Danzin_xp
10-20 19:29:52.785 31683 32130 I Alyn_SAMPAPK: RPC: Server join
10-20 19:29:52.785 31683 32130 I Alyn_SAMPAPK: PlayerID 56
10-20 19:29:52.785 31683 32130 I Alyn_SAMPAPK: dwMarkerColor -1
10-20 19:29:52.785 31683 32130 I Alyn_SAMPAPK: byteIsNPC 0
10-20 19:29:52.785 31683 32130 I Alyn_SAMPAPK: szPlayerName Isaac_Arajujo
10-20 19:29:52.785 31683 32130 I Alyn_SAMPAPK: RPC: Server join
10-20 19:29:52.785 31683 32130 I Alyn_SAMPAPK: PlayerID 57
10-20 19:29:52.785 31683 32130 I Alyn_SAMPAPK: dwMarkerColor -1
10-20 19:29:52.785 31683 32130 I Alyn_SAMPAPK: byteIsNPC 0
10-20 19:29:52.785 31683 32130 I Alyn_SAMPAPK: szPlayerName MonstroVX30
10-20 19:29:52.785 31683 32130 I Alyn_SAMPAPK: RPC: Server join
10-20 19:29:52.785 31683 32130 I Alyn_SAMPAPK: PlayerID 58
10-20 19:29:52.785 31683 32130 I Alyn_SAMPAPK: dwMarkerColor -1
10-20 19:29:52.785 31683 32130 I Alyn_SAMPAPK: byteIsNPC 0
10-20 19:29:52.785 31683 32130 I Alyn_SAMPAPK: szPlayerName Black$_Jam
10-20 19:29:52.785 31683 32130 I Alyn_SAMPAPK: RPC: Server join
10-20 19:29:52.785 31683 32130 I Alyn_SAMPAPK: PlayerID 59
10-20 19:29:52.785 31683 32130 I Alyn_SAMPAPK: dwMarkerColor -1
10-20 19:29:52.785 31683 32130 I Alyn_SAMPAPK: byteIsNPC 0
10-20 19:29:52.785 31683 32130 I Alyn_SAMPAPK: szPlayerName YURI_007
10-20 19:29:52.785 31683 32130 I Alyn_SAMPAPK: RPC: Server join
10-20 19:29:52.785 31683 32130 I Alyn_SAMPAPK: PlayerID 60
10-20 19:29:52.785 31683 32130 I Alyn_SAMPAPK: dwMarkerColor 8438015
10-20 19:29:52.785 31683 32130 I Alyn_SAMPAPK: byteIsNPC 0
10-20 19:29:52.785 31683 32130 I Alyn_SAMPAPK: szPlayerName John_Ss
10-20 19:29:52.785 31683 32130 I Alyn_SAMPAPK: RPC: Server join
10-20 19:29:52.785 31683 32130 I Alyn_SAMPAPK: PlayerID 61
10-20 19:29:52.785 31683 32130 I Alyn_SAMPAPK: dwMarkerColor -1
10-20 19:29:52.785 31683 32130 I Alyn_SAMPAPK: byteIsNPC 0
10-20 19:29:52.785 31683 32130 I Alyn_SAMPAPK: szPlayerName levy_x1
10-20 19:29:52.785 31683 32130 I Alyn_SAMPAPK: RPC: Server join
10-20 19:29:52.786 31683 32130 I Alyn_SAMPAPK: PlayerID 62
10-20 19:29:52.786 31683 32130 I Alyn_SAMPAPK: dwMarkerColor -1
10-20 19:29:52.786 31683 32130 I Alyn_SAMPAPK: byteIsNPC 0
10-20 19:29:52.786 31683 32130 I Alyn_SAMPAPK: szPlayerName Joao_Paa
10-20 19:29:52.786 31683 32130 I Alyn_SAMPAPK: RPC: Server join
10-20 19:29:52.786 31683 32130 I Alyn_SAMPAPK: PlayerID 63
10-20 19:29:52.786 31683 32130 I Alyn_SAMPAPK: dwMarkerColor -1
10-20 19:29:52.786 31683 32130 I Alyn_SAMPAPK: byteIsNPC 0
10-20 19:29:52.786 31683 32130 I Alyn_SAMPAPK: szPlayerName Jeje1991@
10-20 19:29:52.786 31683 32130 I Alyn_SAMPAPK: RPC: Server join
10-20 19:29:52.786 31683 32130 I Alyn_SAMPAPK: PlayerID 64
10-20 19:29:52.786 31683 32130 I Alyn_SAMPAPK: dwMarkerColor -1
10-20 19:29:52.786 31683 32130 I Alyn_SAMPAPK: byteIsNPC 0
10-20 19:29:52.786 31683 32130 I Alyn_SAMPAPK: szPlayerName SV_BIEL_7K
10-20 19:29:52.786 31683 32130 I Alyn_SAMPAPK: RPC: Server join
10-20 19:29:52.786 31683 32130 I Alyn_SAMPAPK: PlayerID 65
10-20 19:29:52.786 31683 32130 I Alyn_SAMPAPK: dwMarkerColor -1
10-20 19:29:52.786 31683 32130 I Alyn_SAMPAPK: byteIsNPC 0
10-20 19:29:52.786 31683 32130 I Alyn_SAMPAPK: szPlayerName drakink_maluco
10-20 19:29:52.787 31683 32130 I Alyn_SAMPAPK: RPC: Server join
10-20 19:29:52.787 31683 32130 I Alyn_SAMPAPK: PlayerID 66
10-20 19:29:52.787 31683 32130 I Alyn_SAMPAPK: dwMarkerColor -1
10-20 19:29:52.787 31683 32130 I Alyn_SAMPAPK: byteIsNPC 0
10-20 19:29:52.787 31683 32130 I Alyn_SAMPAPK: szPlayerName Tio_Patinhas
10-20 19:29:52.787 31683 32130 I Alyn_SAMPAPK: RPC: Server join
10-20 19:29:52.787 31683 32130 I Alyn_SAMPAPK: PlayerID 67
10-20 19:29:52.787 31683 32130 I Alyn_SAMPAPK: dwMarkerColor -2147483393
10-20 19:29:52.787 31683 32130 I Alyn_SAMPAPK: byteIsNPC 0
10-20 19:29:52.787 31683 32130 I Alyn_SAMPAPK: szPlayerName Dr.PERIGO
10-20 19:29:52.787 31683 32130 I Alyn_SAMPAPK: RPC: Server join
10-20 19:29:52.787 31683 32130 I Alyn_SAMPAPK: PlayerID 68
10-20 19:29:52.787 31683 32130 I Alyn_SAMPAPK: dwMarkerColor -1
10-20 19:29:52.787 31683 32130 I Alyn_SAMPAPK: byteIsNPC 0
10-20 19:29:52.787 31683 32130 I Alyn_SAMPAPK: szPlayerName bn_rei2
10-20 19:29:52.787 31683 32130 I Alyn_SAMPAPK: RPC: Server join
10-20 19:29:52.787 31683 32130 I Alyn_SAMPAPK: PlayerID 69
10-20 19:29:52.787 31683 32130 I Alyn_SAMPAPK: dwMarkerColor -1
10-20 19:29:52.787 31683 32130 I Alyn_SAMPAPK: byteIsNPC 0
10-20 19:29:52.787 31683 32130 I Alyn_SAMPAPK: szPlayerName Bruno@souz
10-20 19:29:52.787 31683 32130 I Alyn_SAMPAPK: RPC: Server join
10-20 19:29:52.787 31683 32130 I Alyn_SAMPAPK: PlayerID 70
10-20 19:29:52.787 31683 32130 I Alyn_SAMPAPK: dwMarkerColor -1
10-20 19:29:52.787 31683 32130 I Alyn_SAMPAPK: byteIsNPC 0
10-20 19:29:52.787 31683 32130 I Alyn_SAMPAPK: szPlayerName GUTINHO_FN789
10-20 19:29:52.787 31683 32130 I Alyn_SAMPAPK: RPC: Server join
10-20 19:29:52.787 31683 32130 I Alyn_SAMPAPK: PlayerID 71
10-20 19:29:52.787 31683 32130 I Alyn_SAMPAPK: dwMarkerColor 8438015
10-20 19:29:52.787 31683 32130 I Alyn_SAMPAPK: byteIsNPC 0
10-20 19:29:52.792 31683 32130 I Alyn_SAMPAPK: dwMarkerColor -1
10-20 19:29:52.792 31683 32130 I Alyn_SAMPAPK: byteIsNPC 0
10-20 19:29:52.792 31683 32130 I Alyn_SAMPAPK: szPlayerName 777_KauaX
10-20 19:29:52.792 31683 32130 I Alyn_SAMPAPK: RPC: Server join
10-20 19:29:52.792 31683 32130 I Alyn_SAMPAPK: PlayerID 93
10-20 19:29:52.792 31683 32130 I Alyn_SAMPAPK: dwMarkerColor -1
10-20 19:29:52.792 31683 32130 I Alyn_SAMPAPK: byteIsNPC 0
10-20 19:29:52.792 31683 32130 I Alyn_SAMPAPK: szPlayerName Ryan_p2k
10-20 19:29:52.792 31683 32130 I Alyn_SAMPAPK: RPC: Server join
10-20 19:29:52.792 31683 32130 I Alyn_SAMPAPK: PlayerID 94
10-20 19:29:52.792 31683 32130 I Alyn_SAMPAPK: dwMarkerColor -1
10-20 19:29:52.792 31683 32130 I Alyn_SAMPAPK: byteIsNPC 0
10-20 19:29:52.792 31683 32130 I Alyn_SAMPAPK: dwMarkerColor -1
10-20 19:29:52.792 31683 32130 I Alyn_SAMPAPK: byteIsNPC 0
10-20 19:29:52.793 31683 32130 I Alyn_SAMPAPK: szPlayerName FILIPE_SHELBY
10-20 19:29:52.793 31683 32130 I Alyn_SAMPAPK: RPC: Server join
10-20 19:29:52.793 31683 32130 I Alyn_SAMPAPK: PlayerID 96
10-20 19:29:52.793 31683 32130 I Alyn_SAMPAPK: dwMarkerColor -1
10-20 19:29:52.793 31683 32130 I Alyn_SAMPAPK: byteIsNPC 0
10-20 19:29:52.793 31683 32130 I Alyn_SAMPAPK: szPlayerName kauan_trem
10-20 19:29:52.793 31683 32130 I Alyn_SAMPAPK: RPC: Server join
10-20 19:29:52.793 31683 32130 I Alyn_SAMPAPK: PlayerID 97
10-20 19:29:52.793 31683 32130 I Alyn_SAMPAPK: dwMarkerColor -1
10-20 19:29:52.793 31683 32130 I Alyn_SAMPAPK: byteIsNPC 0
10-20 19:29:52.793 31683 32130 I Alyn_SAMPAPK: szPlayerName willianleone157
10-20 19:29:52.793 31683 32130 I Alyn_SAMPAPK: RPC: Server join
10-20 19:29:52.793 31683 32130 I Alyn_SAMPAPK: PlayerID 98
10-20 19:29:52.793 31683 32130 I Alyn_SAMPAPK: dwMarkerColor -1
10-20 19:29:52.793 31683 32130 I Alyn_SAMPAPK: byteIsNPC 0
10-20 19:29:52.809 31683 32130 I Alyn_SAMPAPK: RPC: Server join
10-20 19:29:52.809 31683 32130 I Alyn_SAMPAPK: PlayerID 100
10-20 19:29:52.809 31683 32130 I Alyn_SAMPAPK: dwMarkerColor -1
10-20 19:29:52.809 31683 32130 I Alyn_SAMPAPK: byteIsNPC 0
10-20 19:29:52.809 31683 32130 I Alyn_SAMPAPK: szPlayerName vovodugral
10-20 19:29:52.809 31683 32130 I Alyn_SAMPAPK: RPC: Server join
10-20 19:29:52.809 31683 32130 I Alyn_SAMPAPK: PlayerID 101
10-20 19:29:52.809 31683 32130 I Alyn_SAMPAPK: dwMarkerColor -1
10-20 19:29:52.809 31683 32130 I Alyn_SAMPAPK: byteIsNPC 0
10-20 19:29:52.809 31683 32130 I Alyn_SAMPAPK: szPlayerName Netinho_Aquino
10-20 19:29:52.809 31683 32130 I Alyn_SAMPAPK: RPC: Server join
10-20 19:29:52.809 31683 32130 I Alyn_SAMPAPK: PlayerID 103
10-20 19:29:52.809 31683 32130 I Alyn_SAMPAPK: dwMarkerColor -2147483393
10-20 19:29:52.809 31683 32130 I Alyn_SAMPAPK: byteIsNPC 0
10-20 19:29:52.809 31683 32130 I Alyn_SAMPAPK: szPlayerName antony_demon
10-20 19:29:52.809 31683 32130 I Alyn_SAMPAPK: RPC: Server join
10-20 19:29:52.809 31683 32130 I Alyn_SAMPAPK: PlayerID 104
10-20 19:29:52.809 31683 32130 I Alyn_SAMPAPK: dwMarkerColor -1
10-20 19:29:52.809 31683 32130 I Alyn_SAMPAPK: byteIsNPC 0
10-20 19:29:52.809 31683 32130 I Alyn_SAMPAPK: szPlayerName Lucas_Quadros
10-20 19:29:52.810 31683 32130 I Alyn_SAMPAPK: RPC: Server join
10-20 19:29:52.810 31683 32130 I Alyn_SAMPAPK: PlayerID 105
10-20 19:29:52.810 31683 32130 I Alyn_SAMPAPK: dwMarkerColor -1
10-20 19:29:52.810 31683 32130 I Alyn_SAMPAPK: byteIsNPC 0
10-20 19:29:52.810 31683 32130 I Alyn_SAMPAPK: szPlayerName Ryan_rj
10-20 19:29:52.810 31683 32130 I Alyn_SAMPAPK: RPC: Server join
10-20 19:29:52.810 31683 32130 I Alyn_SAMPAPK: PlayerID 106
10-20 19:29:52.810 31683 32130 I Alyn_SAMPAPK: dwMarkerColor -1
10-20 19:29:52.810 31683 32130 I Alyn_SAMPAPK: byteIsNPC 0
10-20 19:29:52.810 31683 32130 I Alyn_SAMPAPK: szPlayerName Bruninho_Asut
10-20 19:29:52.810 31683 32130 I Alyn_SAMPAPK: RPC: Server join
10-20 19:29:52.810 31683 32130 I Alyn_SAMPAPK: PlayerID 107
10-20 19:29:52.810 31683 32130 I Alyn_SAMPAPK: dwMarkerColor -1
10-20 19:29:52.810 31683 32130 I Alyn_SAMPAPK: byteIsNPC 0
10-20 19:29:52.810 31683 32130 I Alyn_SAMPAPK: szPlayerName n3guinho.gvn
10-20 19:29:52.810 31683 32130 I Alyn_SAMPAPK: RPC: Server join
10-20 19:29:52.810 31683 32130 I Alyn_SAMPAPK: PlayerID 108
10-20 19:29:52.810 31683 32130 I Alyn_SAMPAPK: dwMarkerColor -1
10-20 19:29:52.810 31683 32130 I Alyn_SAMPAPK: byteIsNPC 0
10-20 19:29:52.810 31683 32130 I Alyn_SAMPAPK: szPlayerName GEEMIXIS
10-20 19:29:52.810 31683 32130 I Alyn_SAMPAPK: RPC: Server join
10-20 19:29:52.810 31683 32130 I Alyn_SAMPAPK: PlayerID 109
10-20 19:29:52.810 31683 32130 I Alyn_SAMPAPK: dwMarkerColor -1
10-20 19:29:52.810 31683 32130 I Alyn_SAMPAPK: byteIsNPC 0
10-20 19:29:52.810 31683 32130 I Alyn_SAMPAPK: szPlayerName Itachi_lex
10-20 19:29:52.810 31683 32130 I Alyn_SAMPAPK: RPC: Server join
10-20 19:29:52.810 31683 32130 I Alyn_SAMPAPK: PlayerID 110
10-20 19:29:52.810 31683 32130 I Alyn_SAMPAPK: dwMarkerColor 8388863
10-20 19:29:52.810 31683 32130 I Alyn_SAMPAPK: byteIsNPC 0
10-20 19:29:52.810 31683 32130 I Alyn_SAMPAPK: szPlayerName Kevinho_Monster
10-20 19:29:52.811 31683 32130 I Alyn_SAMPAPK: RPC: Server join
10-20 19:29:52.811 31683 32130 I Alyn_SAMPAPK: PlayerID 111
10-20 19:29:52.811 31683 32130 I Alyn_SAMPAPK: dwMarkerColor -1
10-20 19:29:52.811 31683 32130 I Alyn_SAMPAPK: byteIsNPC 0
10-20 19:29:52.811 31683 32130 I Alyn_SAMPAPK: szPlayerName dks_manin
10-20 19:29:52.811 31683 32130 I Alyn_SAMPAPK: RPC: Server join
10-20 19:29:52.811 31683 32130 I Alyn_SAMPAPK: PlayerID 112
10-20 19:29:52.811 31683 32130 I Alyn_SAMPAPK: dwMarkerColor -1
10-20 19:29:52.811 31683 32130 I Alyn_SAMPAPK: byteIsNPC 0
10-20 19:29:52.811 31683 32130 I Alyn_SAMPAPK: szPlayerName ruan_cec
10-20 19:29:52.811 31683 32130 I Alyn_SAMPAPK: RPC: Server join
10-20 19:29:52.811 31683 32130 I Alyn_SAMPAPK: PlayerID 113
10-20 19:29:52.811 31683 32130 I Alyn_SAMPAPK: dwMarkerColor -1
10-20 19:29:52.811 31683 32130 I Alyn_SAMPAPK: byteIsNPC 0
